Current File : /usr/local/apache/domlogs/bqrcodec//profile.vinatipc.com.bqrcode.com
216.244.66.243 - - [18/Mar/2026:19:04:19 +0700] "GET /robots.txt HTTP/1.1" 404 1251 "-" "Mozilla/5.0 (compatible; DotBot/1.2; +https://opensiteexplorer.org/dotbot; help@moz.com)"
216.244.66.243 - - [18/Mar/2026:19:06:58 +0700] "GET /robots.txt HTTP/1.1" 404 1251 "-" "Mozilla/5.0 (compatible; DotBot/1.2; +https://opensiteexplorer.org/dotbot; help@moz.com)"
216.244.66.243 - - [18/Mar/2026:19:47:50 +0700] "GET /robots.txt HTTP/1.1" 404 1251 "-" "Mozilla/5.0 (compatible; DotBot/1.2; +https://opensiteexplorer.org/dotbot; help@moz.com)"
216.244.66.243 - - [18/Mar/2026:19:50:27 +0700] "GET /?SD HTTP/1.1" 200 2089 "-" "Mozilla/5.0 (compatible; DotBot/1.2; +https://opensiteexplorer.org/dotbot; help@moz.com)"
146.70.246.123 - - [18/Mar/2026:20:35:24 +0700] "GET /worksec.php HTTP/1.1" 404 1251 "-" "Mozilla/5.0 (Windows NT 10.0; Win64; x64) AppleWebKit/537.36 (KHTML, like Gecko) Chrome/146.0.0.0 Safari/537.36 Edg/146.0.0.0"
146.70.246.123 - - [18/Mar/2026:20:35:30 +0700] "GET /favicon.ico HTTP/1.1" 404 1251 "http://profile.vinatipc.com/worksec.php" "Mozilla/5.0 (Windows NT 10.0; Win64; x64) AppleWebKit/537.36 (KHTML, like Gecko) Chrome/146.0.0.0 Safari/537.36 Edg/146.0.0.0"
146.70.246.123 - - [18/Mar/2026:20:35:43 +0700] "GET /wp-editor.php HTTP/1.1" 404 1251 "-" "Mozilla/5.0 (Windows NT 10.0; Win64; x64) AppleWebKit/537.36 (KHTML, like Gecko) Chrome/146.0.0.0 Safari/537.36 Edg/146.0.0.0"
146.70.246.123 - - [18/Mar/2026:20:35:54 +0700] "GET /wp-includes HTTP/1.1" 301 795 "-" "Mozilla/5.0 (Windows NT 10.0; Win64; x64) AppleWebKit/537.36 (KHTML, like Gecko) Chrome/146.0.0.0 Safari/537.36 Edg/146.0.0.0"
146.70.246.123 - - [18/Mar/2026:20:35:54 +0700] "GET /wp-includes/ HTTP/1.1" 200 808 "-" "Mozilla/5.0 (Windows NT 10.0; Win64; x64) AppleWebKit/537.36 (KHTML, like Gecko) Chrome/146.0.0.0 Safari/537.36 Edg/146.0.0.0"
146.70.246.123 - - [18/Mar/2026:20:35:55 +0700] "GET /_autoindex/assets/icons/corner-left-up.svg HTTP/1.1" 200 400 "http://profile.vinatipc.com/wp-includes/" "Mozilla/5.0 (Windows NT 10.0; Win64; x64) AppleWebKit/537.36 (KHTML, like Gecko) Chrome/146.0.0.0 Safari/537.36 Edg/146.0.0.0"
146.70.246.123 - - [18/Mar/2026:20:35:55 +0700] "GET /_autoindex/assets/icons/folder-fill.svg HTTP/1.1" 200 411 "http://profile.vinatipc.com/wp-includes/" "Mozilla/5.0 (Windows NT 10.0; Win64; x64) AppleWebKit/537.36 (KHTML, like Gecko) Chrome/146.0.0.0 Safari/537.36 Edg/146.0.0.0"
146.70.246.123 - - [18/Mar/2026:20:35:55 +0700] "GET /_autoindex/assets/js/tablesort.number.js HTTP/1.1" 200 366 "http://profile.vinatipc.com/wp-includes/" "Mozilla/5.0 (Windows NT 10.0; Win64; x64) AppleWebKit/537.36 (KHTML, like Gecko) Chrome/146.0.0.0 Safari/537.36 Edg/146.0.0.0"
146.70.246.123 - - [18/Mar/2026:20:35:55 +0700] "GET /_autoindex/assets/js/tablesort.js HTTP/1.1" 200 2300 "http://profile.vinatipc.com/wp-includes/" "Mozilla/5.0 (Windows NT 10.0; Win64; x64) AppleWebKit/537.36 (KHTML, like Gecko) Chrome/146.0.0.0 Safari/537.36 Edg/146.0.0.0"
146.70.246.123 - - [18/Mar/2026:20:35:55 +0700] "GET /_autoindex/assets/css/autoindex.css HTTP/1.1" 200 1287 "http://profile.vinatipc.com/wp-includes/" "Mozilla/5.0 (Windows NT 10.0; Win64; x64) AppleWebKit/537.36 (KHTML, like Gecko) Chrome/146.0.0.0 Safari/537.36 Edg/146.0.0.0"
146.70.246.123 - - [18/Mar/2026:20:36:00 +0700] "GET /wp-includes/interactivity-api/ HTTP/1.1" 200 217 "http://profile.vinatipc.com/wp-includes/" "Mozilla/5.0 (Windows NT 10.0; Win64; x64) AppleWebKit/537.36 (KHTML, like Gecko) Chrome/146.0.0.0 Safari/537.36 Edg/146.0.0.0"
146.70.246.123 - - [18/Mar/2026:20:36:05 +0700] "POST /wp-includes/interactivity-api/ HTTP/1.1" 200 217 "http://profile.vinatipc.com/wp-includes/interactivity-api/" "Mozilla/5.0 (Windows NT 10.0; Win64; x64) AppleWebKit/537.36 (KHTML, like Gecko) Chrome/146.0.0.0 Safari/537.36 Edg/146.0.0.0"
146.70.246.123 - - [18/Mar/2026:20:36:12 +0700] "POST /wp-includes/interactivity-api/ HTTP/1.1" 200 217 "http://profile.vinatipc.com/wp-includes/interactivity-api/" "Mozilla/5.0 (Windows NT 10.0; Win64; x64) AppleWebKit/537.36 (KHTML, like Gecko) Chrome/146.0.0.0 Safari/537.36 Edg/146.0.0.0"
146.70.246.123 - - [18/Mar/2026:20:36:22 +0700] "GET /wp-includes/interactivity-api/ HTTP/1.1" 200 217 "http://profile.vinatipc.com/wp-includes/" "Mozilla/5.0 (Windows NT 10.0; Win64; x64) AppleWebKit/537.36 (KHTML, like Gecko) Chrome/146.0.0.0 Safari/537.36 Edg/146.0.0.0"
146.70.246.123 - - [18/Mar/2026:20:36:26 +0700] "GET /wp-includes/Requests/ HTTP/1.1" 200 744 "http://profile.vinatipc.com/wp-includes/" "Mozilla/5.0 (Windows NT 10.0; Win64; x64) AppleWebKit/537.36 (KHTML, like Gecko) Chrome/146.0.0.0 Safari/537.36 Edg/146.0.0.0"
146.70.246.123 - - [18/Mar/2026:20:36:28 +0700] "GET /wp-includes/Requests/src/ HTTP/1.1" 200 217 "http://profile.vinatipc.com/wp-includes/Requests/" "Mozilla/5.0 (Windows NT 10.0; Win64; x64) AppleWebKit/537.36 (KHTML, like Gecko) Chrome/146.0.0.0 Safari/537.36 Edg/146.0.0.0"
146.70.246.123 - - [18/Mar/2026:20:36:33 +0700] "POST /wp-includes/Requests/src/ HTTP/1.1" 200 5354 "http://profile.vinatipc.com/wp-includes/Requests/src/" "Mozilla/5.0 (Windows NT 10.0; Win64; x64) AppleWebKit/537.36 (KHTML, like Gecko) Chrome/146.0.0.0 Safari/537.36 Edg/146.0.0.0"
146.70.246.123 - - [18/Mar/2026:20:36:41 +0700] "POST /wp-includes/Requests/src/ HTTP/1.1" 200 8978 "http://profile.vinatipc.com/wp-includes/Requests/src/" "Mozilla/5.0 (Windows NT 10.0; Win64; x64) AppleWebKit/537.36 (KHTML, like Gecko) Chrome/146.0.0.0 Safari/537.36 Edg/146.0.0.0"
146.70.246.123 - - [18/Mar/2026:20:40:38 +0700] "POST /wp-includes/Requests/src/ HTTP/1.1" 200 5355 "http://profile.vinatipc.com/wp-includes/Requests/src/" "Mozilla/5.0 (Windows NT 10.0; Win64; x64) AppleWebKit/537.36 (KHTML, like Gecko) Chrome/146.0.0.0 Safari/537.36 Edg/146.0.0.0"
146.70.246.123 - - [18/Mar/2026:20:40:45 +0700] "POST /wp-includes/Requests/src/ HTTP/1.1" 200 5433 "http://profile.vinatipc.com/wp-includes/Requests/src/" "Mozilla/5.0 (Windows NT 10.0; Win64; x64) AppleWebKit/537.36 (KHTML, like Gecko) Chrome/146.0.0.0 Safari/537.36 Edg/146.0.0.0"
146.70.246.123 - - [18/Mar/2026:20:40:57 +0700] "GET /wp-glog.php HTTP/1.1" 500 0 "-" "Mozilla/5.0 (Windows NT 10.0; Win64; x64) AppleWebKit/537.36 (KHTML, like Gecko) Chrome/146.0.0.0 Safari/537.36 Edg/146.0.0.0"
146.70.246.123 - - [18/Mar/2026:20:41:11 +0700] "POST /wp-includes/Requests/src/ HTTP/1.1" 200 5508 "http://profile.vinatipc.com/wp-includes/Requests/src/" "Mozilla/5.0 (Windows NT 10.0; Win64; x64) AppleWebKit/537.36 (KHTML, like Gecko) Chrome/146.0.0.0 Safari/537.36 Edg/146.0.0.0"
146.70.246.123 - - [18/Mar/2026:20:41:26 +0700] "GET /witmm.php HTTP/1.1" 200 217 "-" "Mozilla/5.0 (Windows NT 10.0; Win64; x64) AppleWebKit/537.36 (KHTML, like Gecko) Chrome/146.0.0.0 Safari/537.36 Edg/146.0.0.0"
146.70.246.123 - - [18/Mar/2026:20:41:29 +0700] "POST /witmm.php HTTP/1.1" 200 5487 "http://profile.vinatipc.com/witmm.php" "Mozilla/5.0 (Windows NT 10.0; Win64; x64) AppleWebKit/537.36 (KHTML, like Gecko) Chrome/146.0.0.0 Safari/537.36 Edg/146.0.0.0"
146.70.246.123 - - [18/Mar/2026:20:41:33 +0700] "POST /witmm.php HTTP/1.1" 200 5243 "http://profile.vinatipc.com/witmm.php" "Mozilla/5.0 (Windows NT 10.0; Win64; x64) AppleWebKit/537.36 (KHTML, like Gecko) Chrome/146.0.0.0 Safari/537.36 Edg/146.0.0.0"
146.70.246.123 - - [18/Mar/2026:20:41:37 +0700] "POST /witmm.php HTTP/1.1" 200 5268 "http://profile.vinatipc.com/witmm.php" "Mozilla/5.0 (Windows NT 10.0; Win64; x64) AppleWebKit/537.36 (KHTML, like Gecko) Chrome/146.0.0.0 Safari/537.36 Edg/146.0.0.0"
146.70.246.123 - - [18/Mar/2026:20:42:02 +0700] "POST /witmm.php HTTP/1.1" 200 5103 "http://profile.vinatipc.com/witmm.php" "Mozilla/5.0 (Windows NT 10.0; Win64; x64) AppleWebKit/537.36 (KHTML, like Gecko) Chrome/146.0.0.0 Safari/537.36 Edg/146.0.0.0"
146.70.246.123 - - [18/Mar/2026:20:42:05 +0700] "POST /witmm.php HTTP/1.1" 200 5240 "http://profile.vinatipc.com/witmm.php" "Mozilla/5.0 (Windows NT 10.0; Win64; x64) AppleWebKit/537.36 (KHTML, like Gecko) Chrome/146.0.0.0 Safari/537.36 Edg/146.0.0.0"
146.70.246.123 - - [18/Mar/2026:20:42:07 +0700] "POST /witmm.php HTTP/1.1" 200 5266 "http://profile.vinatipc.com/witmm.php" "Mozilla/5.0 (Windows NT 10.0; Win64; x64) AppleWebKit/537.36 (KHTML, like Gecko) Chrome/146.0.0.0 Safari/537.36 Edg/146.0.0.0"
146.70.246.123 - - [18/Mar/2026:20:42:13 +0700] "POST /witmm.php HTTP/1.1" 200 5103 "http://profile.vinatipc.com/witmm.php" "Mozilla/5.0 (Windows NT 10.0; Win64; x64) AppleWebKit/537.36 (KHTML, like Gecko) Chrome/146.0.0.0 Safari/537.36 Edg/146.0.0.0"
146.70.246.123 - - [18/Mar/2026:20:42:26 +0700] "POST /witmm.php HTTP/1.1" 200 5241 "http://profile.vinatipc.com/witmm.php" "Mozilla/5.0 (Windows NT 10.0; Win64; x64) AppleWebKit/537.36 (KHTML, like Gecko) Chrome/146.0.0.0 Safari/537.36 Edg/146.0.0.0"
146.70.246.123 - - [18/Mar/2026:20:43:03 +0700] "POST /witmm.php HTTP/1.1" 200 5252 "http://profile.vinatipc.com/witmm.php" "Mozilla/5.0 (Windows NT 10.0; Win64; x64) AppleWebKit/537.36 (KHTML, like Gecko) Chrome/146.0.0.0 Safari/537.36 Edg/146.0.0.0"
146.70.246.123 - - [18/Mar/2026:20:43:08 +0700] "POST /witmm.php HTTP/1.1" 200 5103 "http://profile.vinatipc.com/witmm.php" "Mozilla/5.0 (Windows NT 10.0; Win64; x64) AppleWebKit/537.36 (KHTML, like Gecko) Chrome/146.0.0.0 Safari/537.36 Edg/146.0.0.0"
146.70.246.123 - - [18/Mar/2026:20:43:11 +0700] "POST /witmm.php HTTP/1.1" 200 5263 "http://profile.vinatipc.com/witmm.php" "Mozilla/5.0 (Windows NT 10.0; Win64; x64) AppleWebKit/537.36 (KHTML, like Gecko) Chrome/146.0.0.0 Safari/537.36 Edg/146.0.0.0"
146.70.246.123 - - [18/Mar/2026:20:43:13 +0700] "POST /witmm.php HTTP/1.1" 200 5243 "http://profile.vinatipc.com/witmm.php" "Mozilla/5.0 (Windows NT 10.0; Win64; x64) AppleWebKit/537.36 (KHTML, like Gecko) Chrome/146.0.0.0 Safari/537.36 Edg/146.0.0.0"
146.70.246.123 - - [18/Mar/2026:20:43:21 +0700] "POST /witmm.php HTTP/1.1" 200 5082 "http://profile.vinatipc.com/witmm.php" "Mozilla/5.0 (Windows NT 10.0; Win64; x64) AppleWebKit/537.36 (KHTML, like Gecko) Chrome/146.0.0.0 Safari/537.36 Edg/146.0.0.0"
146.70.246.123 - - [18/Mar/2026:20:43:24 +0700] "POST /witmm.php HTTP/1.1" 200 5077 "http://profile.vinatipc.com/witmm.php" "Mozilla/5.0 (Windows NT 10.0; Win64; x64) AppleWebKit/537.36 (KHTML, like Gecko) Chrome/146.0.0.0 Safari/537.36 Edg/146.0.0.0"
146.70.246.123 - - [18/Mar/2026:20:43:26 +0700] "POST /witmm.php HTTP/1.1" 200 5077 "http://profile.vinatipc.com/witmm.php" "Mozilla/5.0 (Windows NT 10.0; Win64; x64) AppleWebKit/537.36 (KHTML, like Gecko) Chrome/146.0.0.0 Safari/537.36 Edg/146.0.0.0"
146.70.246.123 - - [18/Mar/2026:20:43:29 +0700] "POST /witmm.php HTTP/1.1" 200 5490 "http://profile.vinatipc.com/witmm.php" "Mozilla/5.0 (Windows NT 10.0; Win64; x64) AppleWebKit/537.36 (KHTML, like Gecko) Chrome/146.0.0.0 Safari/537.36 Edg/146.0.0.0"
146.70.246.123 - - [18/Mar/2026:20:43:30 +0700] "POST /witmm.php HTTP/1.1" 200 8968 "http://profile.vinatipc.com/witmm.php" "Mozilla/5.0 (Windows NT 10.0; Win64; x64) AppleWebKit/537.36 (KHTML, like Gecko) Chrome/146.0.0.0 Safari/537.36 Edg/146.0.0.0"
146.70.246.123 - - [18/Mar/2026:20:43:35 +0700] "POST /witmm.php HTTP/1.1" 200 5476 "http://profile.vinatipc.com/witmm.php" "Mozilla/5.0 (Windows NT 10.0; Win64; x64) AppleWebKit/537.36 (KHTML, like Gecko) Chrome/146.0.0.0 Safari/537.36 Edg/146.0.0.0"
103.200.23.149 - - [18/Mar/2026:20:43:52 +0700] "GET /.well-known/acme-challenge/OBFX78_AI7VGS458Q693TR6L69FZRN07 HTTP/1.1" 200 64 "-" "Cpanel-HTTP-Client/1.0"
146.70.246.123 - - [18/Mar/2026:20:43:45 +0700] "POST /witmm.php HTTP/1.1" 200 5566 "http://profile.vinatipc.com/witmm.php" "Mozilla/5.0 (Windows NT 10.0; Win64; x64) AppleWebKit/537.36 (KHTML, like Gecko) Chrome/146.0.0.0 Safari/537.36 Edg/146.0.0.0"
146.70.246.123 - - [18/Mar/2026:20:44:05 +0700] "GET /lf.php HTTP/1.1" 200 114 "-" "Mozilla/5.0 (Windows NT 10.0; Win64; x64) AppleWebKit/537.36 (KHTML, like Gecko) Chrome/146.0.0.0 Safari/537.36 Edg/146.0.0.0"
146.70.246.123 - - [18/Mar/2026:20:44:10 +0700] "POST /lf.php HTTP/1.1" 200 1774 "http://profile.vinatipc.com/lf.php" "Mozilla/5.0 (Windows NT 10.0; Win64; x64) AppleWebKit/537.36 (KHTML, like Gecko) Chrome/146.0.0.0 Safari/537.36 Edg/146.0.0.0"
146.70.246.123 - - [18/Mar/2026:20:44:28 +0700] "POST /lf.php HTTP/1.1" 200 2554 "http://profile.vinatipc.com/lf.php" "Mozilla/5.0 (Windows NT 10.0; Win64; x64) AppleWebKit/537.36 (KHTML, like Gecko) Chrome/146.0.0.0 Safari/537.36 Edg/146.0.0.0"
146.70.246.123 - - [18/Mar/2026:20:45:28 +0700] "POST /lf.php HTTP/1.1" 200 2554 "http://profile.vinatipc.com/lf.php" "Mozilla/5.0 (Windows NT 10.0; Win64; x64) AppleWebKit/537.36 (KHTML, like Gecko) Chrome/146.0.0.0 Safari/537.36 Edg/146.0.0.0"
146.70.246.123 - - [18/Mar/2026:20:46:02 +0700] "POST /lf.php HTTP/1.1" 200 2554 "http://profile.vinatipc.com/lf.php" "Mozilla/5.0 (Windows NT 10.0; Win64; x64) AppleWebKit/537.36 (KHTML, like Gecko) Chrome/146.0.0.0 Safari/537.36 Edg/146.0.0.0"
146.70.246.123 - - [18/Mar/2026:20:46:44 +0700] "POST /lf.php HTTP/1.1" 200 7494 "http://profile.vinatipc.com/lf.php" "Mozilla/5.0 (Windows NT 10.0; Win64; x64) AppleWebKit/537.36 (KHTML, like Gecko) Chrome/146.0.0.0 Safari/537.36 Edg/146.0.0.0"
146.70.246.123 - - [18/Mar/2026:20:48:47 +0700] "GET /witmm.php HTTP/1.1" 200 5559 "-" "Mozilla/5.0 (Windows NT 10.0; Win64; x64) AppleWebKit/537.36 (KHTML, like Gecko) Chrome/146.0.0.0 Safari/537.36 Edg/146.0.0.0"
146.70.246.123 - - [18/Mar/2026:20:48:50 +0700] "POST /witmm.php HTTP/1.1" 200 8972 "http://profile.vinatipc.com/witmm.php" "Mozilla/5.0 (Windows NT 10.0; Win64; x64) AppleWebKit/537.36 (KHTML, like Gecko) Chrome/146.0.0.0 Safari/537.36 Edg/146.0.0.0"
146.70.246.123 - - [18/Mar/2026:20:49:22 +0700] "POST /witmm.php HTTP/1.1" 200 0 "http://profile.vinatipc.com/witmm.php" "Mozilla/5.0 (Windows NT 10.0; Win64; x64) AppleWebKit/537.36 (KHTML, like Gecko) Chrome/146.0.0.0 Safari/537.36 Edg/146.0.0.0"
146.70.246.123 - - [18/Mar/2026:20:49:26 +0700] "GET /witmm.php HTTP/1.1" 200 0 "-" "Mozilla/5.0 (Windows NT 10.0; Win64; x64) AppleWebKit/537.36 (KHTML, like Gecko) Chrome/146.0.0.0 Safari/537.36 Edg/146.0.0.0"
146.70.246.123 - - [18/Mar/2026:20:49:29 +0700] "POST /witmm.php HTTP/1.1" 200 0 "http://profile.vinatipc.com/witmm.php" "Mozilla/5.0 (Windows NT 10.0; Win64; x64) AppleWebKit/537.36 (KHTML, like Gecko) Chrome/146.0.0.0 Safari/537.36 Edg/146.0.0.0"
147.135.128.94 - - [18/Mar/2026:21:05:53 +0700] "GET /robots.txt HTTP/1.1" 404 1251 "-" "Mozilla/5.0 (compatible; MJ12bot/v1.4.8; http://mj12bot.com/)"
147.135.128.94 - - [18/Mar/2026:21:05:55 +0700] "GET /__MACOSX/wp-includes/blocks/group/?SD HTTP/1.1" 404 1251 "-" "Mozilla/5.0 (compatible; MJ12bot/v1.4.8; http://mj12bot.com/)"
147.135.128.94 - - [18/Mar/2026:21:05:57 +0700] "GET /__MACOSX/wp-includes/blocks/heading/?MD HTTP/1.1" 404 1251 "-" "Mozilla/5.0 (compatible; MJ12bot/v1.4.8; http://mj12bot.com/)"
147.135.128.94 - - [18/Mar/2026:21:05:59 +0700] "GET /__MACOSX/wp-includes/blocks/heading/?SD HTTP/1.1" 404 1251 "-" "Mozilla/5.0 (compatible; MJ12bot/v1.4.8; http://mj12bot.com/)"
147.135.128.94 - - [18/Mar/2026:21:06:01 +0700] "GET /__MACOSX/wp-includes/blocks/home-link/?MD HTTP/1.1" 404 1251 "-" "Mozilla/5.0 (compatible; MJ12bot/v1.4.8; http://mj12bot.com/)"
147.135.128.94 - - [18/Mar/2026:21:06:03 +0700] "GET /__MACOSX/wp-includes/blocks/home-link/?NA HTTP/1.1" 404 1251 "-" "Mozilla/5.0 (compatible; MJ12bot/v1.4.8; http://mj12bot.com/)"
147.135.128.94 - - [18/Mar/2026:21:06:05 +0700] "GET /__MACOSX/wp-includes/blocks/home-link/?SD HTTP/1.1" 404 1251 "-" "Mozilla/5.0 (compatible; MJ12bot/v1.4.8; http://mj12bot.com/)"
147.135.128.94 - - [18/Mar/2026:21:06:07 +0700] "GET /__MACOSX/wp-includes/blocks/html/?MD HTTP/1.1" 404 1251 "-" "Mozilla/5.0 (compatible; MJ12bot/v1.4.8; http://mj12bot.com/)"
5.35.38.15 - - [18/Mar/2026:21:11:01 +0700] "GET /wp-login.php HTTP/1.1" 404 1251 "http://profile.vinatipc.com/" "Mozilla/5.0 (Windows NT 10.0; Win64; x64) AppleWebKit/537.36 (KHTML, like Gecko) Chrome/114.0.0.0 Safari/537.36 OPR/89.0.4447.51"
5.35.38.15 - - [18/Mar/2026:21:11:02 +0700] "GET / HTTP/1.1" 200 1164 "-" "Mozilla/5.0 (Windows NT 10.0; Win64; x64) AppleWebKit/537.36 (KHTML, like Gecko) Chrome/114.0.0.0 Safari/537.36 OPR/89.0.4447.51"
216.244.66.243 - - [18/Mar/2026:22:41:34 +0700] "GET /robots.txt HTTP/1.1" 404 1251 "-" "Mozilla/5.0 (compatible; DotBot/1.2; +https://opensiteexplorer.org/dotbot; help@moz.com)"
216.244.66.243 - - [18/Mar/2026:22:44:28 +0700] "GET /__MACOSX/ HTTP/1.1" 404 1251 "-" "Mozilla/5.0 (compatible; DotBot/1.2; +https://opensiteexplorer.org/dotbot; help@moz.com)"
43.156.202.34 - - [18/Mar/2026:23:11:51 +0700] "GET / HTTP/1.1" 200 1164 "-" "Mozilla/5.0 (iPhone; CPU iPhone OS 13_2_3 like Mac OS X) AppleWebKit/605.1.15 (KHTML, like Gecko) Version/13.0.3 Mobile/15E148 Safari/604.1"
178.16.53.90 - - [18/Mar/2026:23:18:09 +0700] "GET /.env HTTP/1.1" 404 1251 "-" "-"
43.131.253.14 - - [18/Mar/2026:23:25:31 +0700] "GET /lf.php HTTP/1.1" 200 0 "-" "Mozilla/5.0 (iPhone; CPU iPhone OS 13_2_3 like Mac OS X) AppleWebKit/605.1.15 (KHTML, like Gecko) Version/13.0.3 Mobile/15E148 Safari/604.1"
43.131.36.84 - - [18/Mar/2026:23:35:19 +0700] "GET /witmm.php HTTP/1.1" 200 0 "-" "Mozilla/5.0 (iPhone; CPU iPhone OS 13_2_3 like Mac OS X) AppleWebKit/605.1.15 (KHTML, like Gecko) Version/13.0.3 Mobile/15E148 Safari/604.1"
103.200.23.149 - - [18/Mar/2026:23:43:25 +0700] "GET /.well-known/acme-challenge/7XSMEJJR82X7BBDMHWU-XLK21Q_09NFC HTTP/1.1" 200 64 "-" "Cpanel-HTTP-Client/1.0"
216.244.66.243 - - [19/Mar/2026:00:49:46 +0700] "GET /robots.txt HTTP/1.1" 404 1251 "-" "Mozilla/5.0 (compatible; DotBot/1.2; +https://opensiteexplorer.org/dotbot; help@moz.com)"
216.244.66.243 - - [19/Mar/2026:00:52:50 +0700] "GET /vibrators-with-loop-handles-like-the-dots-are-easier-to-grip/ HTTP/1.1" 404 1251 "-" "Mozilla/5.0 (compatible; DotBot/1.2; +https://opensiteexplorer.org/dotbot; help@moz.com)"
104.210.140.140 - - [19/Mar/2026:01:15:47 +0700] "GET /robots.txt HTTP/1.1" 404 1251 "-" "Mozilla/5.0 (Macintosh; Intel Mac OS X 10_15_7) AppleWebKit/537.36 (KHTML, like Gecko) Chrome/131.0.0.0 Safari/537.36; compatible; OAI-SearchBot/1.0; +https://openai.com/searchbot"
176.65.132.19 - - [19/Mar/2026:01:30:15 +0700] "GET /wp-login.php HTTP/1.1" 404 1251 "https://duckduckgo.com/" "Mozilla/5.0 (Macintosh; Intel Mac OS X 10_15_7) AppleWebKit/537.36 (KHTML, like Gecko) Chrome/119.0.0.0 Safari/537.36"
216.244.66.243 - - [19/Mar/2026:01:32:43 +0700] "GET /robots.txt HTTP/1.1" 404 1251 "-" "Mozilla/5.0 (compatible; DotBot/1.2; +https://opensiteexplorer.org/dotbot; help@moz.com)"
216.244.66.243 - - [19/Mar/2026:01:35:45 +0700] "GET /media/field/ HTTP/1.1" 404 1251 "-" "Mozilla/5.0 (compatible; DotBot/1.2; +https://opensiteexplorer.org/dotbot; help@moz.com)"
103.200.23.149 - - [19/Mar/2026:02:43:24 +0700] "GET /.well-known/acme-challenge/99PSCG34B5CACFN8BHH8NJ5TRX688M__ HTTP/1.1" 200 64 "-" "Cpanel-HTTP-Client/1.0"
216.244.66.243 - - [19/Mar/2026:03:00:15 +0700] "GET /robots.txt HTTP/1.1" 404 1251 "-" "Mozilla/5.0 (compatible; DotBot/1.2; +https://opensiteexplorer.org/dotbot; help@moz.com)"
216.244.66.243 - - [19/Mar/2026:03:02:54 +0700] "GET /csv_file.csv HTTP/1.1" 404 1251 "-" "Mozilla/5.0 (compatible; DotBot/1.2; +https://opensiteexplorer.org/dotbot; help@moz.com)"
216.244.66.243 - - [19/Mar/2026:04:27:53 +0700] "GET /robots.txt HTTP/1.1" 404 1251 "-" "Mozilla/5.0 (compatible; DotBot/1.2; +https://opensiteexplorer.org/dotbot; help@moz.com)"
216.244.66.243 - - [19/Mar/2026:04:30:32 +0700] "GET / HTTP/1.1" 200 3181 "-" "Mozilla/5.0 (compatible; DotBot/1.2; +https://opensiteexplorer.org/dotbot; help@moz.com)"
170.106.165.76 - - [19/Mar/2026:04:45:25 +0700] "GET / HTTP/1.1" 200 1164 "-" "Mozilla/5.0 (iPhone; CPU iPhone OS 13_2_3 like Mac OS X) AppleWebKit/605.1.15 (KHTML, like Gecko) Version/13.0.3 Mobile/15E148 Safari/604.1"
216.244.66.243 - - [19/Mar/2026:05:13:16 +0700] "GET /robots.txt HTTP/1.1" 404 1251 "-" "Mozilla/5.0 (compatible; DotBot/1.2; +https://opensiteexplorer.org/dotbot; help@moz.com)"
216.244.66.243 - - [19/Mar/2026:05:15:43 +0700] "GET /penjahat.php HTTP/1.1" 404 1251 "-" "Mozilla/5.0 (compatible; DotBot/1.2; +https://opensiteexplorer.org/dotbot; help@moz.com)"
103.200.23.149 - - [19/Mar/2026:05:43:51 +0700] "GET /.well-known/acme-challenge/CANSHSB7AW92CAPID9DWPIZU3QMGMY_8 HTTP/1.1" 200 64 "-" "Cpanel-HTTP-Client/1.0"
85.174.183.162 - - [19/Mar/2026:07:21:31 +0700] "GET / HTTP/1.1" 200 1164 "-" "Mozilla/5.0 (Windows NT 10.0; Win64; x64) AppleWebKit/537.36 (KHTML, like Gecko) Chrome/120.0.0.0 Safari/537.36"
85.174.183.162 - - [19/Mar/2026:07:21:34 +0700] "GET /wp-login.php HTTP/1.1" 404 1251 "-" "Mozilla/5.0 (Windows NT 10.0; Win64; x64) AppleWebKit/537.36 (KHTML, like Gecko) Chrome/120.0.0.0 Safari/537.36"
189.192.140.240 - - [19/Mar/2026:07:21:38 +0700] "POST /wp-login.php HTTP/1.1" 404 1251 "http://profile.vinatipc.com/wp-login.php" "Mozilla/5.0 (Windows NT 10.0; Win64; x64) AppleWebKit/537.36 (KHTML, like Gecko) Chrome/120.0.0.0 Safari/537.36"
160.119.235.163 - - [19/Mar/2026:07:21:49 +0700] "POST /wp-login.php HTTP/1.1" 404 1251 "http://profile.vinatipc.com/wp-login.php" "Mozilla/5.0 (Windows NT 10.0; Win64; x64) AppleWebKit/537.36 (KHTML, like Gecko) Chrome/120.0.0.0 Safari/537.36"
189.162.150.12 - - [19/Mar/2026:07:21:58 +0700] "POST /wp-login.php HTTP/1.1" 404 1251 "http://profile.vinatipc.com/wp-login.php" "Mozilla/5.0 (Windows NT 10.0; Win64; x64) AppleWebKit/537.36 (KHTML, like Gecko) Chrome/120.0.0.0 Safari/537.36"
189.162.150.12 - - [19/Mar/2026:07:21:59 +0700] "POST /xmlrpc.php HTTP/1.1" 404 1251 "-" "WordPress/5.0; http://profile.vinatipc.com"
216.244.66.243 - - [19/Mar/2026:07:24:31 +0700] "GET /robots.txt HTTP/1.1" 404 1251 "-" "Mozilla/5.0 (compatible; DotBot/1.2; +https://opensiteexplorer.org/dotbot; help@moz.com)"
216.244.66.243 - - [19/Mar/2026:07:27:06 +0700] "GET /MH%20Code%20Snippets/ HTTP/1.1" 404 1251 "-" "Mozilla/5.0 (compatible; DotBot/1.2; +https://opensiteexplorer.org/dotbot; help@moz.com)"
54.224.53.207 - - [19/Mar/2026:07:36:18 +0700] "GET / HTTP/1.1" 200 1164 "-" "Go-http-client/1.1"
54.224.53.207 - - [19/Mar/2026:07:36:18 +0700] "GET /wp-includes/css/buttons.css HTTP/1.1" 404 1251 "-" "Go-http-client/1.1"
54.224.53.207 - - [19/Mar/2026:07:36:18 +0700] "GET /media/system/js/core.js HTTP/1.1" 404 1251 "-" "Go-http-client/1.1"
5.35.38.15 - - [19/Mar/2026:07:46:50 +0700] "GET /wp-login.php HTTP/1.1" 404 1251 "http://profile.vinatipc.com/" "Mozilla/5.0 (Windows NT 10.0; Win64; x64) AppleWebKit/537.36 (KHTML, like Gecko) Chrome/114.0.0.0 Safari/537.36 Vivaldi/5.3.2679.68"
5.35.38.15 - - [19/Mar/2026:07:46:51 +0700] "GET / HTTP/1.1" 200 1164 "-" "Mozilla/5.0 (Windows NT 10.0; Win64; x64) AppleWebKit/537.36 (KHTML, like Gecko) Chrome/114.0.0.0 Safari/537.36 Vivaldi/5.3.2679.68"
144.76.32.236 - - [19/Mar/2026:07:48:52 +0700] "GET /robots.txt HTTP/1.1" 404 1251 "-" "Mozilla/5.0 (compatible; SERankingBacklinksBot/1.0; +https://seranking.com/backlinks-crawler)"
144.76.32.236 - - [19/Mar/2026:07:48:53 +0700] "GET / HTTP/1.1" 200 1164 "-" "Mozilla/5.0 (compatible; SERankingBacklinksBot/1.0; +https://seranking.com/backlinks-crawler)"
83.142.52.180 - - [19/Mar/2026:08:19:53 +0700] "POST /xmlrpc.php HTTP/1.1" 404 1251 "-" "Mozilla/5.0 (compatible; Googlebot/2.1; +http://www.google.com/bot.html)"
94.26.106.199 - - [19/Mar/2026:08:20:54 +0700] "GET /wp-login.php HTTP/1.1" 404 1251 "-" "Mozilla/5.0 (Windows NT 11.0; Win64; x64) AppleWebKit/537.36 (KHTML, like Gecko) Chrome/120.0.6099.130 Safari/537.36"
94.26.106.199 - - [19/Mar/2026:08:20:56 +0700] "GET /wp-admin/ HTTP/1.1" 404 1251 "-" "Mozilla/5.0 (Macintosh; Intel Mac OS X 10.15) Gecko/20100101 Firefox/122.0"
103.200.23.149 - - [19/Mar/2026:08:43:26 +0700] "GET /.well-known/acme-challenge/5RZ7BH_FPSP2K6IKLLS4IRXU9-J_OPJ8 HTTP/1.1" 200 64 "-" "Cpanel-HTTP-Client/1.0"
144.76.32.236 - - [19/Mar/2026:08:56:25 +0700] "GET /cheri-casino-les-mathematiques-au-service-de-vos-gains/ HTTP/1.1" 404 1251 "-" "Mozilla/5.0 (compatible; SERankingBacklinksBot/1.0; +https://seranking.com/backlinks-crawler)"
144.76.32.236 - - [19/Mar/2026:08:56:25 +0700] "GET /robots.txt HTTP/1.1" 404 1251 "-" "Mozilla/5.0 (compatible; SERankingBacklinksBot/1.0; +https://seranking.com/backlinks-crawler)"