171.251.153.55 - - [18/Mar/2026:19:48:22 +0700] "GET /wp-content/plugins/woocommerce/assets/js/frontend/woocommerce.min.js?ver=8.6.3 HTTP/2" 304 0 "https://test2.proid.vn/?my-pro-id=proideefb94b2" "Mozilla/5.0 (Linux; Android 10; K) AppleWebKit/537.36 (KHTML, like Gecko) Chrome/146.0.0.0 Mobile Safari/537.36"
171.251.153.55 - - [18/Mar/2026:19:48:22 +0700] "GET /wp-content/plugins/me-proid-admin-card-creator/assets/js/admin-card-creator.js?ver=1.0.1 HTTP/2" 304 0 "https://test2.proid.vn/?my-pro-id=proideefb94b2" "Mozilla/5.0 (Linux; Android 10; K) AppleWebKit/537.36 (KHTML, like Gecko) Chrome/146.0.0.0 Mobile Safari/537.36"
171.251.153.55 - - [18/Mar/2026:19:48:22 +0700] "GET /wp-content/plugins/me-proid-copy-login-button/assets/js/copy_login_button_js.js?ver=1.1.0 HTTP/2" 304 0 "https://test2.proid.vn/?my-pro-id=proideefb94b2" "Mozilla/5.0 (Linux; Android 10; K) AppleWebKit/537.36 (KHTML, like Gecko) Chrome/146.0.0.0 Mobile Safari/537.36"
171.251.153.55 - - [18/Mar/2026:19:48:22 +0700] "GET /wp-content/plugins/mepid-quick-checkout/assets/js/quick-checkout.js?ver=1.4.0 HTTP/2" 304 0 "https://test2.proid.vn/?my-pro-id=proideefb94b2" "Mozilla/5.0 (Linux; Android 10; K) AppleWebKit/537.36 (KHTML, like Gecko) Chrome/146.0.0.0 Mobile Safari/537.36"
171.251.153.55 - - [18/Mar/2026:19:48:22 +0700] "GET /wp-content/plugins/woocommerce/assets/js/sourcebuster/sourcebuster.min.js?ver=8.6.3 HTTP/2" 304 0 "https://test2.proid.vn/?my-pro-id=proideefb94b2" "Mozilla/5.0 (Linux; Android 10; K) AppleWebKit/537.36 (KHTML, like Gecko) Chrome/146.0.0.0 Mobile Safari/537.36"
171.251.153.55 - - [18/Mar/2026:19:48:22 +0700] "GET /wp-content/plugins/woocommerce/assets/js/frontend/order-attribution.min.js?ver=8.6.3 HTTP/2" 304 0 "https://test2.proid.vn/?my-pro-id=proideefb94b2" "Mozilla/5.0 (Linux; Android 10; K) AppleWebKit/537.36 (KHTML, like Gecko) Chrome/146.0.0.0 Mobile Safari/537.36"
171.251.153.55 - - [18/Mar/2026:19:48:22 +0700] "GET /wp-includes/js/jquery/ui/core.min.js?ver=1.13.3 HTTP/2" 304 0 "https://test2.proid.vn/?my-pro-id=proideefb94b2" "Mozilla/5.0 (Linux; Android 10; K) AppleWebKit/537.36 (KHTML, like Gecko) Chrome/146.0.0.0 Mobile Safari/537.36"
171.251.153.55 - - [18/Mar/2026:19:48:22 +0700] "GET /wp-includes/js/jquery/ui/mouse.min.js?ver=1.13.3 HTTP/2" 304 0 "https://test2.proid.vn/?my-pro-id=proideefb94b2" "Mozilla/5.0 (Linux; Android 10; K) AppleWebKit/537.36 (KHTML, like Gecko) Chrome/146.0.0.0 Mobile Safari/537.36"
171.251.153.55 - - [18/Mar/2026:19:48:22 +0700] "GET /wp-includes/js/jquery/ui/resizable.min.js?ver=1.13.3 HTTP/2" 304 0 "https://test2.proid.vn/?my-pro-id=proideefb94b2" "Mozilla/5.0 (Linux; Android 10; K) AppleWebKit/537.36 (KHTML, like Gecko) Chrome/146.0.0.0 Mobile Safari/537.36"
171.251.153.55 - - [18/Mar/2026:19:48:22 +0700] "GET /wp-includes/js/jquery/ui/draggable.min.js?ver=1.13.3 HTTP/2" 304 0 "https://test2.proid.vn/?my-pro-id=proideefb94b2" "Mozilla/5.0 (Linux; Android 10; K) AppleWebKit/537.36 (KHTML, like Gecko) Chrome/146.0.0.0 Mobile Safari/537.36"
171.251.153.55 - - [18/Mar/2026:19:48:22 +0700] "GET /wp-includes/js/jquery/ui/controlgroup.min.js?ver=1.13.3 HTTP/2" 304 0 "https://test2.proid.vn/?my-pro-id=proideefb94b2" "Mozilla/5.0 (Linux; Android 10; K) AppleWebKit/537.36 (KHTML, like Gecko) Chrome/146.0.0.0 Mobile Safari/537.36"
171.251.153.55 - - [18/Mar/2026:19:48:22 +0700] "GET /wp-includes/js/jquery/ui/checkboxradio.min.js?ver=1.13.3 HTTP/2" 304 0 "https://test2.proid.vn/?my-pro-id=proideefb94b2" "Mozilla/5.0 (Linux; Android 10; K) AppleWebKit/537.36 (KHTML, like Gecko) Chrome/146.0.0.0 Mobile Safari/537.36"
171.251.153.55 - - [18/Mar/2026:19:48:22 +0700] "GET /wp-includes/js/jquery/ui/button.min.js?ver=1.13.3 HTTP/2" 304 0 "https://test2.proid.vn/?my-pro-id=proideefb94b2" "Mozilla/5.0 (Linux; Android 10; K) AppleWebKit/537.36 (KHTML, like Gecko) Chrome/146.0.0.0 Mobile Safari/537.36"
171.251.153.55 - - [18/Mar/2026:19:48:22 +0700] "GET /wp-includes/js/jquery/ui/dialog.min.js?ver=1.13.3 HTTP/2" 304 0 "https://test2.proid.vn/?my-pro-id=proideefb94b2" "Mozilla/5.0 (Linux; Android 10; K) AppleWebKit/537.36 (KHTML, like Gecko) Chrome/146.0.0.0 Mobile Safari/537.36"
171.251.153.55 - - [18/Mar/2026:19:48:22 +0700] "GET /wp-content/themes/hello-elementor/assets/js/hello-frontend.min.js?ver=1.0.0 HTTP/2" 304 0 "https://test2.proid.vn/?my-pro-id=proideefb94b2" "Mozilla/5.0 (Linux; Android 10; K) AppleWebKit/537.36 (KHTML, like Gecko) Chrome/146.0.0.0 Mobile Safari/537.36"
171.251.153.55 - - [18/Mar/2026:19:48:22 +0700] "GET /wp-content/plugins/jetformbuilder/modules/jet-plugins/assets/build/index.js?ver=1.0.0 HTTP/2" 304 0 "https://test2.proid.vn/?my-pro-id=proideefb94b2" "Mozilla/5.0 (Linux; Android 10; K) AppleWebKit/537.36 (KHTML, like Gecko) Chrome/146.0.0.0 Mobile Safari/537.36"
171.251.153.55 - - [18/Mar/2026:19:48:22 +0700] "GET /wp-content/plugins/jet-elements/assets/js/lib/anime-js/anime.min.js?ver=2.2.0 HTTP/2" 304 0 "https://test2.proid.vn/?my-pro-id=proideefb94b2" "Mozilla/5.0 (Linux; Android 10; K) AppleWebKit/537.36 (KHTML, like Gecko) Chrome/146.0.0.0 Mobile Safari/537.36"
171.251.153.55 - - [18/Mar/2026:19:48:22 +0700] "GET /wp-content/plugins/jet-popup/assets/js/jet-popup-frontend.js?ver=2.0.12 HTTP/2" 304 0 "https://test2.proid.vn/?my-pro-id=proideefb94b2" "Mozilla/5.0 (Linux; Android 10; K) AppleWebKit/537.36 (KHTML, like Gecko) Chrome/146.0.0.0 Mobile Safari/537.36"
171.251.153.55 - - [18/Mar/2026:19:48:22 +0700] "GET /wp-content/plugins/elementor-pro/assets//lib/instant-page/instant-page.min.js?ver=3.35.1 HTTP/2" 304 0 "https://test2.proid.vn/?my-pro-id=proideefb94b2" "Mozilla/5.0 (Linux; Android 10; K) AppleWebKit/537.36 (KHTML, like Gecko) Chrome/146.0.0.0 Mobile Safari/537.36"
171.251.153.55 - - [18/Mar/2026:19:48:22 +0700] "GET /wp-content/plugins/elementor/assets/js/webpack.runtime.min.js?ver=3.35.4 HTTP/2" 304 0 "https://test2.proid.vn/?my-pro-id=proideefb94b2" "Mozilla/5.0 (Linux; Android 10; K) AppleWebKit/537.36 (KHTML, like Gecko) Chrome/146.0.0.0 Mobile Safari/537.36"
171.251.153.55 - - [18/Mar/2026:19:48:22 +0700] "GET /wp-content/plugins/elementor/assets/js/frontend-modules.min.js?ver=3.35.4 HTTP/2" 304 0 "https://test2.proid.vn/?my-pro-id=proideefb94b2" "Mozilla/5.0 (Linux; Android 10; K) AppleWebKit/537.36 (KHTML, like Gecko) Chrome/146.0.0.0 Mobile Safari/537.36"
171.251.153.55 - - [18/Mar/2026:19:48:22 +0700] "GET /wp-content/plugins/elementor/assets/js/frontend.min.js?ver=3.35.4 HTTP/2" 304 0 "https://test2.proid.vn/?my-pro-id=proideefb94b2" "Mozilla/5.0 (Linux; Android 10; K) AppleWebKit/537.36 (KHTML, like Gecko) Chrome/146.0.0.0 Mobile Safari/537.36"
171.251.153.55 - - [18/Mar/2026:19:48:22 +0700] "GET /wp-content/plugins/elementor-pro/assets/lib/smartmenus/jquery.smartmenus.min.js?ver=1.2.1 HTTP/2" 304 0 "https://test2.proid.vn/?my-pro-id=proideefb94b2" "Mozilla/5.0 (Linux; Android 10; K) AppleWebKit/537.36 (KHTML, like Gecko) Chrome/146.0.0.0 Mobile Safari/537.36"
171.251.153.55 - - [18/Mar/2026:19:48:22 +0700] "GET /wp-content/plugins/elementor/assets/lib/swiper/v8/swiper.min.js?ver=8.4.5 HTTP/2" 304 0 "https://test2.proid.vn/?my-pro-id=proideefb94b2" "Mozilla/5.0 (Linux; Android 10; K) AppleWebKit/537.36 (KHTML, like Gecko) Chrome/146.0.0.0 Mobile Safari/537.36"
171.251.153.55 - - [18/Mar/2026:19:48:22 +0700] "GET /wp-content/plugins/elementor/assets/lib/e-gallery/js/e-gallery.min.js?ver=1.2.0 HTTP/2" 304 0 "https://test2.proid.vn/?my-pro-id=proideefb94b2" "Mozilla/5.0 (Linux; Android 10; K) AppleWebKit/537.36 (KHTML, like Gecko) Chrome/146.0.0.0 Mobile Safari/537.36"
171.251.153.55 - - [18/Mar/2026:19:48:22 +0700] "GET /wp-content/plugins/jet-engine/assets/js/frontend.js?ver=3.6.6.1 HTTP/2" 304 0 "https://test2.proid.vn/?my-pro-id=proideefb94b2" "Mozilla/5.0 (Linux; Android 10; K) AppleWebKit/537.36 (KHTML, like Gecko) Chrome/146.0.0.0 Mobile Safari/537.36"
171.251.153.55 - - [18/Mar/2026:19:48:22 +0700] "GET /wp-content/plugins/elementor-pro/assets/js/webpack-pro.runtime.min.js?ver=3.35.1 HTTP/2" 304 0 "https://test2.proid.vn/?my-pro-id=proideefb94b2" "Mozilla/5.0 (Linux; Android 10; K) AppleWebKit/537.36 (KHTML, like Gecko) Chrome/146.0.0.0 Mobile Safari/537.36"
171.251.153.55 - - [18/Mar/2026:19:48:22 +0700] "GET /wp-includes/js/dist/hooks.min.js?ver=dd5603f07f9220ed27f1 HTTP/2" 304 0 "https://test2.proid.vn/?my-pro-id=proideefb94b2" "Mozilla/5.0 (Linux; Android 10; K) AppleWebKit/537.36 (KHTML, like Gecko) Chrome/146.0.0.0 Mobile Safari/537.36"
171.251.153.55 - - [18/Mar/2026:19:48:22 +0700] "GET /wp-includes/js/dist/i18n.min.js?ver=c26c3dc7bed366793375 HTTP/2" 304 0 "https://test2.proid.vn/?my-pro-id=proideefb94b2" "Mozilla/5.0 (Linux; Android 10; K) AppleWebKit/537.36 (KHTML, like Gecko) Chrome/146.0.0.0 Mobile Safari/537.36"
171.251.153.55 - - [18/Mar/2026:19:48:22 +0700] "GET /wp-content/plugins/elementor-pro/assets/js/frontend.min.js?ver=3.35.1 HTTP/2" 304 0 "https://test2.proid.vn/?my-pro-id=proideefb94b2" "Mozilla/5.0 (Linux; Android 10; K) AppleWebKit/537.36 (KHTML, like Gecko) Chrome/146.0.0.0 Mobile Safari/537.36"
171.251.153.55 - - [18/Mar/2026:19:48:22 +0700] "GET /wp-content/plugins/elementor-pro/assets/js/elements-handlers.min.js?ver=3.35.1 HTTP/2" 304 0 "https://test2.proid.vn/?my-pro-id=proideefb94b2" "Mozilla/5.0 (Linux; Android 10; K) AppleWebKit/537.36 (KHTML, like Gecko) Chrome/146.0.0.0 Mobile Safari/537.36"
171.251.153.55 - - [18/Mar/2026:19:48:22 +0700] "GET /wp-content/plugins/jet-elements/assets/js/jet-elements.min.js?ver=2.7.6 HTTP/2" 304 0 "https://test2.proid.vn/?my-pro-id=proideefb94b2" "Mozilla/5.0 (Linux; Android 10; K) AppleWebKit/537.36 (KHTML, like Gecko) Chrome/146.0.0.0 Mobile Safari/537.36"
171.251.153.55 - - [18/Mar/2026:19:48:22 +0700] "GET /wp-content/plugins/jet-popup/includes/elementor/assets/js/jet-popup-elementor-frontend.js?ver=2.0.12 HTTP/2" 304 0 "https://test2.proid.vn/?my-pro-id=proideefb94b2" "Mozilla/5.0 (Linux; Android 10; K) AppleWebKit/537.36 (KHTML, like Gecko) Chrome/146.0.0.0 Mobile Safari/537.36"
171.251.153.55 - - [18/Mar/2026:19:48:22 +0700] "GET /wp-content/uploads/elementor/css/post-264624.css?ver=1750352036 HTTP/2" 404 37489 "https://test2.proid.vn/?my-pro-id=proideefb94b2" "Mozilla/5.0 (Linux; Android 10; K) AppleWebKit/537.36 (KHTML, like Gecko) Chrome/146.0.0.0 Mobile Safari/537.36"
171.251.153.55 - - [18/Mar/2026:19:48:22 +0700] "GET /wp-content/uploads/elementor/css/post-392154.css?ver=1748595138 HTTP/2" 404 37488 "https://test2.proid.vn/?my-pro-id=proideefb94b2" "Mozilla/5.0 (Linux; Android 10; K) AppleWebKit/537.36 (KHTML, like Gecko) Chrome/146.0.0.0 Mobile Safari/537.36"
171.251.153.55 - - [18/Mar/2026:19:48:22 +0700] "GET /wp-content/themes/hello-elementor-child/custom.js?ver=1.0 HTTP/2" 404 37489 "https://test2.proid.vn/?my-pro-id=proideefb94b2" "Mozilla/5.0 (Linux; Android 10; K) AppleWebKit/537.36 (KHTML, like Gecko) Chrome/146.0.0.0 Mobile Safari/537.36"
171.251.153.55 - - [18/Mar/2026:19:48:22 +0700] "GET /wp-content/uploads/elementor/css/post-392180.css?ver=1748595198 HTTP/2" 404 37489 "https://test2.proid.vn/?my-pro-id=proideefb94b2" "Mozilla/5.0 (Linux; Android 10; K) AppleWebKit/537.36 (KHTML, like Gecko) Chrome/146.0.0.0 Mobile Safari/537.36"
171.251.153.55 - - [18/Mar/2026:19:48:22 +0700] "GET /wp-content/themes/hello-elementor/js/hide-tab-script.js?ver=1.0.0 HTTP/2" 404 37489 "https://test2.proid.vn/?my-pro-id=proideefb94b2" "Mozilla/5.0 (Linux; Android 10; K) AppleWebKit/537.36 (KHTML, like Gecko) Chrome/146.0.0.0 Mobile Safari/537.36"
171.251.153.55 - - [18/Mar/2026:19:48:22 +0700] "GET /wp-content/themes/hello-elementor-child/assets/js/custom-scripts.js?ver=1.0.0 HTTP/2" 404 37489 "https://test2.proid.vn/?my-pro-id=proideefb94b2" "Mozilla/5.0 (Linux; Android 10; K) AppleWebKit/537.36 (KHTML, like Gecko) Chrome/146.0.0.0 Mobile Safari/537.36"
171.251.153.55 - - [18/Mar/2026:19:48:22 +0700] "GET /wp-content/themes/hello-elementor-child/assets/js/me-proid-copy-profile.js?ver=1.0.0 HTTP/2" 404 37489 "https://test2.proid.vn/?my-pro-id=proideefb94b2" "Mozilla/5.0 (Linux; Android 10; K) AppleWebKit/537.36 (KHTML, like Gecko) Chrome/146.0.0.0 Mobile Safari/537.36"
171.251.153.55 - - [18/Mar/2026:19:48:30 +0700] "GET /wp-content/plugins/elementor/assets/lib/dialog/dialog.min.js?ver=4.9.3 HTTP/2" 304 0 "https://test2.proid.vn/?my-pro-id=proideefb94b2" "Mozilla/5.0 (Linux; Android 10; K) AppleWebKit/537.36 (KHTML, like Gecko) Chrome/146.0.0.0 Mobile Safari/537.36"
171.251.153.55 - - [18/Mar/2026:19:48:30 +0700] "GET /wp-content/plugins/elementor/assets/js/lightbox.d1799e507b570f6b0496.bundle.min.js HTTP/2" 304 0 "https://test2.proid.vn/?my-pro-id=proideefb94b2" "Mozilla/5.0 (Linux; Android 10; K) AppleWebKit/537.36 (KHTML, like Gecko) Chrome/146.0.0.0 Mobile Safari/537.36"
171.251.153.55 - - [18/Mar/2026:19:48:30 +0700] "GET /wp-content/plugins/elementor/assets/lib/share-link/share-link.min.js?ver=3.35.4 HTTP/2" 304 0 "https://test2.proid.vn/?my-pro-id=proideefb94b2" "Mozilla/5.0 (Linux; Android 10; K) AppleWebKit/537.36 (KHTML, like Gecko) Chrome/146.0.0.0 Mobile Safari/537.36"
171.251.153.55 - - [18/Mar/2026:19:48:30 +0700] "GET /wp-content/plugins/elementor/assets/js/shared-frontend-handlers.03caa53373b56d3bab67.bundle.min.js HTTP/2" 304 0 "https://test2.proid.vn/?my-pro-id=proideefb94b2" "Mozilla/5.0 (Linux; Android 10; K) AppleWebKit/537.36 (KHTML, like Gecko) Chrome/146.0.0.0 Mobile Safari/537.36"
171.251.153.55 - - [18/Mar/2026:19:48:30 +0700] "GET /wp-content/plugins/elementor/assets/js/nested-tabs.a2401356d329f179475e.bundle.min.js HTTP/2" 304 0 "https://test2.proid.vn/?my-pro-id=proideefb94b2" "Mozilla/5.0 (Linux; Android 10; K) AppleWebKit/537.36 (KHTML, like Gecko) Chrome/146.0.0.0 Mobile Safari/537.36"
171.251.153.55 - - [18/Mar/2026:19:48:30 +0700] "GET /wp-content/plugins/elementor-pro/assets/js/gallery.06be1c07b9901f53d709.bundle.min.js HTTP/2" 304 0 "https://test2.proid.vn/?my-pro-id=proideefb94b2" "Mozilla/5.0 (Linux; Android 10; K) AppleWebKit/537.36 (KHTML, like Gecko) Chrome/146.0.0.0 Mobile Safari/537.36"
171.251.153.55 - - [18/Mar/2026:19:48:30 +0700] "GET /wp-content/plugins/elementor/assets/js/text-editor.45609661e409413f1cef.bundle.min.js HTTP/2" 304 0 "https://test2.proid.vn/?my-pro-id=proideefb94b2" "Mozilla/5.0 (Linux; Android 10; K) AppleWebKit/537.36 (KHTML, like Gecko) Chrome/146.0.0.0 Mobile Safari/537.36"
171.251.153.55 - - [18/Mar/2026:19:48:30 +0700] "GET /wp-content/plugins/elementor/assets/js/video.86d44e46e43d0807e708.bundle.min.js HTTP/2" 304 0 "https://test2.proid.vn/?my-pro-id=proideefb94b2" "Mozilla/5.0 (Linux; Android 10; K) AppleWebKit/537.36 (KHTML, like Gecko) Chrome/146.0.0.0 Mobile Safari/537.36"
171.251.153.55 - - [18/Mar/2026:19:48:30 +0700] "GET /wp-content/plugins/elementor/assets/js/section-frontend-handlers.d85ab872da118940910d.bundle.min.js HTTP/2" 304 0 "https://test2.proid.vn/?my-pro-id=proideefb94b2" "Mozilla/5.0 (Linux; Android 10; K) AppleWebKit/537.36 (KHTML, like Gecko) Chrome/146.0.0.0 Mobile Safari/537.36"
171.251.153.55 - - [18/Mar/2026:19:48:30 +0700] "GET /wp-includes/js/wp-emoji-release.min.js?ver=6.9.4 HTTP/2" 304 0 "https://test2.proid.vn/?my-pro-id=proideefb94b2" "Mozilla/5.0 (Linux; Android 10; K) AppleWebKit/537.36 (KHTML, like Gecko) Chrome/146.0.0.0 Mobile Safari/537.36"
171.251.153.55 - - [18/Mar/2026:19:48:30 +0700] "GET /wp-content/plugins/elementor/assets/js/nested-title-keyboard-handler.2a67d3cc630e11815acc.bundle.min.js HTTP/2" 304 0 "https://test2.proid.vn/?my-pro-id=proideefb94b2" "Mozilla/5.0 (Linux; Android 10; K) AppleWebKit/537.36 (KHTML, like Gecko) Chrome/146.0.0.0 Mobile Safari/537.36"
171.251.153.55 - - [18/Mar/2026:19:48:22 +0700] "GET /wp-content/uploads/2024/02/placeholder.png HTTP/2" 404 37489 "https://test2.proid.vn/?my-pro-id=proideefb94b2" "Mozilla/5.0 (Linux; Android 10; K) AppleWebKit/537.36 (KHTML, like Gecko) Chrome/146.0.0.0 Mobile Safari/537.36"
103.200.23.149 - - [18/Mar/2026:19:48:22 +0700] "GET /wp-admin/admin-ajax.php?action=wordfence_doScan&isFork=1&scanMode=highsensitivity&cronKey=623c31282c6219f8078f0bde91449ee6&signature=0d282357974f823eb78ed9e9d90c57b9b75f0086184a39f26c4c9e4444a77b64 HTTP/1.1" 200 0 "-" "WordPress/6.9.4; https://test2.proid.vn"
103.200.23.149 - - [18/Mar/2026:19:49:14 +0700] "POST /wp-cron.php?doing_wp_cron=1773838154.4534630775451660156250 HTTP/1.1" 200 0 "-" "WordPress/6.9.4; https://test2.proid.vn"
103.200.23.149 - - [18/Mar/2026:19:49:13 +0700] "GET /wp-admin/admin-ajax.php?action=wordfence_doScan&isFork=1&scanMode=highsensitivity&cronKey=90b935c07b6bf29278430aa1074ac7b3&signature=9a46969951731922a45a56687036a3e6f3603fa18c3ed0bf7a88600e5bbe5887 HTTP/1.1" 200 0 "-" "WordPress/6.9.4; https://test2.proid.vn"
113.178.44.24 - - [18/Mar/2026:19:49:32 +0700] "POST /wp-admin/admin-ajax.php HTTP/2" 200 67 "https://test2.proid.vn/wp-admin/admin.php?action=installer&_wpnonce=f9d4ba3e66&page=duplicator-pro-tools&tab=diagnostics&subtab=diagnosticsdiagnostic" "Mozilla/5.0 (Windows NT 10.0; Win64; x64) AppleWebKit/537.36 (KHTML, like Gecko) Chrome/146.0.0.0 Safari/537.36"
113.178.44.24 - - [18/Mar/2026:19:49:35 +0700] "POST /wp-admin/admin-ajax.php HTTP/2" 200 31 "https://test2.proid.vn/wp-admin/admin.php?action=installer&_wpnonce=f9d4ba3e66&page=duplicator-pro-tools&tab=diagnostics&subtab=diagnosticsdiagnostic" "Mozilla/5.0 (Windows NT 10.0; Win64; x64) AppleWebKit/537.36 (KHTML, like Gecko) Chrome/146.0.0.0 Safari/537.36"
103.200.23.149 - - [18/Mar/2026:19:50:04 +0700] "POST /wp-cron.php?doing_wp_cron=1773838204.4262909889221191406250 HTTP/1.1" 200 0 "-" "WordPress/6.9.4; https://test2.proid.vn"
103.200.23.149 - - [18/Mar/2026:19:50:03 +0700] "GET /wp-admin/admin-ajax.php?action=wordfence_doScan&isFork=1&scanMode=highsensitivity&cronKey=d9d7f9ee7040efa108ebe78b736b2e99&signature=a93b69d6886a9bf45a57b3a5b386b29d7a2a4f24958dec1bf866e6e29caf15a6 HTTP/1.1" 200 0 "-" "WordPress/6.9.4; https://test2.proid.vn"
103.200.23.149 - - [18/Mar/2026:19:50:35 +0700] "POST /wp-cron.php?doing_wp_cron=1773838235.6284780502319335937500 HTTP/1.1" 200 0 "-" "WordPress/6.9.4; https://test2.proid.vn"
113.178.44.24 - - [18/Mar/2026:19:50:32 +0700] "POST /wp-admin/admin-ajax.php HTTP/2" 200 67 "https://test2.proid.vn/wp-admin/admin.php?action=installer&_wpnonce=f9d4ba3e66&page=duplicator-pro-tools&tab=diagnostics&subtab=diagnosticsdiagnostic" "Mozilla/5.0 (Windows NT 10.0; Win64; x64) AppleWebKit/537.36 (KHTML, like Gecko) Chrome/146.0.0.0 Safari/537.36"
113.178.44.24 - - [18/Mar/2026:19:50:35 +0700] "POST /wp-admin/admin-ajax.php HTTP/2" 200 31 "https://test2.proid.vn/wp-admin/admin.php?action=installer&_wpnonce=f9d4ba3e66&page=duplicator-pro-tools&tab=diagnostics&subtab=diagnosticsdiagnostic" "Mozilla/5.0 (Windows NT 10.0; Win64; x64) AppleWebKit/537.36 (KHTML, like Gecko) Chrome/146.0.0.0 Safari/537.36"
103.200.23.149 - - [18/Mar/2026:19:50:53 +0700] "POST /wp-cron.php?doing_wp_cron=1773838253.4143850803375244140625 HTTP/1.1" 200 0 "-" "WordPress/6.9.4; https://test2.proid.vn"
103.200.23.149 - - [18/Mar/2026:19:50:52 +0700] "GET /wp-admin/admin-ajax.php?action=wordfence_doScan&isFork=1&scanMode=highsensitivity&cronKey=704f2c73fcbee4a390da0b0974f1424c&signature=43c3b1957cd3b27ac828d93ca373fd6485396480b5fff5c05f81509d285d7656 HTTP/1.1" 200 0 "-" "WordPress/6.9.4; https://test2.proid.vn"
113.178.44.24 - - [18/Mar/2026:19:49:45 +0700] "GET /wp-admin/plugins.php HTTP/2" 200 0 "https://test2.proid.vn/wp-admin/admin.php?action=installer&_wpnonce=f9d4ba3e66&page=duplicator-pro-tools&tab=diagnostics&subtab=diagnosticsdiagnostic" "Mozilla/5.0 (Windows NT 10.0; Win64; x64) AppleWebKit/537.36 (KHTML, like Gecko) Chrome/146.0.0.0 Safari/537.36"
103.200.23.149 - - [18/Mar/2026:19:51:07 +0700] "POST /wp-cron.php?doing_wp_cron=1773838267.6710000038146972656250 HTTP/1.1" 200 0 "-" "WordPress/6.9.4; https://test2.proid.vn"
113.178.44.24 - - [18/Mar/2026:19:51:33 +0700] "POST /wp-admin/admin-ajax.php HTTP/2" 200 67 "https://test2.proid.vn/wp-admin/admin.php?action=installer&_wpnonce=f9d4ba3e66&page=duplicator-pro-tools&tab=diagnostics&subtab=diagnosticsdiagnostic" "Mozilla/5.0 (Windows NT 10.0; Win64; x64) AppleWebKit/537.36 (KHTML, like Gecko) Chrome/146.0.0.0 Safari/537.36"
113.178.44.24 - - [18/Mar/2026:19:51:36 +0700] "POST /wp-admin/admin-ajax.php HTTP/2" 200 31 "https://test2.proid.vn/wp-admin/admin.php?action=installer&_wpnonce=f9d4ba3e66&page=duplicator-pro-tools&tab=diagnostics&subtab=diagnosticsdiagnostic" "Mozilla/5.0 (Windows NT 10.0; Win64; x64) AppleWebKit/537.36 (KHTML, like Gecko) Chrome/146.0.0.0 Safari/537.36"
113.178.44.24 - - [18/Mar/2026:19:51:04 +0700] "GET /wp-admin/plugins.php HTTP/2" 200 107251 "https://test2.proid.vn/wp-admin/admin.php?action=installer&_wpnonce=f9d4ba3e66&page=duplicator-pro-tools&tab=diagnostics&subtab=diagnosticsdiagnostic" "Mozilla/5.0 (Windows NT 10.0; Win64; x64) AppleWebKit/537.36 (KHTML, like Gecko) Chrome/146.0.0.0 Safari/537.36"
113.178.44.24 - - [18/Mar/2026:19:51:46 +0700] "GET /wp-content/plugins/wordfence/css/wf-colorbox.1710170544.css?ver=7.11.4 HTTP/2" 200 1980 "https://test2.proid.vn/wp-admin/plugins.php" "Mozilla/5.0 (Windows NT 10.0; Win64; x64) AppleWebKit/537.36 (KHTML, like Gecko) Chrome/146.0.0.0 Safari/537.36"
113.178.44.24 - - [18/Mar/2026:19:51:46 +0700] "GET /wp-content/plugins/wp-all-import-pro/static/css/plugin-update-styles.css?ver=4.8.5 HTTP/2" 200 275 "https://test2.proid.vn/wp-admin/plugins.php" "Mozilla/5.0 (Windows NT 10.0; Win64; x64) AppleWebKit/537.36 (KHTML, like Gecko) Chrome/146.0.0.0 Safari/537.36"
113.178.44.24 - - [18/Mar/2026:19:51:46 +0700] "GET /wp-content/plugins/admin-menu-editor-pro/js/admin-helpers.js?ver=20160407-2 HTTP/2" 304 0 "https://test2.proid.vn/wp-admin/plugins.php" "Mozilla/5.0 (Windows NT 10.0; Win64; x64) AppleWebKit/537.36 (KHTML, like Gecko) Chrome/146.0.0.0 Safari/537.36"
113.178.44.24 - - [18/Mar/2026:19:51:46 +0700] "GET /wp-content/plugins/wordfence/js/wfi18n.1710170544.js?ver=7.11.4 HTTP/2" 304 0 "https://test2.proid.vn/wp-admin/plugins.php" "Mozilla/5.0 (Windows NT 10.0; Win64; x64) AppleWebKit/537.36 (KHTML, like Gecko) Chrome/146.0.0.0 Safari/537.36"
113.178.44.24 - - [18/Mar/2026:19:51:46 +0700] "GET /wp-content/plugins/wordfence/js/wfglobal.1710170544.js?ver=7.11.4 HTTP/2" 304 0 "https://test2.proid.vn/wp-admin/plugins.php" "Mozilla/5.0 (Windows NT 10.0; Win64; x64) AppleWebKit/537.36 (KHTML, like Gecko) Chrome/146.0.0.0 Safari/537.36"
113.178.44.24 - - [18/Mar/2026:19:51:46 +0700] "GET /wp-content/plugins/wordfence/js/jquery.colorbox-min.1710170544.js?ver=7.11.4 HTTP/2" 200 4466 "https://test2.proid.vn/wp-admin/plugins.php" "Mozilla/5.0 (Windows NT 10.0; Win64; x64) AppleWebKit/537.36 (KHTML, like Gecko) Chrome/146.0.0.0 Safari/537.36"
113.178.44.24 - - [18/Mar/2026:19:51:46 +0700] "GET /wp-content/plugins/wp-all-export-pro/static/js/pmxe.js?ver=1.8.6 HTTP/2" 304 0 "https://test2.proid.vn/wp-admin/plugins.php" "Mozilla/5.0 (Windows NT 10.0; Win64; x64) AppleWebKit/537.36 (KHTML, like Gecko) Chrome/146.0.0.0 Safari/537.36"
113.178.44.24 - - [18/Mar/2026:19:51:46 +0700] "GET /wp-content/plugins/wp-all-export-pro/static/js/pmxe_notice_dismiss.js?ver=1.8.6 HTTP/2" 304 0 "https://test2.proid.vn/wp-admin/plugins.php" "Mozilla/5.0 (Windows NT 10.0; Win64; x64) AppleWebKit/537.36 (KHTML, like Gecko) Chrome/146.0.0.0 Safari/537.36"
113.178.44.24 - - [18/Mar/2026:19:51:46 +0700] "GET /wp-content/plugins/admin-menu-editor-pro/js/jquery.biscuit.js?ver=1773829591 HTTP/2" 304 0 "https://test2.proid.vn/wp-admin/plugins.php" "Mozilla/5.0 (Windows NT 10.0; Win64; x64) AppleWebKit/537.36 (KHTML, like Gecko) Chrome/146.0.0.0 Safari/537.36"
113.178.44.24 - - [18/Mar/2026:19:51:46 +0700] "GET /wp-content/plugins/admin-menu-editor-pro/extras/pro-admin-helpers.js?ver=1773829591 HTTP/2" 304 0 "https://test2.proid.vn/wp-admin/plugins.php" "Mozilla/5.0 (Windows NT 10.0; Win64; x64) AppleWebKit/537.36 (KHTML, like Gecko) Chrome/146.0.0.0 Safari/537.36"
113.178.44.24 - - [18/Mar/2026:19:51:46 +0700] "GET /wp-content/plugins/FS-License-Manager/assets/js/jsoneditor.min.js?ver=6.9.4 HTTP/2" 304 0 "https://test2.proid.vn/wp-admin/plugins.php" "Mozilla/5.0 (Windows NT 10.0; Win64; x64) AppleWebKit/537.36 (KHTML, like Gecko) Chrome/146.0.0.0 Safari/537.36"
113.178.44.24 - - [18/Mar/2026:19:51:46 +0700] "GET /wp-content/plugins/FS-License-Manager/assets/js/sortTable.js?ver=6.9.4 HTTP/2" 304 0 "https://test2.proid.vn/wp-admin/plugins.php" "Mozilla/5.0 (Windows NT 10.0; Win64; x64) AppleWebKit/537.36 (KHTML, like Gecko) Chrome/146.0.0.0 Safari/537.36"
113.178.44.24 - - [18/Mar/2026:19:51:46 +0700] "GET /wp-content/plugins/FS-License-Manager/assets/select2/js/select2.full.min.js?ver=6.9.4 HTTP/2" 304 0 "https://test2.proid.vn/wp-admin/plugins.php" "Mozilla/5.0 (Windows NT 10.0; Win64; x64) AppleWebKit/537.36 (KHTML, like Gecko) Chrome/146.0.0.0 Safari/537.36"
113.178.44.24 - - [18/Mar/2026:19:51:46 +0700] "GET /wp-content/plugins/FS-License-Manager/assets/js/main.js?ver=444 HTTP/2" 304 0 "https://test2.proid.vn/wp-admin/plugins.php" "Mozilla/5.0 (Windows NT 10.0; Win64; x64) AppleWebKit/537.36 (KHTML, like Gecko) Chrome/146.0.0.0 Safari/537.36"
113.178.44.24 - - [18/Mar/2026:19:51:46 +0700] "GET /wp-content/plugins/wp-hide-backed-notices/admin/js/wp-hide-backed-notices-admin.js?ver=1.2.3 HTTP/2" 304 0 "https://test2.proid.vn/wp-admin/plugins.php" "Mozilla/5.0 (Windows NT 10.0; Win64; x64) AppleWebKit/537.36 (KHTML, like Gecko) Chrome/146.0.0.0 Safari/537.36"
113.178.44.24 - - [18/Mar/2026:19:51:46 +0700] "GET /wp-content/plugins/wordfence/js/admin.ajaxWatcher.1710170544.js?ver=7.11.4 HTTP/2" 304 0 "https://test2.proid.vn/wp-admin/plugins.php" "Mozilla/5.0 (Windows NT 10.0; Win64; x64) AppleWebKit/537.36 (KHTML, like Gecko) Chrome/146.0.0.0 Safari/537.36"
113.178.44.24 - - [18/Mar/2026:19:51:46 +0700] "GET /wp-content/plugins/wordfence/js/wfdashboard.1710170544.js?ver=7.11.4 HTTP/2" 304 0 "https://test2.proid.vn/wp-admin/plugins.php" "Mozilla/5.0 (Windows NT 10.0; Win64; x64) AppleWebKit/537.36 (KHTML, like Gecko) Chrome/146.0.0.0 Safari/537.36"
113.178.44.24 - - [18/Mar/2026:19:51:46 +0700] "GET /wp-content/plugins/wordfence/js/wfpopover.1710170544.js?ver=7.11.4 HTTP/2" 304 0 "https://test2.proid.vn/wp-admin/plugins.php" "Mozilla/5.0 (Windows NT 10.0; Win64; x64) AppleWebKit/537.36 (KHTML, like Gecko) Chrome/146.0.0.0 Safari/537.36"
113.178.44.24 - - [18/Mar/2026:19:51:46 +0700] "GET /wp-content/plugins/loginpress-pro/js/main.js?ver=1.8.0 HTTP/2" 304 0 "https://test2.proid.vn/wp-admin/plugins.php" "Mozilla/5.0 (Windows NT 10.0; Win64; x64) AppleWebKit/537.36 (KHTML, like Gecko) Chrome/146.0.0.0 Safari/537.36"
113.178.44.24 - - [18/Mar/2026:19:51:46 +0700] "GET /wp-admin/images/spinner.gif HTTP/2" 200 3656 "https://test2.proid.vn/wp-admin/plugins.php" "Mozilla/5.0 (Windows NT 10.0; Win64; x64) AppleWebKit/537.36 (KHTML, like Gecko) Chrome/146.0.0.0 Safari/537.36"
113.178.44.24 - - [18/Mar/2026:19:51:46 +0700] "GET /wp-content/plugins/jetformbuilder/modules/admin/assets/build/go-pro.css?ver=3.4.7 HTTP/2" 200 92 "https://test2.proid.vn/wp-admin/plugins.php" "Mozilla/5.0 (Windows NT 10.0; Win64; x64) AppleWebKit/537.36 (KHTML, like Gecko) Chrome/146.0.0.0 Safari/537.36"
113.178.44.24 - - [18/Mar/2026:19:51:46 +0700] "GET /wp-includes/js/wp-pointer.min.js?ver=6.9.4 HTTP/2" 304 0 "https://test2.proid.vn/wp-admin/plugins.php" "Mozilla/5.0 (Windows NT 10.0; Win64; x64) AppleWebKit/537.36 (KHTML, like Gecko) Chrome/146.0.0.0 Safari/537.36"
113.178.44.24 - - [18/Mar/2026:19:51:46 +0700] "GET /wp-content/plugins/wp-all-import-pro/static/js/wp-all-import.js?ver=4.8.5 HTTP/2" 304 0 "https://test2.proid.vn/wp-admin/plugins.php" "Mozilla/5.0 (Windows NT 10.0; Win64; x64) AppleWebKit/537.36 (KHTML, like Gecko) Chrome/146.0.0.0 Safari/537.36"
113.178.44.24 - - [18/Mar/2026:19:51:46 +0700] "GET /wp-content/plugins/admin-menu-editor-pro/js/menu-highlight-fix.js?ver=1773829591 HTTP/2" 304 0 "https://test2.proid.vn/wp-admin/plugins.php" "Mozilla/5.0 (Windows NT 10.0; Win64; x64) AppleWebKit/537.36 (KHTML, like Gecko) Chrome/146.0.0.0 Safari/537.36"
113.178.44.24 - - [18/Mar/2026:19:51:46 +0700] "GET /wp-includes/js/backbone.min.js?ver=1.6.0 HTTP/2" 304 0 "https://test2.proid.vn/wp-admin/plugins.php" "Mozilla/5.0 (Windows NT 10.0; Win64; x64) AppleWebKit/537.36 (KHTML, like Gecko) Chrome/146.0.0.0 Safari/537.36"
113.178.44.24 - - [18/Mar/2026:19:51:46 +0700] "GET /wp-content/plugins/elementor/assets/lib/backbone/backbone.marionette.min.js?ver=2.4.5.e1 HTTP/2" 304 0 "https://test2.proid.vn/wp-admin/plugins.php" "Mozilla/5.0 (Windows NT 10.0; Win64; x64) AppleWebKit/537.36 (KHTML, like Gecko) Chrome/146.0.0.0 Safari/537.36"
113.178.44.24 - - [18/Mar/2026:19:51:46 +0700] "GET /wp-content/plugins/elementor/assets/lib/backbone/backbone.radio.min.js?ver=1.0.4 HTTP/2" 304 0 "https://test2.proid.vn/wp-admin/plugins.php" "Mozilla/5.0 (Windows NT 10.0; Win64; x64) AppleWebKit/537.36 (KHTML, like Gecko) Chrome/146.0.0.0 Safari/537.36"
113.178.44.24 - - [18/Mar/2026:19:51:46 +0700] "GET /wp-content/plugins/elementor/assets/js/common-modules.min.js?ver=3.35.4 HTTP/2" 304 0 "https://test2.proid.vn/wp-admin/plugins.php" "Mozilla/5.0 (Windows NT 10.0; Win64; x64) AppleWebKit/537.36 (KHTML, like Gecko) Chrome/146.0.0.0 Safari/537.36"
113.178.44.24 - - [18/Mar/2026:19:51:46 +0700] "GET /wp-content/plugins/elementor/assets/js/web-cli.min.js?ver=3.35.4 HTTP/2" 304 0 "https://test2.proid.vn/wp-admin/plugins.php" "Mozilla/5.0 (Windows NT 10.0; Win64; x64) AppleWebKit/537.36 (KHTML, like Gecko) Chrome/146.0.0.0 Safari/537.36"
113.178.44.24 - - [18/Mar/2026:19:51:46 +0700] "GET /wp-content/plugins/elementor/assets/lib/dialog/dialog.min.js?ver=4.9.0 HTTP/2" 304 0 "https://test2.proid.vn/wp-admin/plugins.php" "Mozilla/5.0 (Windows NT 10.0; Win64; x64) AppleWebKit/537.36 (KHTML, like Gecko) Chrome/146.0.0.0 Safari/537.36"
113.178.44.24 - - [18/Mar/2026:19:51:46 +0700] "GET /wp-content/plugins/elementor/assets/js/dev-tools.min.js?ver=3.35.4 HTTP/2" 304 0 "https://test2.proid.vn/wp-admin/plugins.php" "Mozilla/5.0 (Windows NT 10.0; Win64; x64) AppleWebKit/537.36 (KHTML, like Gecko) Chrome/146.0.0.0 Safari/537.36"
113.178.44.24 - - [18/Mar/2026:19:51:46 +0700] "GET /wp-content/plugins/elementor/assets/js/common.min.js?ver=3.35.4 HTTP/2" 304 0 "https://test2.proid.vn/wp-admin/plugins.php" "Mozilla/5.0 (Windows NT 10.0; Win64; x64) AppleWebKit/537.36 (KHTML, like Gecko) Chrome/146.0.0.0 Safari/537.36"
113.178.44.24 - - [18/Mar/2026:19:51:46 +0700] "GET /wp-content/plugins/elementor/assets/js/app-loader.min.js?ver=3.35.4 HTTP/2" 304 0 "https://test2.proid.vn/wp-admin/plugins.php" "Mozilla/5.0 (Windows NT 10.0; Win64; x64) AppleWebKit/537.36 (KHTML, like Gecko) Chrome/146.0.0.0 Safari/537.36"
113.178.44.24 - - [18/Mar/2026:19:51:46 +0700] "GET /wp-content/plugins/elementor/vendor/elementor/wp-one-package/assets/build/common.js?ver=71fc09ea1a9e23155639 HTTP/2" 304 0 "https://test2.proid.vn/wp-admin/plugins.php" "Mozilla/5.0 (Windows NT 10.0; Win64; x64) AppleWebKit/537.36 (KHTML, like Gecko) Chrome/146.0.0.0 Safari/537.36"
113.178.44.24 - - [18/Mar/2026:19:51:46 +0700] "GET /wp-content/plugins/elementor/assets/js/admin-modules.min.js?ver=3.35.4 HTTP/2" 304 0 "https://test2.proid.vn/wp-admin/plugins.php" "Mozilla/5.0 (Windows NT 10.0; Win64; x64) AppleWebKit/537.36 (KHTML, like Gecko) Chrome/146.0.0.0 Safari/537.36"
113.178.44.24 - - [18/Mar/2026:19:51:46 +0700] "GET /wp-content/plugins/elementor/assets/js/admin.min.js?ver=3.35.4 HTTP/2" 304 0 "https://test2.proid.vn/wp-admin/plugins.php" "Mozilla/5.0 (Windows NT 10.0; Win64; x64) AppleWebKit/537.36 (KHTML, like Gecko) Chrome/146.0.0.0 Safari/537.36"
113.178.44.24 - - [18/Mar/2026:19:51:46 +0700] "GET /wp-content/plugins/elementor-pro/assets/js/admin.min.js?ver=3.35.1 HTTP/2" 304 0 "https://test2.proid.vn/wp-admin/plugins.php" "Mozilla/5.0 (Windows NT 10.0; Win64; x64) AppleWebKit/537.36 (KHTML, like Gecko) Chrome/146.0.0.0 Safari/537.36"
113.178.44.24 - - [18/Mar/2026:19:51:46 +0700] "GET /wp-content/plugins/elementor/assets/js/editor-one-menu.min.js?ver=3.35.4 HTTP/2" 304 0 "https://test2.proid.vn/wp-admin/plugins.php" "Mozilla/5.0 (Windows NT 10.0; Win64; x64) AppleWebKit/537.36 (KHTML, like Gecko) Chrome/146.0.0.0 Safari/537.36"
113.178.44.24 - - [18/Mar/2026:19:51:46 +0700] "GET /wp-content/plugins/elementor/assets/js/import-export-admin.min.js?ver=3.35.4 HTTP/2" 304 0 "https://test2.proid.vn/wp-admin/plugins.php" "Mozilla/5.0 (Windows NT 10.0; Win64; x64) AppleWebKit/537.36 (KHTML, like Gecko) Chrome/146.0.0.0 Safari/537.36"
113.178.44.24 - - [18/Mar/2026:19:51:46 +0700] "GET /wp-content/plugins/elementor/assets/js/admin-feedback.min.js?ver=3.35.4 HTTP/2" 200 747 "https://test2.proid.vn/wp-admin/plugins.php" "Mozilla/5.0 (Windows NT 10.0; Win64; x64) AppleWebKit/537.36 (KHTML, like Gecko) Chrome/146.0.0.0 Safari/537.36"
113.178.44.24 - - [18/Mar/2026:19:51:47 +0700] "GET /wp-content/plugins/elementor/assets/js/import-export-customization-admin.min.js?ver=3.35.4 HTTP/2" 304 0 "https://test2.proid.vn/wp-admin/plugins.php" "Mozilla/5.0 (Windows NT 10.0; Win64; x64) AppleWebKit/537.36 (KHTML, like Gecko) Chrome/146.0.0.0 Safari/537.36"
113.178.44.24 - - [18/Mar/2026:19:51:47 +0700] "GET /wp-content/plugins/duplicator-pro/assets/js/global-admin-script.js?ver=4.5.15 HTTP/2" 304 0 "https://test2.proid.vn/wp-admin/plugins.php" "Mozilla/5.0 (Windows NT 10.0; Win64; x64) AppleWebKit/537.36 (KHTML, like Gecko) Chrome/146.0.0.0 Safari/537.36"
113.178.44.24 - - [18/Mar/2026:19:51:47 +0700] "GET /wp-content/plugins/elementor/assets/lib/eicons/fonts/eicons.woff2?5.47.0 HTTP/2" 200 105172 "https://test2.proid.vn/wp-content/plugins/elementor/assets/lib/eicons/css/elementor-icons.min.css?ver=5.47.0" "Mozilla/5.0 (Windows NT 10.0; Win64; x64) AppleWebKit/537.36 (KHTML, like Gecko) Chrome/146.0.0.0 Safari/537.36"
103.200.23.149 - - [18/Mar/2026:19:51:41 +0700] "GET /wp-admin/admin-ajax.php?action=wordfence_doScan&isFork=1&scanMode=highsensitivity&cronKey=e74c0f4a31294ce297d1fc2afd08f6ba&signature=361fe241b1347a7bd8bdd1442cf51a4ea3bcf7c330800ed58c5840d9eeb641d9 HTTP/1.1" 200 0 "-" "WordPress/6.9.4; https://test2.proid.vn"
103.200.23.149 - - [18/Mar/2026:19:52:32 +0700] "POST /wp-cron.php?doing_wp_cron=1773838352.4250199794769287109375 HTTP/1.1" 200 0 "-" "WordPress/6.9.4; https://test2.proid.vn"
103.200.23.149 - - [18/Mar/2026:19:52:31 +0700] "GET /wp-admin/admin-ajax.php?action=wordfence_doScan&isFork=1&scanMode=highsensitivity&cronKey=b3ff2257dc0a8300fdfea63e5076d3f5&signature=235784d091b855f6130a34b98299b1f866c68727853c393daa4a5fedcede12e2 HTTP/1.1" 200 0 "-" "WordPress/6.9.4; https://test2.proid.vn"
103.200.23.149 - - [18/Mar/2026:19:53:21 +0700] "POST /wp-cron.php?doing_wp_cron=1773838401.4094159603118896484375 HTTP/1.1" 200 0 "-" "WordPress/6.9.4; https://test2.proid.vn"
103.200.23.149 - - [18/Mar/2026:19:53:20 +0700] "GET /wp-admin/admin-ajax.php?action=wordfence_doScan&isFork=1&scanMode=highsensitivity&cronKey=1c3520238bf13b70936a3b5b52663fad&signature=aaaec2a248d057fbe3a9ce28809b1185681b795eeb2c0a7d4ce1bb6a82219590 HTTP/1.1" 200 0 "-" "WordPress/6.9.4; https://test2.proid.vn"
103.200.23.149 - - [18/Mar/2026:19:53:52 +0700] "POST /wp-cron.php?doing_wp_cron=1773838432.0427451133728027343750 HTTP/1.1" 200 0 "-" "WordPress/6.9.4; https://test2.proid.vn"
113.178.44.24 - - [18/Mar/2026:19:53:48 +0700] "POST /wp-admin/admin-ajax.php HTTP/2" 200 51 "https://test2.proid.vn/wp-admin/plugins.php" "Mozilla/5.0 (Windows NT 10.0; Win64; x64) AppleWebKit/537.36 (KHTML, like Gecko) Chrome/146.0.0.0 Safari/537.36"
103.200.23.149 - - [18/Mar/2026:19:54:12 +0700] "POST /wp-cron.php?doing_wp_cron=1773838452.3814470767974853515625 HTTP/1.1" 200 0 "-" "WordPress/6.9.4; https://test2.proid.vn"
103.200.23.149 - - [18/Mar/2026:19:54:11 +0700] "GET /wp-admin/admin-ajax.php?action=wordfence_doScan&isFork=1&scanMode=highsensitivity&cronKey=148fa2f66b81ece2f7040cb1058ec2e8&signature=3c1bf069c585a4c8e9ea33441291b980538ffa31e73ed0f68f5d43162053ecc6 HTTP/1.1" 200 0 "-" "WordPress/6.9.4; https://test2.proid.vn"
103.200.23.149 - - [18/Mar/2026:19:55:02 +0700] "POST /wp-cron.php?doing_wp_cron=1773838502.3882489204406738281250 HTTP/1.1" 200 0 "-" "WordPress/6.9.4; https://test2.proid.vn"
103.200.23.149 - - [18/Mar/2026:19:55:01 +0700] "GET /wp-admin/admin-ajax.php?action=wordfence_doScan&isFork=1&scanMode=highsensitivity&cronKey=50015b5f8f3db08d842f52b3a42cb92f&signature=69aeaf4974863f4dc17593297e61615e02dfcd8ba7ac9fa1851e2adc12fc11ee HTTP/1.1" 200 0 "-" "WordPress/6.9.4; https://test2.proid.vn"
103.200.23.149 - - [18/Mar/2026:19:55:51 +0700] "POST /wp-cron.php?doing_wp_cron=1773838551.3683710098266601562500 HTTP/1.1" 200 0 "-" "WordPress/6.9.4; https://test2.proid.vn"
113.178.44.24 - - [18/Mar/2026:19:55:49 +0700] "POST /wp-admin/admin-ajax.php HTTP/2" 200 51 "https://test2.proid.vn/wp-admin/plugins.php" "Mozilla/5.0 (Windows NT 10.0; Win64; x64) AppleWebKit/537.36 (KHTML, like Gecko) Chrome/146.0.0.0 Safari/537.36"
103.200.23.149 - - [18/Mar/2026:19:55:50 +0700] "GET /wp-admin/admin-ajax.php?action=wordfence_doScan&isFork=1&scanMode=highsensitivity&cronKey=f5753ab0526d9ab26415222f33e41142&signature=0ec0a9f48393cafb5e51f5f19c575256f6963fcee1355525e233f84e79d4addc HTTP/1.1" 200 0 "-" "WordPress/6.9.4; https://test2.proid.vn"
103.200.23.149 - - [18/Mar/2026:19:56:41 +0700] "POST /wp-cron.php?doing_wp_cron=1773838601.3745229244232177734375 HTTP/1.1" 200 0 "-" "WordPress/6.9.4; https://test2.proid.vn"
103.200.23.149 - - [18/Mar/2026:19:56:40 +0700] "GET /wp-admin/admin-ajax.php?action=wordfence_doScan&isFork=1&scanMode=highsensitivity&cronKey=5cf1bf5eeb04e931f5b9b93ebf1af01d&signature=6cac9a9e338f019e0bcefb16c68b2fa49bb990461ff448dc16619305a335541f HTTP/1.1" 200 0 "-" "WordPress/6.9.4; https://test2.proid.vn"
103.200.23.149 - - [18/Mar/2026:19:57:30 +0700] "POST /wp-cron.php?doing_wp_cron=1773838650.3454129695892333984375 HTTP/1.1" 200 0 "-" "WordPress/6.9.4; https://test2.proid.vn"
103.200.23.149 - - [18/Mar/2026:19:57:29 +0700] "GET /wp-admin/admin-ajax.php?action=wordfence_doScan&isFork=1&scanMode=highsensitivity&cronKey=921122e0191088746e7ca92f72cb0bd7&signature=8c68ee4d0d8275394f24e25283630aeb97b08703171e01fe90d19e0dbb1fb4b2 HTTP/1.1" 200 0 "-" "WordPress/6.9.4; https://test2.proid.vn"
103.200.23.149 - - [18/Mar/2026:19:57:55 +0700] "POST /wp-cron.php?doing_wp_cron=1773838675.2435879707336425781250 HTTP/1.1" 200 0 "-" "WordPress/6.9.4; https://test2.proid.vn"
113.178.44.24 - - [18/Mar/2026:19:57:51 +0700] "POST /wp-admin/admin-ajax.php HTTP/2" 200 51 "https://test2.proid.vn/wp-admin/plugins.php" "Mozilla/5.0 (Windows NT 10.0; Win64; x64) AppleWebKit/537.36 (KHTML, like Gecko) Chrome/146.0.0.0 Safari/537.36"
103.200.23.149 - - [18/Mar/2026:19:58:20 +0700] "POST /wp-cron.php?doing_wp_cron=1773838700.3306970596313476562500 HTTP/1.1" 200 0 "-" "WordPress/6.9.4; https://test2.proid.vn"
103.200.23.149 - - [18/Mar/2026:19:58:19 +0700] "GET /wp-admin/admin-ajax.php?action=wordfence_doScan&isFork=1&scanMode=highsensitivity&cronKey=943356a94cbb0be0d090fcbfa7b8351e&signature=f9084b02bc0a53070f3e71ae8b84642daec5a2243311a076eed9ed0d5bcc3ffe HTTP/1.1" 200 0 "-" "WordPress/6.9.4; https://test2.proid.vn"
103.200.23.149 - - [18/Mar/2026:19:59:09 +0700] "POST /wp-cron.php?doing_wp_cron=1773838749.3225109577178955078125 HTTP/1.1" 200 0 "-" "WordPress/6.9.4; https://test2.proid.vn"
103.200.23.149 - - [18/Mar/2026:19:59:08 +0700] "GET /wp-admin/admin-ajax.php?action=wordfence_doScan&isFork=1&scanMode=highsensitivity&cronKey=465f9fc7f77a429cecbfbe5a6a26f7eb&signature=5856d6878cc2468646994d1c005b0976c1f5f7261b7ad1cec804d40107321fbb HTTP/1.1" 200 0 "-" "WordPress/6.9.4; https://test2.proid.vn"
113.178.44.24 - - [18/Mar/2026:19:59:16 +0700] "POST /wp-admin/admin-ajax.php HTTP/2" 200 51 "https://test2.proid.vn/wp-admin/plugins.php" "Mozilla/5.0 (Windows NT 10.0; Win64; x64) AppleWebKit/537.36 (KHTML, like Gecko) Chrome/146.0.0.0 Safari/537.36"
103.200.23.149 - - [18/Mar/2026:19:59:59 +0700] "POST /wp-cron.php?doing_wp_cron=1773838799.2953319549560546875000 HTTP/1.1" 200 0 "-" "WordPress/6.9.4; https://test2.proid.vn"
103.200.23.149 - - [18/Mar/2026:19:59:58 +0700] "GET /wp-admin/admin-ajax.php?action=wordfence_doScan&isFork=1&scanMode=highsensitivity&cronKey=f0e9993efb7f7b7bc8a6a9939c2a5618&signature=60234c68ea4062958996bee955d2acd0e737e9aa163715a4e04fd0f2a7474466 HTTP/1.1" 200 0 "-" "WordPress/6.9.4; https://test2.proid.vn"
113.178.44.24 - - [18/Mar/2026:20:00:15 +0700] "POST /wp-admin/admin-ajax.php HTTP/2" 200 51 "https://test2.proid.vn/wp-admin/plugins.php" "Mozilla/5.0 (Windows NT 10.0; Win64; x64) AppleWebKit/537.36 (KHTML, like Gecko) Chrome/146.0.0.0 Safari/537.36"
103.200.23.149 - - [18/Mar/2026:20:00:19 +0700] "POST /wp-cron.php?doing_wp_cron=1773838819.5904169082641601562500 HTTP/1.1" 200 0 "-" "WordPress/6.9.4; https://test2.proid.vn"
103.200.23.149 - - [18/Mar/2026:20:00:49 +0700] "POST /wp-cron.php?doing_wp_cron=1773838849.2917160987854003906250 HTTP/1.1" 200 0 "-" "WordPress/6.9.4; https://test2.proid.vn"
103.200.23.149 - - [18/Mar/2026:20:00:48 +0700] "GET /wp-admin/admin-ajax.php?action=wordfence_doScan&isFork=1&scanMode=highsensitivity&cronKey=f2bb46fe962b5294bec9a1a67b96d8fa&signature=cf40b25d3d3de7d138b912075b82e638a0338535c2654cd067025e432b77ca56 HTTP/1.1" 200 0 "-" "WordPress/6.9.4; https://test2.proid.vn"
103.200.23.149 - - [18/Mar/2026:20:01:19 +0700] "POST /wp-cron.php?doing_wp_cron=1773838879.8347759246826171875000 HTTP/1.1" 200 0 "-" "WordPress/6.9.4; https://test2.proid.vn"
113.178.44.24 - - [18/Mar/2026:20:01:16 +0700] "POST /wp-admin/admin-ajax.php HTTP/2" 200 51 "https://test2.proid.vn/wp-admin/plugins.php" "Mozilla/5.0 (Windows NT 10.0; Win64; x64) AppleWebKit/537.36 (KHTML, like Gecko) Chrome/146.0.0.0 Safari/537.36"
113.178.44.24 - - [18/Mar/2026:19:59:20 +0700] "GET /wp-admin/plugins.php?plugin_status=inactive HTTP/2" 500 384 "https://test2.proid.vn/wp-admin/plugins.php" "Mozilla/5.0 (Windows NT 10.0; Win64; x64) AppleWebKit/537.36 (KHTML, like Gecko) Chrome/146.0.0.0 Safari/537.36"
103.200.23.149 - - [18/Mar/2026:20:01:39 +0700] "POST /wp-cron.php?doing_wp_cron=1773838899.2629680633544921875000 HTTP/1.1" 200 0 "-" "WordPress/6.9.4; https://test2.proid.vn"
103.200.23.149 - - [18/Mar/2026:20:01:38 +0700] "GET /wp-admin/admin-ajax.php?action=wordfence_doScan&isFork=1&scanMode=highsensitivity&cronKey=e197cf6fca1f47c1f3dc1597405b0f05&signature=b97f09203f0b80bfc4f887870f98dcf0188e742def2618b8069c63cb974e980e HTTP/1.1" 200 0 "-" "WordPress/6.9.4; https://test2.proid.vn"
103.200.23.149 - - [18/Mar/2026:20:02:28 +0700] "GET /wp-admin/admin-ajax.php?action=wordfence_doScan&isFork=1&scanMode=highsensitivity&cronKey=66637217b1e1eef506b279bf4012fe51&signature=fceac337f38d1ddb9a4d9708d2d6f4c223c67b0cf1166997f833cecd7c0a7d2e HTTP/1.1" 200 0 "-" "WordPress/6.9.4; https://test2.proid.vn"
113.178.44.24 - - [18/Mar/2026:20:01:25 +0700] "GET /wp-admin/plugins.php?plugin_status=inactive HTTP/2" 200 93703 "https://test2.proid.vn/wp-admin/plugins.php" "Mozilla/5.0 (Windows NT 10.0; Win64; x64) AppleWebKit/537.36 (KHTML, like Gecko) Chrome/146.0.0.0 Safari/537.36"
103.200.23.149 - - [18/Mar/2026:20:02:54 +0700] "POST /wp-cron.php?doing_wp_cron=1773838974.0408320426940917968750 HTTP/1.1" 200 0 "-" "WordPress/6.9.4; https://test2.proid.vn"
103.200.23.149 - - [18/Mar/2026:20:03:32 +0700] "POST /wp-cron.php?doing_wp_cron=1773839012.7212150096893310546875 HTTP/1.1" 200 0 "-" "WordPress/6.9.4; https://test2.proid.vn"
113.178.44.24 - - [18/Mar/2026:20:03:17 +0700] "POST /wp-admin/admin-ajax.php HTTP/2" 200 109 "https://test2.proid.vn/wp-admin/plugins.php?plugin_status=inactive" "Mozilla/5.0 (Windows NT 10.0; Win64; x64) AppleWebKit/537.36 (KHTML, like Gecko) Chrome/146.0.0.0 Safari/537.36"
103.200.23.149 - - [18/Mar/2026:20:03:59 +0700] "POST /wp-cron.php?doing_wp_cron=1773839039.1268239021301269531250 HTTP/1.1" 200 0 "-" "WordPress/6.9.4; https://test2.proid.vn"
113.178.44.24 - - [18/Mar/2026:20:03:55 +0700] "POST /wp-admin/admin-ajax.php HTTP/2" 200 51 "https://test2.proid.vn/wp-admin/plugins.php?plugin_status=inactive" "Mozilla/5.0 (Windows NT 10.0; Win64; x64) AppleWebKit/537.36 (KHTML, like Gecko) Chrome/146.0.0.0 Safari/537.36"
103.200.23.149 - - [18/Mar/2026:20:04:21 +0700] "POST /wp-cron.php?doing_wp_cron=1773839061.4330949783325195312500 HTTP/1.1" 200 0 "-" "WordPress/6.9.4; https://test2.proid.vn"
103.200.23.149 - - [18/Mar/2026:20:04:20 +0700] "GET /wp-admin/admin-ajax.php?action=wordfence_doScan&isFork=1&scanMode=highsensitivity&cronKey=4ead72cdabc8ea4d7ec8015017aa4473&signature=ffb9d14dd02bc1af05f3ddcbd5387d35d2a68bcab362d80055bdba8501e18b48 HTTP/1.1" 200 0 "-" "WordPress/6.9.4; https://test2.proid.vn"
113.178.44.24 - - [18/Mar/2026:20:03:32 +0700] "POST /wp-admin/admin-ajax.php HTTP/2" 200 114 "https://test2.proid.vn/wp-admin/plugins.php?plugin_status=inactive" "Mozilla/5.0 (Windows NT 10.0; Win64; x64) AppleWebKit/537.36 (KHTML, like Gecko) Chrome/146.0.0.0 Safari/537.36"
103.200.23.149 - - [18/Mar/2026:20:04:42 +0700] "POST /wp-cron.php?doing_wp_cron=1773839082.9320719242095947265625 HTTP/1.1" 200 0 "-" "WordPress/6.9.4; https://test2.proid.vn"
103.200.23.149 - - [18/Mar/2026:20:04:55 +0700] "POST /wp-cron.php?doing_wp_cron=1773839095.5316240787506103515625 HTTP/1.1" 200 0 "-" "WordPress/6.9.4; https://test2.proid.vn"
113.178.44.24 - - [18/Mar/2026:20:04:43 +0700] "POST /wp-admin/admin-ajax.php HTTP/2" 200 126 "https://test2.proid.vn/wp-admin/plugins.php?plugin_status=inactive" "Mozilla/5.0 (Windows NT 10.0; Win64; x64) AppleWebKit/537.36 (KHTML, like Gecko) Chrome/146.0.0.0 Safari/537.36"
113.178.44.24 - - [18/Mar/2026:20:04:54 +0700] "POST /wp-admin/admin-ajax.php HTTP/2" 200 51 "https://test2.proid.vn/wp-admin/plugins.php?plugin_status=inactive" "Mozilla/5.0 (Windows NT 10.0; Win64; x64) AppleWebKit/537.36 (KHTML, like Gecko) Chrome/146.0.0.0 Safari/537.36"
103.200.23.149 - - [18/Mar/2026:20:05:09 +0700] "POST /wp-cron.php?doing_wp_cron=1773839109.5274040699005126953125 HTTP/1.1" 200 0 "-" "WordPress/6.9.4; https://test2.proid.vn"
113.178.44.24 - - [18/Mar/2026:20:04:55 +0700] "POST /wp-admin/admin-ajax.php HTTP/2" 200 194 "https://test2.proid.vn/wp-admin/plugins.php?plugin_status=inactive" "Mozilla/5.0 (Windows NT 10.0; Win64; x64) AppleWebKit/537.36 (KHTML, like Gecko) Chrome/146.0.0.0 Safari/537.36"
113.178.44.24 - - [18/Mar/2026:20:05:10 +0700] "POST /wp-admin/admin-ajax.php HTTP/2" 200 130 "https://test2.proid.vn/wp-admin/plugins.php?plugin_status=inactive" "Mozilla/5.0 (Windows NT 10.0; Win64; x64) AppleWebKit/537.36 (KHTML, like Gecko) Chrome/146.0.0.0 Safari/537.36"
113.178.44.24 - - [18/Mar/2026:20:05:33 +0700] "POST /wp-admin/admin-ajax.php HTTP/2" 200 91 "https://test2.proid.vn/wp-admin/plugins.php?plugin_status=inactive" "Mozilla/5.0 (Windows NT 10.0; Win64; x64) AppleWebKit/537.36 (KHTML, like Gecko) Chrome/146.0.0.0 Safari/537.36"
103.200.23.149 - - [18/Mar/2026:20:06:14 +0700] "POST /wp-cron.php?doing_wp_cron=1773839174.3119521141052246093750 HTTP/1.1" 200 0 "-" "WordPress/6.9.4; https://test2.proid.vn"
113.178.44.24 - - [18/Mar/2026:20:06:14 +0700] "POST /wp-admin/admin-ajax.php HTTP/2" 200 109 "https://test2.proid.vn/wp-admin/plugins.php?plugin_status=inactive" "Mozilla/5.0 (Windows NT 10.0; Win64; x64) AppleWebKit/537.36 (KHTML, like Gecko) Chrome/146.0.0.0 Safari/537.36"
113.178.44.24 - - [18/Mar/2026:20:06:56 +0700] "POST /wp-admin/admin-ajax.php HTTP/2" 200 51 "https://test2.proid.vn/wp-admin/plugins.php?plugin_status=inactive" "Mozilla/5.0 (Windows NT 10.0; Win64; x64) AppleWebKit/537.36 (KHTML, like Gecko) Chrome/146.0.0.0 Safari/537.36"
113.178.44.24 - - [18/Mar/2026:20:06:29 +0700] "POST /wp-admin/admin-ajax.php HTTP/2" 200 101 "https://test2.proid.vn/wp-admin/plugins.php?plugin_status=inactive" "Mozilla/5.0 (Windows NT 10.0; Win64; x64) AppleWebKit/537.36 (KHTML, like Gecko) Chrome/146.0.0.0 Safari/537.36"
103.200.23.149 - - [18/Mar/2026:20:07:14 +0700] "POST /wp-cron.php?doing_wp_cron=1773839234.8155779838562011718750 HTTP/1.1" 200 0 "-" "WordPress/6.9.4; https://test2.proid.vn"
113.178.44.24 - - [18/Mar/2026:20:07:12 +0700] "POST /wp-admin/admin-ajax.php HTTP/2" 500 133 "https://test2.proid.vn/wp-admin/plugins.php?plugin_status=inactive" "Mozilla/5.0 (Windows NT 10.0; Win64; x64) AppleWebKit/537.36 (KHTML, like Gecko) Chrome/146.0.0.0 Safari/537.36"
113.178.44.24 - - [18/Mar/2026:20:07:57 +0700] "POST /wp-admin/admin-ajax.php HTTP/2" 200 51 "https://test2.proid.vn/wp-admin/plugins.php?plugin_status=inactive" "Mozilla/5.0 (Windows NT 10.0; Win64; x64) AppleWebKit/537.36 (KHTML, like Gecko) Chrome/146.0.0.0 Safari/537.36"
103.200.23.149 - - [18/Mar/2026:20:10:01 +0700] "POST /wp-cron.php?doing_wp_cron=1773839401.7860989570617675781250 HTTP/1.1" 200 0 "-" "WordPress/6.9.4; https://test2.proid.vn"
113.178.44.24 - - [18/Mar/2026:20:09:58 +0700] "POST /wp-admin/admin-ajax.php HTTP/2" 200 51 "https://test2.proid.vn/wp-admin/plugins.php?plugin_status=inactive" "Mozilla/5.0 (Windows NT 10.0; Win64; x64) AppleWebKit/537.36 (KHTML, like Gecko) Chrome/146.0.0.0 Safari/537.36"
171.251.153.55 - - [18/Mar/2026:20:11:31 +0700] "GET /wp-content/plugins/gutena-accordion/build/view.js?ver=5ee49e43fe188c4120bb HTTP/2" 304 0 "https://test2.proid.vn/?my-pro-id=proideefb94b2" "Mozilla/5.0 (Linux; Android 10; K) AppleWebKit/537.36 (KHTML, like Gecko) Chrome/146.0.0.0 Mobile Safari/537.36"
171.251.153.55 - - [18/Mar/2026:20:11:31 +0700] "GET /wp-includes/js/jquery/jquery.min.js?ver=3.7.1 HTTP/2" 304 0 "https://test2.proid.vn/?my-pro-id=proideefb94b2" "Mozilla/5.0 (Linux; Android 10; K) AppleWebKit/537.36 (KHTML, like Gecko) Chrome/146.0.0.0 Mobile Safari/537.36"
171.251.153.55 - - [18/Mar/2026:20:11:31 +0700] "GET /wp-includes/js/jquery/jquery-migrate.min.js?ver=3.4.1 HTTP/2" 304 0 "https://test2.proid.vn/?my-pro-id=proideefb94b2" "Mozilla/5.0 (Linux; Android 10; K) AppleWebKit/537.36 (KHTML, like Gecko) Chrome/146.0.0.0 Mobile Safari/537.36"
