171.251.153.55 - - [18/Mar/2026:20:37:49 +0700] "GET /wp-admin/admin-ajax.php?action=dashboard-widgets&widget=dashboard_primary&pagenow=dashboard HTTP/2" 200 464 "https://test2.proid.vn/wp-admin/" "Mozilla/5.0 (Linux; Android 10; K) AppleWebKit/537.36 (KHTML, like Gecko) Chrome/146.0.0.0 Mobile Safari/537.36"
171.251.153.55 - - [18/Mar/2026:20:37:57 +0700] "GET /wp-admin/edit.php?post_type=my-pro-id HTTP/2" 200 55520 "https://test2.proid.vn/wp-admin/" "Mozilla/5.0 (Linux; Android 10; K) AppleWebKit/537.36 (KHTML, like Gecko) Chrome/146.0.0.0 Mobile Safari/537.36"
171.251.153.55 - - [18/Mar/2026:20:38:01 +0700] "GET /wp-includes/js/jquery/ui/menu.min.js?ver=1.13.3 HTTP/2" 200 2917 "https://test2.proid.vn/wp-admin/edit.php?post_type=my-pro-id" "Mozilla/5.0 (Linux; Android 10; K) AppleWebKit/537.36 (KHTML, like Gecko) Chrome/146.0.0.0 Mobile Safari/537.36"
171.251.153.55 - - [18/Mar/2026:20:38:01 +0700] "GET /wp-includes/js/jquery/ui/autocomplete.min.js?ver=1.13.3 HTTP/2" 200 2715 "https://test2.proid.vn/wp-admin/edit.php?post_type=my-pro-id" "Mozilla/5.0 (Linux; Android 10; K) AppleWebKit/537.36 (KHTML, like Gecko) Chrome/146.0.0.0 Mobile Safari/537.36"
171.251.153.55 - - [18/Mar/2026:20:38:01 +0700] "GET /wp-admin/load-scripts.php?c=0&load%5Bchunk_0%5D=jquery-core,jquery-migrate,utils&ver=6.9.4 HTTP/2" 200 36120 "https://test2.proid.vn/wp-admin/edit.php?post_type=my-pro-id" "Mozilla/5.0 (Linux; Android 10; K) AppleWebKit/537.36 (KHTML, like Gecko) Chrome/146.0.0.0 Mobile Safari/537.36"
171.251.153.55 - - [18/Mar/2026:20:38:01 +0700] "GET /wp-admin/js/tags-suggest.min.js?ver=6.9.4 HTTP/2" 200 975 "https://test2.proid.vn/wp-admin/edit.php?post_type=my-pro-id" "Mozilla/5.0 (Linux; Android 10; K) AppleWebKit/537.36 (KHTML, like Gecko) Chrome/146.0.0.0 Mobile Safari/537.36"
171.251.153.55 - - [18/Mar/2026:20:38:01 +0700] "GET /wp-admin/js/inline-edit-post.min.js?ver=6.9.4 HTTP/2" 200 3129 "https://test2.proid.vn/wp-admin/edit.php?post_type=my-pro-id" "Mozilla/5.0 (Linux; Android 10; K) AppleWebKit/537.36 (KHTML, like Gecko) Chrome/146.0.0.0 Mobile Safari/537.36"
113.178.44.24 - - [18/Mar/2026:20:37:58 +0700] "POST /wp-admin/admin-ajax.php HTTP/2" 200 51 "https://test2.proid.vn/wp-admin/plugins.php?plugin_status=inactive&paged=1&s" "Mozilla/5.0 (Windows NT 10.0; Win64; x64) AppleWebKit/537.36 (KHTML, like Gecko) Chrome/146.0.0.0 Safari/537.36"
171.251.153.55 - - [18/Mar/2026:20:38:01 +0700] "POST /wp-admin/admin-ajax.php HTTP/2" 200 51 "https://test2.proid.vn/wp-admin/edit.php?post_type=my-pro-id" "Mozilla/5.0 (Linux; Android 10; K) AppleWebKit/537.36 (KHTML, like Gecko) Chrome/146.0.0.0 Mobile Safari/537.36"
103.200.23.149 - - [18/Mar/2026:20:38:15 +0700] "POST /wp-cron.php?doing_wp_cron=1773841095.6674730777740478515625 HTTP/1.1" 200 0 "-" "WordPress/6.9.4; https://test2.proid.vn"
171.251.153.55 - - [18/Mar/2026:20:38:11 +0700] "POST /wp-admin/admin-ajax.php HTTP/2" 200 51 "https://test2.proid.vn/wp-admin/edit.php?post_type=my-pro-id" "Mozilla/5.0 (Linux; Android 10; K) AppleWebKit/537.36 (KHTML, like Gecko) Chrome/146.0.0.0 Mobile Safari/537.36"
171.251.153.55 - - [18/Mar/2026:20:38:11 +0700] "GET /?my-pro-id=proid4b60dda1 HTTP/2" 200 66040 "https://test2.proid.vn/wp-admin/edit.php?post_type=my-pro-id" "Mozilla/5.0 (Linux; Android 10; K) AppleWebKit/537.36 (KHTML, like Gecko) Chrome/146.0.0.0 Mobile Safari/537.36"
171.251.153.55 - - [18/Mar/2026:20:38:17 +0700] "GET /wp-content/uploads/jet-form-builder/03f2d24f23367a1a511e26f7867e449c/2026/03/HSC-01.png HTTP/2" 200 34615 "https://test2.proid.vn/?my-pro-id=proid4b60dda1" "Mozilla/5.0 (Linux; Android 10; K) AppleWebKit/537.36 (KHTML, like Gecko) Chrome/146.0.0.0 Mobile Safari/537.36"
171.251.153.55 - - [18/Mar/2026:20:38:17 +0700] "GET /wp-content/uploads/jet-form-builder/03f2d24f23367a1a511e26f7867e449c/2026/03/z7609704650628_205c927da22a6215ffa058a86014b91a.jpg HTTP/2" 200 129900 "https://test2.proid.vn/?my-pro-id=proid4b60dda1" "Mozilla/5.0 (Linux; Android 10; K) AppleWebKit/537.36 (KHTML, like Gecko) Chrome/146.0.0.0 Mobile Safari/537.36"
171.251.153.55 - - [18/Mar/2026:20:38:17 +0700] "GET /wp-content/uploads/2026/03/proid4b60dda1.jpg HTTP/2" 200 731033 "https://test2.proid.vn/?my-pro-id=proid4b60dda1" "Mozilla/5.0 (Linux; Android 10; K) AppleWebKit/537.36 (KHTML, like Gecko) Chrome/146.0.0.0 Mobile Safari/537.36"
171.251.153.55 - - [18/Mar/2026:20:38:17 +0700] "GET /wp-content/themes/hello-elementor-child/custom.js?ver=1.0 HTTP/2" 404 35264 "https://test2.proid.vn/?my-pro-id=proid4b60dda1" "Mozilla/5.0 (Linux; Android 10; K) AppleWebKit/537.36 (KHTML, like Gecko) Chrome/146.0.0.0 Mobile Safari/537.36"
171.251.153.55 - - [18/Mar/2026:20:38:17 +0700] "GET /wp-content/themes/hello-elementor/js/hide-tab-script.js?ver=1.0.0 HTTP/2" 404 35264 "https://test2.proid.vn/?my-pro-id=proid4b60dda1" "Mozilla/5.0 (Linux; Android 10; K) AppleWebKit/537.36 (KHTML, like Gecko) Chrome/146.0.0.0 Mobile Safari/537.36"
171.251.153.55 - - [18/Mar/2026:20:38:17 +0700] "GET /wp-content/themes/hello-elementor-child/assets/js/custom-scripts.js?ver=1.0.0 HTTP/2" 404 35264 "https://test2.proid.vn/?my-pro-id=proid4b60dda1" "Mozilla/5.0 (Linux; Android 10; K) AppleWebKit/537.36 (KHTML, like Gecko) Chrome/146.0.0.0 Mobile Safari/537.36"
171.251.153.55 - - [18/Mar/2026:20:38:17 +0700] "GET /wp-content/themes/hello-elementor-child/assets/js/me-proid-copy-profile.js?ver=1.0.0 HTTP/2" 404 35264 "https://test2.proid.vn/?my-pro-id=proid4b60dda1" "Mozilla/5.0 (Linux; Android 10; K) AppleWebKit/537.36 (KHTML, like Gecko) Chrome/146.0.0.0 Mobile Safari/537.36"
171.251.153.55 - - [18/Mar/2026:20:38:31 +0700] "GET /account/ HTTP/2" 200 36388 "https://test2.proid.vn/?my-pro-id=proid4b60dda1" "Mozilla/5.0 (Linux; Android 10; K) AppleWebKit/537.36 (KHTML, like Gecko) Chrome/146.0.0.0 Mobile Safari/537.36"
171.251.153.55 - - [18/Mar/2026:20:38:35 +0700] "GET /account/ HTTP/2" 200 36388 "https://test2.proid.vn/?my-pro-id=proid4b60dda1" "Mozilla/5.0 (Linux; Android 10; K) AppleWebKit/537.36 (KHTML, like Gecko) Chrome/146.0.0.0 Mobile Safari/537.36"
171.251.153.55 - - [18/Mar/2026:20:38:38 +0700] "GET /wp-content/uploads/elementor/css/post-8.css?ver=1773841115 HTTP/2" 200 863 "https://test2.proid.vn/account/" "Mozilla/5.0 (Linux; Android 10; K) AppleWebKit/537.36 (KHTML, like Gecko) Chrome/146.0.0.0 Mobile Safari/537.36"
171.251.153.55 - - [18/Mar/2026:20:38:38 +0700] "GET /wp-content/uploads/elementor/css/post-3695.css?ver=1773841115 HTTP/2" 200 1062 "https://test2.proid.vn/account/" "Mozilla/5.0 (Linux; Android 10; K) AppleWebKit/537.36 (KHTML, like Gecko) Chrome/146.0.0.0 Mobile Safari/537.36"
171.251.153.55 - - [18/Mar/2026:20:38:38 +0700] "GET /wp-content/uploads/elementor/css/post-1001.css?ver=1773841115 HTTP/2" 200 402 "https://test2.proid.vn/account/" "Mozilla/5.0 (Linux; Android 10; K) AppleWebKit/537.36 (KHTML, like Gecko) Chrome/146.0.0.0 Mobile Safari/537.36"
171.251.153.55 - - [18/Mar/2026:20:38:38 +0700] "GET /wp-content/themes/hello-elementor/js/hide-tab-script.js?ver=1.0.0 HTTP/2" 404 35264 "https://test2.proid.vn/account/" "Mozilla/5.0 (Linux; Android 10; K) AppleWebKit/537.36 (KHTML, like Gecko) Chrome/146.0.0.0 Mobile Safari/537.36"
171.251.153.55 - - [18/Mar/2026:20:38:38 +0700] "GET /wp-content/themes/hello-elementor-child/custom.js?ver=1.0 HTTP/2" 404 35264 "https://test2.proid.vn/account/" "Mozilla/5.0 (Linux; Android 10; K) AppleWebKit/537.36 (KHTML, like Gecko) Chrome/146.0.0.0 Mobile Safari/537.36"
171.251.153.55 - - [18/Mar/2026:20:38:44 +0700] "GET /?my-pro-id=proid4b60dda1 HTTP/2" 200 66010 "https://test2.proid.vn/wp-admin/edit.php?post_type=my-pro-id" "Mozilla/5.0 (Linux; Android 10; K) AppleWebKit/537.36 (KHTML, like Gecko) Chrome/146.0.0.0 Mobile Safari/537.36"
171.251.153.55 - - [18/Mar/2026:20:38:50 +0700] "GET /wp-content/themes/hello-elementor/js/hide-tab-script.js?ver=1.0.0 HTTP/2" 404 35264 "https://test2.proid.vn/?my-pro-id=proid4b60dda1" "Mozilla/5.0 (Linux; Android 10; K) AppleWebKit/537.36 (KHTML, like Gecko) Chrome/146.0.0.0 Mobile Safari/537.36"
171.251.153.55 - - [18/Mar/2026:20:38:50 +0700] "GET /wp-content/themes/hello-elementor-child/assets/js/custom-scripts.js?ver=1.0.0 HTTP/2" 404 35264 "https://test2.proid.vn/?my-pro-id=proid4b60dda1" "Mozilla/5.0 (Linux; Android 10; K) AppleWebKit/537.36 (KHTML, like Gecko) Chrome/146.0.0.0 Mobile Safari/537.36"
171.251.153.55 - - [18/Mar/2026:20:38:50 +0700] "GET /wp-content/themes/hello-elementor-child/custom.js?ver=1.0 HTTP/2" 404 35264 "https://test2.proid.vn/?my-pro-id=proid4b60dda1" "Mozilla/5.0 (Linux; Android 10; K) AppleWebKit/537.36 (KHTML, like Gecko) Chrome/146.0.0.0 Mobile Safari/537.36"
171.251.153.55 - - [18/Mar/2026:20:38:50 +0700] "GET /wp-content/themes/hello-elementor-child/assets/js/me-proid-copy-profile.js?ver=1.0.0 HTTP/2" 404 35264 "https://test2.proid.vn/?my-pro-id=proid4b60dda1" "Mozilla/5.0 (Linux; Android 10; K) AppleWebKit/537.36 (KHTML, like Gecko) Chrome/146.0.0.0 Mobile Safari/537.36"
113.178.44.24 - - [18/Mar/2026:20:38:58 +0700] "POST /wp-admin/admin-ajax.php HTTP/2" 200 51 "https://test2.proid.vn/wp-admin/plugins.php?plugin_status=inactive&paged=1&s" "Mozilla/5.0 (Windows NT 10.0; Win64; x64) AppleWebKit/537.36 (KHTML, like Gecko) Chrome/146.0.0.0 Safari/537.36"
171.251.153.55 - - [18/Mar/2026:20:39:01 +0700] "POST /wp-admin/admin-ajax.php HTTP/2" 200 20 "https://test2.proid.vn/?my-pro-id=proid4b60dda1" "Mozilla/5.0 (Linux; Android 10; K) AppleWebKit/537.36 (KHTML, like Gecko) Chrome/146.0.0.0 Mobile Safari/537.36"
171.251.153.55 - - [18/Mar/2026:20:39:05 +0700] "GET /wp-login.php HTTP/2" 200 3003 "https://test2.proid.vn/?my-pro-id=proid4b60dda1" "Mozilla/5.0 (Linux; Android 10; K) AppleWebKit/537.36 (KHTML, like Gecko) Chrome/146.0.0.0 Mobile Safari/537.36"
171.251.153.55 - - [18/Mar/2026:20:39:07 +0700] "GET /wp-content/themes/hello-elementor-child/custom-login.css?ver=6.9.4 HTTP/2" 404 34601 "https://test2.proid.vn/wp-login.php" "Mozilla/5.0 (Linux; Android 10; K) AppleWebKit/537.36 (KHTML, like Gecko) Chrome/146.0.0.0 Mobile Safari/537.36"
103.200.23.149 - - [18/Mar/2026:20:40:01 +0700] "POST /wp-cron.php?doing_wp_cron=1773841201.2331380844116210937500 HTTP/1.1" 200 0 "-" "WordPress/6.9.4; https://test2.proid.vn"
113.178.44.24 - - [18/Mar/2026:20:39:58 +0700] "POST /wp-admin/admin-ajax.php HTTP/2" 200 51 "https://test2.proid.vn/wp-admin/plugins.php?plugin_status=inactive&paged=1&s" "Mozilla/5.0 (Windows NT 10.0; Win64; x64) AppleWebKit/537.36 (KHTML, like Gecko) Chrome/146.0.0.0 Safari/537.36"
103.200.23.149 - - [18/Mar/2026:20:41:01 +0700] "POST /wp-cron.php?doing_wp_cron=1773841261.9849190711975097656250 HTTP/1.1" 200 0 "-" "WordPress/6.9.4; https://test2.proid.vn"
113.178.44.24 - - [18/Mar/2026:20:40:58 +0700] "POST /wp-admin/admin-ajax.php HTTP/2" 200 51 "https://test2.proid.vn/wp-admin/plugins.php?plugin_status=inactive&paged=1&s" "Mozilla/5.0 (Windows NT 10.0; Win64; x64) AppleWebKit/537.36 (KHTML, like Gecko) Chrome/146.0.0.0 Safari/537.36"
103.200.23.149 - - [18/Mar/2026:20:42:01 +0700] "POST /wp-cron.php?doing_wp_cron=1773841321.8647849559783935546875 HTTP/1.1" 200 0 "-" "WordPress/6.9.4; https://test2.proid.vn"
113.178.44.24 - - [18/Mar/2026:20:41:58 +0700] "POST /wp-admin/admin-ajax.php HTTP/2" 200 51 "https://test2.proid.vn/wp-admin/plugins.php?plugin_status=inactive&paged=1&s" "Mozilla/5.0 (Windows NT 10.0; Win64; x64) AppleWebKit/537.36 (KHTML, like Gecko) Chrome/146.0.0.0 Safari/537.36"
103.200.23.149 - - [18/Mar/2026:20:43:01 +0700] "POST /wp-cron.php?doing_wp_cron=1773841381.9123818874359130859375 HTTP/1.1" 200 0 "-" "WordPress/6.9.4; https://test2.proid.vn"
113.178.44.24 - - [18/Mar/2026:20:42:58 +0700] "POST /wp-admin/admin-ajax.php HTTP/2" 200 51 "https://test2.proid.vn/wp-admin/plugins.php?plugin_status=inactive&paged=1&s" "Mozilla/5.0 (Windows NT 10.0; Win64; x64) AppleWebKit/537.36 (KHTML, like Gecko) Chrome/146.0.0.0 Safari/537.36"
113.178.44.24 - - [18/Mar/2026:20:43:58 +0700] "POST /wp-admin/admin-ajax.php HTTP/2" 200 51 "https://test2.proid.vn/wp-admin/plugins.php?plugin_status=inactive&paged=1&s" "Mozilla/5.0 (Windows NT 10.0; Win64; x64) AppleWebKit/537.36 (KHTML, like Gecko) Chrome/146.0.0.0 Safari/537.36"
103.200.23.149 - - [18/Mar/2026:20:44:04 +0700] "POST /wp-cron.php?doing_wp_cron=1773841444.1004519462585449218750 HTTP/1.1" 200 0 "-" "WordPress/6.9.4; https://test2.proid.vn"
113.178.44.24 - - [18/Mar/2026:20:44:58 +0700] "POST /wp-admin/admin-ajax.php HTTP/2" 200 51 "https://test2.proid.vn/wp-admin/plugins.php?plugin_status=inactive&paged=1&s" "Mozilla/5.0 (Windows NT 10.0; Win64; x64) AppleWebKit/537.36 (KHTML, like Gecko) Chrome/146.0.0.0 Safari/537.36"
103.200.23.149 - - [18/Mar/2026:20:45:01 +0700] "POST /wp-cron.php?doing_wp_cron=1773841501.8413739204406738281250 HTTP/1.1" 200 0 "-" "WordPress/6.9.4; https://test2.proid.vn"
103.200.23.149 - - [18/Mar/2026:20:46:01 +0700] "POST /wp-cron.php?doing_wp_cron=1773841561.5729300975799560546875 HTTP/1.1" 200 0 "-" "WordPress/6.9.4; https://test2.proid.vn"
113.178.44.24 - - [18/Mar/2026:20:45:58 +0700] "POST /wp-admin/admin-ajax.php HTTP/2" 200 51 "https://test2.proid.vn/wp-admin/plugins.php?plugin_status=inactive&paged=1&s" "Mozilla/5.0 (Windows NT 10.0; Win64; x64) AppleWebKit/537.36 (KHTML, like Gecko) Chrome/146.0.0.0 Safari/537.36"
103.200.23.149 - - [18/Mar/2026:20:47:02 +0700] "POST /wp-cron.php?doing_wp_cron=1773841622.0092160701751708984375 HTTP/1.1" 200 0 "-" "WordPress/6.9.4; https://test2.proid.vn"
113.178.44.24 - - [18/Mar/2026:20:46:58 +0700] "POST /wp-admin/admin-ajax.php HTTP/2" 200 51 "https://test2.proid.vn/wp-admin/plugins.php?plugin_status=inactive&paged=1&s" "Mozilla/5.0 (Windows NT 10.0; Win64; x64) AppleWebKit/537.36 (KHTML, like Gecko) Chrome/146.0.0.0 Safari/537.36"
103.200.23.149 - - [18/Mar/2026:20:48:01 +0700] "POST /wp-cron.php?doing_wp_cron=1773841681.3022129535675048828125 HTTP/1.1" 200 0 "-" "WordPress/6.9.4; https://test2.proid.vn"
113.178.44.24 - - [18/Mar/2026:20:47:58 +0700] "POST /wp-admin/admin-ajax.php HTTP/2" 200 51 "https://test2.proid.vn/wp-admin/plugins.php?plugin_status=inactive&paged=1&s" "Mozilla/5.0 (Windows NT 10.0; Win64; x64) AppleWebKit/537.36 (KHTML, like Gecko) Chrome/146.0.0.0 Safari/537.36"
113.178.44.24 - - [18/Mar/2026:20:48:58 +0700] "POST /wp-admin/admin-ajax.php HTTP/2" 200 51 "https://test2.proid.vn/wp-admin/plugins.php?plugin_status=inactive&paged=1&s" "Mozilla/5.0 (Windows NT 10.0; Win64; x64) AppleWebKit/537.36 (KHTML, like Gecko) Chrome/146.0.0.0 Safari/537.36"
103.200.23.149 - - [18/Mar/2026:20:49:01 +0700] "POST /wp-cron.php?doing_wp_cron=1773841741.3142619132995605468750 HTTP/1.1" 200 0 "-" "WordPress/6.9.4; https://test2.proid.vn"
103.200.23.149 - - [18/Mar/2026:20:50:01 +0700] "POST /wp-cron.php?doing_wp_cron=1773841801.4732189178466796875000 HTTP/1.1" 200 0 "-" "WordPress/6.9.4; https://test2.proid.vn"
113.178.44.24 - - [18/Mar/2026:20:49:58 +0700] "POST /wp-admin/admin-ajax.php HTTP/2" 200 51 "https://test2.proid.vn/wp-admin/plugins.php?plugin_status=inactive&paged=1&s" "Mozilla/5.0 (Windows NT 10.0; Win64; x64) AppleWebKit/537.36 (KHTML, like Gecko) Chrome/146.0.0.0 Safari/537.36"
103.200.23.149 - - [18/Mar/2026:20:51:01 +0700] "POST /wp-cron.php?doing_wp_cron=1773841861.9188179969787597656250 HTTP/1.1" 200 0 "-" "WordPress/6.9.4; https://test2.proid.vn"
113.178.44.24 - - [18/Mar/2026:20:50:58 +0700] "POST /wp-admin/admin-ajax.php HTTP/2" 200 51 "https://test2.proid.vn/wp-admin/plugins.php?plugin_status=inactive&paged=1&s" "Mozilla/5.0 (Windows NT 10.0; Win64; x64) AppleWebKit/537.36 (KHTML, like Gecko) Chrome/146.0.0.0 Safari/537.36"
103.200.23.149 - - [18/Mar/2026:20:51:45 +0700] "POST /wp-cron.php?doing_wp_cron=1773841905.8520319461822509765625 HTTP/1.1" 200 0 "-" "WordPress/6.9.4; https://test2.proid.vn"
113.178.44.24 - - [18/Mar/2026:20:51:46 +0700] "GET /wp-content/plugins/jet-engine/includes/compatibility/packages/woocommerce/inc/assets/css/admin/meta-boxes.css?ver=3.6.6.1 HTTP/2" 200 760 "https://test2.proid.vn/?my-pro-id=proideefb94b2" "Mozilla/5.0 (Linux; Android 10; K) AppleWebKit/537.36 (KHTML, like Gecko) Chrome/145.0.0.0 Mobile Safari/537.36"
113.178.44.24 - - [18/Mar/2026:20:51:46 +0700] "GET /wp-includes/css/dist/block-library/style.min.css?ver=6.9.4 HTTP/2" 200 14889 "https://test2.proid.vn/?my-pro-id=proideefb94b2" "Mozilla/5.0 (Linux; Android 10; K) AppleWebKit/537.36 (KHTML, like Gecko) Chrome/145.0.0.0 Mobile Safari/537.36"
113.178.44.24 - - [18/Mar/2026:20:51:46 +0700] "GET /wp-content/plugins/jet-engine/assets/css/frontend.css?ver=3.6.6.1 HTTP/2" 200 7334 "https://test2.proid.vn/?my-pro-id=proideefb94b2" "Mozilla/5.0 (Linux; Android 10; K) AppleWebKit/537.36 (KHTML, like Gecko) Chrome/145.0.0.0 Mobile Safari/537.36"
113.178.44.24 - - [18/Mar/2026:20:51:46 +0700] "GET /wp-content/plugins/woocommerce/assets/css/woocommerce-layout.css?ver=8.6.3 HTTP/2" 200 2342 "https://test2.proid.vn/?my-pro-id=proideefb94b2" "Mozilla/5.0 (Linux; Android 10; K) AppleWebKit/537.36 (KHTML, like Gecko) Chrome/145.0.0.0 Mobile Safari/537.36"
113.178.44.24 - - [18/Mar/2026:20:51:46 +0700] "GET /wp-content/plugins/woocommerce/assets/css/woocommerce-smallscreen.css?ver=8.6.3 HTTP/2" 200 1065 "https://test2.proid.vn/?my-pro-id=proideefb94b2" "Mozilla/5.0 (Linux; Android 10; K) AppleWebKit/537.36 (KHTML, like Gecko) Chrome/145.0.0.0 Mobile Safari/537.36"
113.178.44.24 - - [18/Mar/2026:20:51:46 +0700] "GET /wp-content/plugins/woocommerce/assets/css/woocommerce.css?ver=8.6.3 HTTP/2" 200 8813 "https://test2.proid.vn/?my-pro-id=proideefb94b2" "Mozilla/5.0 (Linux; Android 10; K) AppleWebKit/537.36 (KHTML, like Gecko) Chrome/145.0.0.0 Mobile Safari/537.36"
113.178.44.24 - - [18/Mar/2026:20:51:46 +0700] "GET /wp-content/themes/hello-elementor/style.min.css?ver=2.8.1 HTTP/2" 200 1697 "https://test2.proid.vn/?my-pro-id=proideefb94b2" "Mozilla/5.0 (Linux; Android 10; K) AppleWebKit/537.36 (KHTML, like Gecko) Chrome/145.0.0.0 Mobile Safari/537.36"
113.178.44.24 - - [18/Mar/2026:20:51:46 +0700] "GET /wp-content/themes/hello-elementor-child/style.css?ver=6.9.4 HTTP/2" 200 4988 "https://test2.proid.vn/?my-pro-id=proideefb94b2" "Mozilla/5.0 (Linux; Android 10; K) AppleWebKit/537.36 (KHTML, like Gecko) Chrome/145.0.0.0 Mobile Safari/537.36"
113.178.44.24 - - [18/Mar/2026:20:51:46 +0700] "GET /wp-content/plugins/elementor/assets/lib/font-awesome/css/font-awesome.min.css?ver=4.7.0 HTTP/2" 200 6657 "https://test2.proid.vn/?my-pro-id=proideefb94b2" "Mozilla/5.0 (Linux; Android 10; K) AppleWebKit/537.36 (KHTML, like Gecko) Chrome/145.0.0.0 Mobile Safari/537.36"
113.178.44.24 - - [18/Mar/2026:20:51:46 +0700] "GET /wp-content/themes/hello-elementor/theme.min.css?ver=2.8.1 HTTP/2" 200 2339 "https://test2.proid.vn/?my-pro-id=proideefb94b2" "Mozilla/5.0 (Linux; Android 10; K) AppleWebKit/537.36 (KHTML, like Gecko) Chrome/145.0.0.0 Mobile Safari/537.36"
113.178.44.24 - - [18/Mar/2026:20:51:46 +0700] "GET /wp-content/plugins/elementor/assets/css/frontend.min.css?ver=3.35.4 HTTP/2" 200 6613 "https://test2.proid.vn/?my-pro-id=proideefb94b2" "Mozilla/5.0 (Linux; Android 10; K) AppleWebKit/537.36 (KHTML, like Gecko) Chrome/145.0.0.0 Mobile Safari/537.36"
113.178.44.24 - - [18/Mar/2026:20:51:46 +0700] "GET /wp-content/uploads/elementor/css/post-5.css?ver=1773840973 HTTP/2" 200 1008 "https://test2.proid.vn/?my-pro-id=proideefb94b2" "Mozilla/5.0 (Linux; Android 10; K) AppleWebKit/537.36 (KHTML, like Gecko) Chrome/145.0.0.0 Mobile Safari/537.36"
113.178.44.24 - - [18/Mar/2026:20:51:46 +0700] "GET /wp-content/plugins/elementor/assets/css/widget-image.min.css?ver=3.35.4 HTTP/2" 200 96 "https://test2.proid.vn/?my-pro-id=proideefb94b2" "Mozilla/5.0 (Linux; Android 10; K) AppleWebKit/537.36 (KHTML, like Gecko) Chrome/145.0.0.0 Mobile Safari/537.36"
113.178.44.24 - - [18/Mar/2026:20:51:46 +0700] "GET /wp-content/plugins/elementor-pro/assets/css/widget-nav-menu.min.css?ver=3.35.1 HTTP/2" 200 3243 "https://test2.proid.vn/?my-pro-id=proideefb94b2" "Mozilla/5.0 (Linux; Android 10; K) AppleWebKit/537.36 (KHTML, like Gecko) Chrome/145.0.0.0 Mobile Safari/537.36"
113.178.44.24 - - [18/Mar/2026:20:51:46 +0700] "GET /wp-content/plugins/elementor-pro/assets/css/widget-login.min.css?ver=3.35.1 HTTP/2" 200 142 "https://test2.proid.vn/?my-pro-id=proideefb94b2" "Mozilla/5.0 (Linux; Android 10; K) AppleWebKit/537.36 (KHTML, like Gecko) Chrome/145.0.0.0 Mobile Safari/537.36"
113.178.44.24 - - [18/Mar/2026:20:51:46 +0700] "GET /wp-content/plugins/elementor-pro/assets/css/widget-form.min.css?ver=3.35.1 HTTP/2" 200 1408 "https://test2.proid.vn/?my-pro-id=proideefb94b2" "Mozilla/5.0 (Linux; Android 10; K) AppleWebKit/537.36 (KHTML, like Gecko) Chrome/145.0.0.0 Mobile Safari/537.36"
113.178.44.24 - - [18/Mar/2026:20:51:46 +0700] "GET /wp-content/plugins/elementor/assets/css/widget-nested-tabs.min.css?ver=3.35.4 HTTP/2" 200 1718 "https://test2.proid.vn/?my-pro-id=proideefb94b2" "Mozilla/5.0 (Linux; Android 10; K) AppleWebKit/537.36 (KHTML, like Gecko) Chrome/145.0.0.0 Mobile Safari/537.36"
113.178.44.24 - - [18/Mar/2026:20:51:46 +0700] "GET /wp-content/plugins/elementor/assets/css/widget-heading.min.css?ver=3.35.4 HTTP/2" 200 126 "https://test2.proid.vn/?my-pro-id=proideefb94b2" "Mozilla/5.0 (Linux; Android 10; K) AppleWebKit/537.36 (KHTML, like Gecko) Chrome/145.0.0.0 Mobile Safari/537.36"
113.178.44.24 - - [18/Mar/2026:20:51:46 +0700] "GET /wp-content/plugins/elementor/assets/lib/animations/styles/fadeInDown.min.css?ver=3.35.4 HTTP/2" 200 137 "https://test2.proid.vn/?my-pro-id=proideefb94b2" "Mozilla/5.0 (Linux; Android 10; K) AppleWebKit/537.36 (KHTML, like Gecko) Chrome/145.0.0.0 Mobile Safari/537.36"
113.178.44.24 - - [18/Mar/2026:20:51:46 +0700] "GET /wp-content/plugins/elementor-pro/assets/css/conditionals/popup.min.css?ver=3.35.1 HTTP/2" 200 328 "https://test2.proid.vn/?my-pro-id=proideefb94b2" "Mozilla/5.0 (Linux; Android 10; K) AppleWebKit/537.36 (KHTML, like Gecko) Chrome/145.0.0.0 Mobile Safari/537.36"
113.178.44.24 - - [18/Mar/2026:20:51:46 +0700] "GET /wp-content/uploads/elementor/css/post-438.css?ver=1773840973 HTTP/2" 200 1379 "https://test2.proid.vn/?my-pro-id=proideefb94b2" "Mozilla/5.0 (Linux; Android 10; K) AppleWebKit/537.36 (KHTML, like Gecko) Chrome/145.0.0.0 Mobile Safari/537.36"
113.178.44.24 - - [18/Mar/2026:20:51:46 +0700] "GET /wp-content/uploads/elementor/css/post-455.css?ver=1773840973 HTTP/2" 200 211 "https://test2.proid.vn/?my-pro-id=proideefb94b2" "Mozilla/5.0 (Linux; Android 10; K) AppleWebKit/537.36 (KHTML, like Gecko) Chrome/145.0.0.0 Mobile Safari/537.36"
113.178.44.24 - - [18/Mar/2026:20:51:46 +0700] "GET /wp-content/uploads/elementor/css/post-22.css?ver=1773840974 HTTP/2" 200 1839 "https://test2.proid.vn/?my-pro-id=proideefb94b2" "Mozilla/5.0 (Linux; Android 10; K) AppleWebKit/537.36 (KHTML, like Gecko) Chrome/145.0.0.0 Mobile Safari/537.36"
113.178.44.24 - - [18/Mar/2026:20:51:46 +0700] "GET /wp-content/uploads/elementor/css/post-11093.css?ver=1773840973 HTTP/2" 200 1072 "https://test2.proid.vn/?my-pro-id=proideefb94b2" "Mozilla/5.0 (Linux; Android 10; K) AppleWebKit/537.36 (KHTML, like Gecko) Chrome/145.0.0.0 Mobile Safari/537.36"
113.178.44.24 - - [18/Mar/2026:20:51:46 +0700] "GET /wp-content/uploads/elementor/css/post-392134.css?ver=1773840973 HTTP/2" 200 793 "https://test2.proid.vn/?my-pro-id=proideefb94b2" "Mozilla/5.0 (Linux; Android 10; K) AppleWebKit/537.36 (KHTML, like Gecko) Chrome/145.0.0.0 Mobile Safari/537.36"
113.178.44.24 - - [18/Mar/2026:20:51:46 +0700] "GET /wp-content/uploads/elementor/css/post-392144.css?ver=1773840973 HTTP/2" 200 790 "https://test2.proid.vn/?my-pro-id=proideefb94b2" "Mozilla/5.0 (Linux; Android 10; K) AppleWebKit/537.36 (KHTML, like Gecko) Chrome/145.0.0.0 Mobile Safari/537.36"
113.178.44.24 - - [18/Mar/2026:20:51:46 +0700] "GET /wp-content/uploads/elementor/css/post-266165.css?ver=1773840974 HTTP/2" 200 934 "https://test2.proid.vn/?my-pro-id=proideefb94b2" "Mozilla/5.0 (Linux; Android 10; K) AppleWebKit/537.36 (KHTML, like Gecko) Chrome/145.0.0.0 Mobile Safari/537.36"
113.178.44.24 - - [18/Mar/2026:20:51:46 +0700] "GET /wp-content/themes/hello-elementor/style.css?ver=6.9.4 HTTP/2" 200 3376 "https://test2.proid.vn/?my-pro-id=proideefb94b2" "Mozilla/5.0 (Linux; Android 10; K) AppleWebKit/537.36 (KHTML, like Gecko) Chrome/145.0.0.0 Mobile Safari/537.36"
113.178.44.24 - - [18/Mar/2026:20:51:46 +0700] "GET /wp-content/uploads/elementor/google-fonts/css/montserrat.css?ver=1742643952 HTTP/2" 200 752 "https://test2.proid.vn/?my-pro-id=proideefb94b2" "Mozilla/5.0 (Linux; Android 10; K) AppleWebKit/537.36 (KHTML, like Gecko) Chrome/145.0.0.0 Mobile Safari/537.36"
113.178.44.24 - - [18/Mar/2026:20:51:39 +0700] "GET /?my-pro-id=proideefb94b2 HTTP/2" 200 970138 "-" "Mozilla/5.0 (Linux; Android 10; K) AppleWebKit/537.36 (KHTML, like Gecko) Chrome/145.0.0.0 Mobile Safari/537.36"
113.178.44.24 - - [18/Mar/2026:20:51:46 +0700] "GET /wp-includes/js/jquery/jquery.min.js?ver=3.7.1 HTTP/2" 200 29744 "https://test2.proid.vn/?my-pro-id=proideefb94b2" "Mozilla/5.0 (Linux; Android 10; K) AppleWebKit/537.36 (KHTML, like Gecko) Chrome/145.0.0.0 Mobile Safari/537.36"
113.178.44.24 - - [18/Mar/2026:20:51:46 +0700] "GET /wp-includes/js/jquery/jquery-migrate.min.js?ver=3.4.1 HTTP/2" 200 4678 "https://test2.proid.vn/?my-pro-id=proideefb94b2" "Mozilla/5.0 (Linux; Android 10; K) AppleWebKit/537.36 (KHTML, like Gecko) Chrome/145.0.0.0 Mobile Safari/537.36"
113.178.44.24 - - [18/Mar/2026:20:51:46 +0700] "GET /wp-content/plugins/elementor-pro/assets/js/page-transitions.min.js?ver=3.35.1 HTTP/2" 200 4137 "https://test2.proid.vn/?my-pro-id=proideefb94b2" "Mozilla/5.0 (Linux; Android 10; K) AppleWebKit/537.36 (KHTML, like Gecko) Chrome/145.0.0.0 Mobile Safari/537.36"
113.178.44.24 - - [18/Mar/2026:20:51:46 +0700] "GET /wp-content/uploads/jet-form-builder/0c2145219829021b086b9a2ff7fa72f0/2025/09/1000007564.png HTTP/2" 200 72590 "https://test2.proid.vn/?my-pro-id=proideefb94b2" "Mozilla/5.0 (Linux; Android 10; K) AppleWebKit/537.36 (KHTML, like Gecko) Chrome/145.0.0.0 Mobile Safari/537.36"
113.178.44.24 - - [18/Mar/2026:20:51:46 +0700] "GET /wp-content/uploads/jet-form-builder/0c2145219829021b086b9a2ff7fa72f0/2025/09/1000007571-scaled.png HTTP/2" 200 163448 "https://test2.proid.vn/?my-pro-id=proideefb94b2" "Mozilla/5.0 (Linux; Android 10; K) AppleWebKit/537.36 (KHTML, like Gecko) Chrome/145.0.0.0 Mobile Safari/537.36"
113.178.44.24 - - [18/Mar/2026:20:51:46 +0700] "GET /wp-content/uploads/jet-form-builder/289fa83c310e28e9c4ae36576806160d/2025/05/1000040543.jpg HTTP/2" 200 43617 "https://test2.proid.vn/?my-pro-id=proideefb94b2" "Mozilla/5.0 (Linux; Android 10; K) AppleWebKit/537.36 (KHTML, like Gecko) Chrome/145.0.0.0 Mobile Safari/537.36"
113.178.44.24 - - [18/Mar/2026:20:51:46 +0700] "GET /wp-content/uploads/elementor/css/post-52012.css?ver=1773840974 HTTP/2" 200 5825 "https://test2.proid.vn/?my-pro-id=proideefb94b2" "Mozilla/5.0 (Linux; Android 10; K) AppleWebKit/537.36 (KHTML, like Gecko) Chrome/145.0.0.0 Mobile Safari/537.36"
113.178.44.24 - - [18/Mar/2026:20:51:46 +0700] "GET /wp-content/plugins/elementor/assets/css/widget-spacer.min.css?ver=3.35.4 HTTP/2" 200 287 "https://test2.proid.vn/?my-pro-id=proideefb94b2" "Mozilla/5.0 (Linux; Android 10; K) AppleWebKit/537.36 (KHTML, like Gecko) Chrome/145.0.0.0 Mobile Safari/537.36"
113.178.44.24 - - [18/Mar/2026:20:51:46 +0700] "GET /wp-content/plugins/elementor/assets/css/widget-icon-list.min.css?ver=3.35.4 HTTP/2" 200 928 "https://test2.proid.vn/?my-pro-id=proideefb94b2" "Mozilla/5.0 (Linux; Android 10; K) AppleWebKit/537.36 (KHTML, like Gecko) Chrome/145.0.0.0 Mobile Safari/537.36"
113.178.44.24 - - [18/Mar/2026:20:51:46 +0700] "GET /wp-content/uploads/elementor/css/post-1295.css?ver=1773840975 HTTP/2" 200 858 "https://test2.proid.vn/?my-pro-id=proideefb94b2" "Mozilla/5.0 (Linux; Android 10; K) AppleWebKit/537.36 (KHTML, like Gecko) Chrome/145.0.0.0 Mobile Safari/537.36"
113.178.44.24 - - [18/Mar/2026:20:51:46 +0700] "GET /wp-content/plugins/elementor/assets/lib/swiper/v8/css/swiper.min.css?ver=8.4.5 HTTP/2" 200 4248 "https://test2.proid.vn/?my-pro-id=proideefb94b2" "Mozilla/5.0 (Linux; Android 10; K) AppleWebKit/537.36 (KHTML, like Gecko) Chrome/145.0.0.0 Mobile Safari/537.36"
113.178.44.24 - - [18/Mar/2026:20:51:46 +0700] "GET /wp-content/plugins/elementor/assets/css/conditionals/e-swiper.min.css?ver=3.35.4 HTTP/2" 200 699 "https://test2.proid.vn/?my-pro-id=proideefb94b2" "Mozilla/5.0 (Linux; Android 10; K) AppleWebKit/537.36 (KHTML, like Gecko) Chrome/145.0.0.0 Mobile Safari/537.36"
113.178.44.24 - - [18/Mar/2026:20:51:46 +0700] "GET /wp-content/plugins/elementor-pro/assets/css/widget-gallery.min.css?ver=3.35.1 HTTP/2" 200 975 "https://test2.proid.vn/?my-pro-id=proideefb94b2" "Mozilla/5.0 (Linux; Android 10; K) AppleWebKit/537.36 (KHTML, like Gecko) Chrome/145.0.0.0 Mobile Safari/537.36"
113.178.44.24 - - [18/Mar/2026:20:51:46 +0700] "GET /wp-content/plugins/elementor/assets/lib/e-gallery/css/e-gallery.min.css?ver=1.2.0 HTTP/2" 200 746 "https://test2.proid.vn/?my-pro-id=proideefb94b2" "Mozilla/5.0 (Linux; Android 10; K) AppleWebKit/537.36 (KHTML, like Gecko) Chrome/145.0.0.0 Mobile Safari/537.36"
113.178.44.24 - - [18/Mar/2026:20:51:46 +0700] "GET /wp-content/plugins/elementor-pro/assets/css/conditionals/transitions.min.css?ver=3.35.1 HTTP/2" 200 599 "https://test2.proid.vn/?my-pro-id=proideefb94b2" "Mozilla/5.0 (Linux; Android 10; K) AppleWebKit/537.36 (KHTML, like Gecko) Chrome/145.0.0.0 Mobile Safari/537.36"
113.178.44.24 - - [18/Mar/2026:20:51:46 +0700] "GET /wp-content/uploads/elementor/css/post-3393.css?ver=1773840975 HTTP/2" 200 866 "https://test2.proid.vn/?my-pro-id=proideefb94b2" "Mozilla/5.0 (Linux; Android 10; K) AppleWebKit/537.36 (KHTML, like Gecko) Chrome/145.0.0.0 Mobile Safari/537.36"
113.178.44.24 - - [18/Mar/2026:20:51:46 +0700] "GET /wp-content/plugins/elementor/assets/css/widget-video.min.css?ver=3.35.4 HTTP/2" 200 328 "https://test2.proid.vn/?my-pro-id=proideefb94b2" "Mozilla/5.0 (Linux; Android 10; K) AppleWebKit/537.36 (KHTML, like Gecko) Chrome/145.0.0.0 Mobile Safari/537.36"
113.178.44.24 - - [18/Mar/2026:20:51:46 +0700] "GET /wp-content/uploads/elementor/css/post-8834.css?ver=1773840976 HTTP/2" 200 1134 "https://test2.proid.vn/?my-pro-id=proideefb94b2" "Mozilla/5.0 (Linux; Android 10; K) AppleWebKit/537.36 (KHTML, like Gecko) Chrome/145.0.0.0 Mobile Safari/537.36"
113.178.44.24 - - [18/Mar/2026:20:51:46 +0700] "GET /wp-content/uploads/elementor/css/post-258380.css?ver=1773840976 HTTP/2" 200 792 "https://test2.proid.vn/?my-pro-id=proideefb94b2" "Mozilla/5.0 (Linux; Android 10; K) AppleWebKit/537.36 (KHTML, like Gecko) Chrome/145.0.0.0 Mobile Safari/537.36"
113.178.44.24 - - [18/Mar/2026:20:51:46 +0700] "GET /wp-content/uploads/elementor/css/post-196500.css?ver=1773840976 HTTP/2" 200 1015 "https://test2.proid.vn/?my-pro-id=proideefb94b2" "Mozilla/5.0 (Linux; Android 10; K) AppleWebKit/537.36 (KHTML, like Gecko) Chrome/145.0.0.0 Mobile Safari/537.36"
113.178.44.24 - - [18/Mar/2026:20:51:46 +0700] "GET /wp-content/uploads/elementor/css/post-331799.css?ver=1773840976 HTTP/2" 200 909 "https://test2.proid.vn/?my-pro-id=proideefb94b2" "Mozilla/5.0 (Linux; Android 10; K) AppleWebKit/537.36 (KHTML, like Gecko) Chrome/145.0.0.0 Mobile Safari/537.36"
113.178.44.24 - - [18/Mar/2026:20:51:46 +0700] "GET /wp-content/uploads/elementor/css/post-670.css?ver=1773840976 HTTP/2" 200 916 "https://test2.proid.vn/?my-pro-id=proideefb94b2" "Mozilla/5.0 (Linux; Android 10; K) AppleWebKit/537.36 (KHTML, like Gecko) Chrome/145.0.0.0 Mobile Safari/537.36"
113.178.44.24 - - [18/Mar/2026:20:51:46 +0700] "GET /wp-content/plugins/elementor/assets/lib/animations/styles/fadeIn.min.css?ver=3.35.4 HTTP/2" 200 77 "https://test2.proid.vn/?my-pro-id=proideefb94b2" "Mozilla/5.0 (Linux; Android 10; K) AppleWebKit/537.36 (KHTML, like Gecko) Chrome/145.0.0.0 Mobile Safari/537.36"
113.178.44.24 - - [18/Mar/2026:20:51:46 +0700] "GET /wp-content/uploads/elementor/css/post-18532.css?ver=1773840976 HTTP/2" 200 658 "https://test2.proid.vn/?my-pro-id=proideefb94b2" "Mozilla/5.0 (Linux; Android 10; K) AppleWebKit/537.36 (KHTML, like Gecko) Chrome/145.0.0.0 Mobile Safari/537.36"
113.178.44.24 - - [18/Mar/2026:20:51:46 +0700] "GET /wp-content/uploads/elementor/css/post-122546.css?ver=1773840976 HTTP/2" 200 885 "https://test2.proid.vn/?my-pro-id=proideefb94b2" "Mozilla/5.0 (Linux; Android 10; K) AppleWebKit/537.36 (KHTML, like Gecko) Chrome/145.0.0.0 Mobile Safari/537.36"
113.178.44.24 - - [18/Mar/2026:20:51:46 +0700] "GET /wp-content/uploads/elementor/css/post-1346.css?ver=1773840976 HTTP/2" 200 530 "https://test2.proid.vn/?my-pro-id=proideefb94b2" "Mozilla/5.0 (Linux; Android 10; K) AppleWebKit/537.36 (KHTML, like Gecko) Chrome/145.0.0.0 Mobile Safari/537.36"
113.178.44.24 - - [18/Mar/2026:20:51:46 +0700] "GET /wp-content/uploads/elementor/css/post-202123.css?ver=1773840976 HTTP/2" 200 609 "https://test2.proid.vn/?my-pro-id=proideefb94b2" "Mozilla/5.0 (Linux; Android 10; K) AppleWebKit/537.36 (KHTML, like Gecko) Chrome/145.0.0.0 Mobile Safari/537.36"
113.178.44.24 - - [18/Mar/2026:20:51:46 +0700] "GET /wp-content/uploads/elementor/css/post-991.css?ver=1773840976 HTTP/2" 200 1044 "https://test2.proid.vn/?my-pro-id=proideefb94b2" "Mozilla/5.0 (Linux; Android 10; K) AppleWebKit/537.36 (KHTML, like Gecko) Chrome/145.0.0.0 Mobile Safari/537.36"
113.178.44.24 - - [18/Mar/2026:20:51:46 +0700] "GET /wp-content/uploads/2025/04/white-fabric-texture-background-design-element.jpg HTTP/2" 200 11941 "https://test2.proid.vn/wp-content/uploads/elementor/css/post-22.css?ver=1773840974" "Mozilla/5.0 (Linux; Android 10; K) AppleWebKit/537.36 (KHTML, like Gecko) Chrome/145.0.0.0 Mobile Safari/537.36"
113.178.44.24 - - [18/Mar/2026:20:51:46 +0700] "GET /wp-content/uploads/jet-form-builder/0c2145219829021b086b9a2ff7fa72f0/2025/06/1000040688.jpg HTTP/2" 200 94278 "https://test2.proid.vn/?my-pro-id=proideefb94b2" "Mozilla/5.0 (Linux; Android 10; K) AppleWebKit/537.36 (KHTML, like Gecko) Chrome/145.0.0.0 Mobile Safari/537.36"
113.178.44.24 - - [18/Mar/2026:20:51:46 +0700] "GET /wp-content/plugins/woocommerce/assets/js/frontend/order-attribution.min.js?ver=8.6.3 HTTP/2" 200 683 "https://test2.proid.vn/?my-pro-id=proideefb94b2" "Mozilla/5.0 (Linux; Android 10; K) AppleWebKit/537.36 (KHTML, like Gecko) Chrome/145.0.0.0 Mobile Safari/537.36"
113.178.44.24 - - [18/Mar/2026:20:51:46 +0700] "GET /wp-includes/js/jquery/ui/mouse.min.js?ver=1.13.3 HTTP/2" 200 1012 "https://test2.proid.vn/?my-pro-id=proideefb94b2" "Mozilla/5.0 (Linux; Android 10; K) AppleWebKit/537.36 (KHTML, like Gecko) Chrome/145.0.0.0 Mobile Safari/537.36"
113.178.44.24 - - [18/Mar/2026:20:51:46 +0700] "GET /wp-includes/js/jquery/ui/resizable.min.js?ver=1.13.3 HTTP/2" 200 5162 "https://test2.proid.vn/?my-pro-id=proideefb94b2" "Mozilla/5.0 (Linux; Android 10; K) AppleWebKit/537.36 (KHTML, like Gecko) Chrome/145.0.0.0 Mobile Safari/537.36"
113.178.44.24 - - [18/Mar/2026:20:51:46 +0700] "GET /wp-includes/js/jquery/ui/draggable.min.js?ver=1.13.3 HTTP/2" 200 4691 "https://test2.proid.vn/?my-pro-id=proideefb94b2" "Mozilla/5.0 (Linux; Android 10; K) AppleWebKit/537.36 (KHTML, like Gecko) Chrome/145.0.0.0 Mobile Safari/537.36"
113.178.44.24 - - [18/Mar/2026:20:51:46 +0700] "GET /wp-includes/js/jquery/ui/controlgroup.min.js?ver=1.13.3 HTTP/2" 200 1453 "https://test2.proid.vn/?my-pro-id=proideefb94b2" "Mozilla/5.0 (Linux; Android 10; K) AppleWebKit/537.36 (KHTML, like Gecko) Chrome/145.0.0.0 Mobile Safari/537.36"
113.178.44.24 - - [18/Mar/2026:20:51:46 +0700] "GET /wp-includes/js/jquery/ui/checkboxradio.min.js?ver=1.13.3 HTTP/2" 200 1296 "https://test2.proid.vn/?my-pro-id=proideefb94b2" "Mozilla/5.0 (Linux; Android 10; K) AppleWebKit/537.36 (KHTML, like Gecko) Chrome/145.0.0.0 Mobile Safari/537.36"
113.178.44.24 - - [18/Mar/2026:20:51:46 +0700] "GET /wp-includes/js/jquery/ui/button.min.js?ver=1.13.3 HTTP/2" 200 1830 "https://test2.proid.vn/?my-pro-id=proideefb94b2" "Mozilla/5.0 (Linux; Android 10; K) AppleWebKit/537.36 (KHTML, like Gecko) Chrome/145.0.0.0 Mobile Safari/537.36"
113.178.44.24 - - [18/Mar/2026:20:51:46 +0700] "GET /wp-includes/js/jquery/ui/dialog.min.js?ver=1.13.3 HTTP/2" 200 3660 "https://test2.proid.vn/?my-pro-id=proideefb94b2" "Mozilla/5.0 (Linux; Android 10; K) AppleWebKit/537.36 (KHTML, like Gecko) Chrome/145.0.0.0 Mobile Safari/537.36"
113.178.44.24 - - [18/Mar/2026:20:51:46 +0700] "GET /wp-content/themes/hello-elementor/assets/js/hello-frontend.min.js?ver=1.0.0 HTTP/2" 200 537 "https://test2.proid.vn/?my-pro-id=proideefb94b2" "Mozilla/5.0 (Linux; Android 10; K) AppleWebKit/537.36 (KHTML, like Gecko) Chrome/145.0.0.0 Mobile Safari/537.36"
113.178.44.24 - - [18/Mar/2026:20:51:46 +0700] "GET /wp-content/plugins/elementor-pro/assets//lib/instant-page/instant-page.min.js?ver=3.35.1 HTTP/2" 200 1047 "https://test2.proid.vn/?my-pro-id=proideefb94b2" "Mozilla/5.0 (Linux; Android 10; K) AppleWebKit/537.36 (KHTML, like Gecko) Chrome/145.0.0.0 Mobile Safari/537.36"
113.178.44.24 - - [18/Mar/2026:20:51:46 +0700] "GET /wp-content/plugins/elementor/assets/js/webpack.runtime.min.js?ver=3.35.4 HTTP/2" 200 2257 "https://test2.proid.vn/?my-pro-id=proideefb94b2" "Mozilla/5.0 (Linux; Android 10; K) AppleWebKit/537.36 (KHTML, like Gecko) Chrome/145.0.0.0 Mobile Safari/537.36"
113.178.44.24 - - [18/Mar/2026:20:51:46 +0700] "GET /wp-content/plugins/elementor/assets/js/frontend-modules.min.js?ver=3.35.4 HTTP/2" 200 15420 "https://test2.proid.vn/?my-pro-id=proideefb94b2" "Mozilla/5.0 (Linux; Android 10; K) AppleWebKit/537.36 (KHTML, like Gecko) Chrome/145.0.0.0 Mobile Safari/537.36"
113.178.44.24 - - [18/Mar/2026:20:51:46 +0700] "GET /wp-content/plugins/elementor/assets/js/frontend.min.js?ver=3.35.4 HTTP/2" 200 10035 "https://test2.proid.vn/?my-pro-id=proideefb94b2" "Mozilla/5.0 (Linux; Android 10; K) AppleWebKit/537.36 (KHTML, like Gecko) Chrome/145.0.0.0 Mobile Safari/537.36"
113.178.44.24 - - [18/Mar/2026:20:51:46 +0700] "GET /wp-content/plugins/elementor-pro/assets/lib/smartmenus/jquery.smartmenus.min.js?ver=1.2.1 HTTP/2" 200 6867 "https://test2.proid.vn/?my-pro-id=proideefb94b2" "Mozilla/5.0 (Linux; Android 10; K) AppleWebKit/537.36 (KHTML, like Gecko) Chrome/145.0.0.0 Mobile Safari/537.36"
113.178.44.24 - - [18/Mar/2026:20:51:46 +0700] "GET /wp-content/plugins/elementor/assets/lib/e-gallery/js/e-gallery.min.js?ver=1.2.0 HTTP/2" 200 4434 "https://test2.proid.vn/?my-pro-id=proideefb94b2" "Mozilla/5.0 (Linux; Android 10; K) AppleWebKit/537.36 (KHTML, like Gecko) Chrome/145.0.0.0 Mobile Safari/537.36"
113.178.44.24 - - [18/Mar/2026:20:51:46 +0700] "GET /wp-content/plugins/jet-engine/assets/lib/jet-plugins/jet-plugins.js?ver=1.1.0 HTTP/2" 200 2190 "https://test2.proid.vn/?my-pro-id=proideefb94b2" "Mozilla/5.0 (Linux; Android 10; K) AppleWebKit/537.36 (KHTML, like Gecko) Chrome/145.0.0.0 Mobile Safari/537.36"
113.178.44.24 - - [18/Mar/2026:20:51:46 +0700] "GET /wp-content/plugins/jet-engine/assets/js/frontend.js?ver=3.6.6.1 HTTP/2" 200 14002 "https://test2.proid.vn/?my-pro-id=proideefb94b2" "Mozilla/5.0 (Linux; Android 10; K) AppleWebKit/537.36 (KHTML, like Gecko) Chrome/145.0.0.0 Mobile Safari/537.36"
113.178.44.24 - - [18/Mar/2026:20:51:46 +0700] "GET /wp-content/plugins/elementor-pro/assets/js/webpack-pro.runtime.min.js?ver=3.35.1 HTTP/2" 200 2623 "https://test2.proid.vn/?my-pro-id=proideefb94b2" "Mozilla/5.0 (Linux; Android 10; K) AppleWebKit/537.36 (KHTML, like Gecko) Chrome/145.0.0.0 Mobile Safari/537.36"
113.178.44.24 - - [18/Mar/2026:20:51:46 +0700] "GET /wp-includes/js/dist/hooks.min.js?ver=dd5603f07f9220ed27f1 HTTP/2" 200 1852 "https://test2.proid.vn/?my-pro-id=proideefb94b2" "Mozilla/5.0 (Linux; Android 10; K) AppleWebKit/537.36 (KHTML, like Gecko) Chrome/145.0.0.0 Mobile Safari/537.36"
113.178.44.24 - - [18/Mar/2026:20:51:46 +0700] "GET /wp-includes/js/dist/i18n.min.js?ver=c26c3dc7bed366793375 HTTP/2" 200 2119 "https://test2.proid.vn/?my-pro-id=proideefb94b2" "Mozilla/5.0 (Linux; Android 10; K) AppleWebKit/537.36 (KHTML, like Gecko) Chrome/145.0.0.0 Mobile Safari/537.36"
113.178.44.24 - - [18/Mar/2026:20:51:46 +0700] "GET /wp-content/plugins/elementor-pro/assets/js/frontend.min.js?ver=3.35.1 HTTP/2" 200 6203 "https://test2.proid.vn/?my-pro-id=proideefb94b2" "Mozilla/5.0 (Linux; Android 10; K) AppleWebKit/537.36 (KHTML, like Gecko) Chrome/145.0.0.0 Mobile Safari/537.36"
113.178.44.24 - - [18/Mar/2026:20:51:46 +0700] "GET /wp-content/plugins/elementor-pro/assets/js/elements-handlers.min.js?ver=3.35.1 HTTP/2" 200 10095 "https://test2.proid.vn/?my-pro-id=proideefb94b2" "Mozilla/5.0 (Linux; Android 10; K) AppleWebKit/537.36 (KHTML, like Gecko) Chrome/145.0.0.0 Mobile Safari/537.36"
113.178.44.24 - - [18/Mar/2026:20:51:46 +0700] "GET /wp-content/plugins/woocommerce/assets/js/sourcebuster/sourcebuster.min.js?ver=8.6.3 HTTP/2" 200 4348 "https://test2.proid.vn/?my-pro-id=proideefb94b2" "Mozilla/5.0 (Linux; Android 10; K) AppleWebKit/537.36 (KHTML, like Gecko) Chrome/145.0.0.0 Mobile Safari/537.36"
113.178.44.24 - - [18/Mar/2026:20:51:46 +0700] "GET /wp-includes/js/jquery/ui/core.min.js?ver=1.13.3 HTTP/2" 200 6812 "https://test2.proid.vn/?my-pro-id=proideefb94b2" "Mozilla/5.0 (Linux; Android 10; K) AppleWebKit/537.36 (KHTML, like Gecko) Chrome/145.0.0.0 Mobile Safari/537.36"
113.178.44.24 - - [18/Mar/2026:20:51:46 +0700] "GET /wp-content/plugins/elementor/assets/lib/swiper/v8/swiper.min.js?ver=8.4.5 HTTP/2" 200 38152 "https://test2.proid.vn/?my-pro-id=proideefb94b2" "Mozilla/5.0 (Linux; Android 10; K) AppleWebKit/537.36 (KHTML, like Gecko) Chrome/145.0.0.0 Mobile Safari/537.36"
113.178.44.24 - - [18/Mar/2026:20:51:46 +0700] "GET /wp-content/plugins/woocommerce/assets/js/jquery-blockui/jquery.blockUI.min.js?ver=2.7.0-wc.8.6.3 HTTP/2" 200 3277 "https://test2.proid.vn/?my-pro-id=proideefb94b2" "Mozilla/5.0 (Linux; Android 10; K) AppleWebKit/537.36 (KHTML, like Gecko) Chrome/145.0.0.0 Mobile Safari/537.36"
113.178.44.24 - - [18/Mar/2026:20:51:46 +0700] "GET /wp-content/plugins/woocommerce/assets/js/frontend/add-to-cart.min.js?ver=8.6.3 HTTP/2" 200 989 "https://test2.proid.vn/?my-pro-id=proideefb94b2" "Mozilla/5.0 (Linux; Android 10; K) AppleWebKit/537.36 (KHTML, like Gecko) Chrome/145.0.0.0 Mobile Safari/537.36"
113.178.44.24 - - [18/Mar/2026:20:51:46 +0700] "GET /wp-content/plugins/woocommerce/assets/js/js-cookie/js.cookie.min.js?ver=2.1.4-wc.8.6.3 HTTP/2" 200 893 "https://test2.proid.vn/?my-pro-id=proideefb94b2" "Mozilla/5.0 (Linux; Android 10; K) AppleWebKit/537.36 (KHTML, like Gecko) Chrome/145.0.0.0 Mobile Safari/537.36"
113.178.44.24 - - [18/Mar/2026:20:51:46 +0700] "GET /wp-content/plugins/woocommerce/assets/js/frontend/woocommerce.min.js?ver=8.6.3 HTTP/2" 200 684 "https://test2.proid.vn/?my-pro-id=proideefb94b2" "Mozilla/5.0 (Linux; Android 10; K) AppleWebKit/537.36 (KHTML, like Gecko) Chrome/145.0.0.0 Mobile Safari/537.36"
113.178.44.24 - - [18/Mar/2026:20:51:46 +0700] "GET /wp-content/plugins/elementor/assets/lib/font-awesome/fonts/fontawesome-webfont.woff2?v=4.7.0 HTTP/2" 200 77160 "https://test2.proid.vn/wp-content/plugins/elementor/assets/lib/font-awesome/css/font-awesome.min.css?ver=4.7.0" "Mozilla/5.0 (Linux; Android 10; K) AppleWebKit/537.36 (KHTML, like Gecko) Chrome/145.0.0.0 Mobile Safari/537.36"
113.178.44.24 - - [18/Mar/2026:20:51:46 +0700] "GET /wp-content/themes/hello-elementor-child/assets/js/me-proid-copy-profile.js?ver=1.0.0 HTTP/2" 404 34601 "https://test2.proid.vn/?my-pro-id=proideefb94b2" "Mozilla/5.0 (Linux; Android 10; K) AppleWebKit/537.36 (KHTML, like Gecko) Chrome/145.0.0.0 Mobile Safari/537.36"
113.178.44.24 - - [18/Mar/2026:20:51:46 +0700] "GET /wp-content/themes/hello-elementor/js/hide-tab-script.js?ver=1.0.0 HTTP/2" 404 34601 "https://test2.proid.vn/?my-pro-id=proideefb94b2" "Mozilla/5.0 (Linux; Android 10; K) AppleWebKit/537.36 (KHTML, like Gecko) Chrome/145.0.0.0 Mobile Safari/537.36"
113.178.44.24 - - [18/Mar/2026:20:51:46 +0700] "GET /wp-content/themes/hello-elementor-child/custom.js?ver=1.0 HTTP/2" 404 34601 "https://test2.proid.vn/?my-pro-id=proideefb94b2" "Mozilla/5.0 (Linux; Android 10; K) AppleWebKit/537.36 (KHTML, like Gecko) Chrome/145.0.0.0 Mobile Safari/537.36"
113.178.44.24 - - [18/Mar/2026:20:51:46 +0700] "GET /wp-content/themes/hello-elementor-child/assets/js/custom-scripts.js?ver=1.0.0 HTTP/2" 404 34601 "https://test2.proid.vn/?my-pro-id=proideefb94b2" "Mozilla/5.0 (Linux; Android 10; K) AppleWebKit/537.36 (KHTML, like Gecko) Chrome/145.0.0.0 Mobile Safari/537.36"
113.178.44.24 - - [18/Mar/2026:20:51:51 +0700] "GET /wp-content/plugins/elementor/assets/lib/dialog/dialog.min.js?ver=4.9.3 HTTP/2" 200 3593 "https://test2.proid.vn/?my-pro-id=proideefb94b2" "Mozilla/5.0 (Linux; Android 10; K) AppleWebKit/537.36 (KHTML, like Gecko) Chrome/145.0.0.0 Mobile Safari/537.36"
113.178.44.24 - - [18/Mar/2026:20:51:51 +0700] "GET /wp-content/plugins/elementor/assets/css/conditionals/dialog.min.css?ver=3.35.4 HTTP/2" 200 1428 "https://test2.proid.vn/?my-pro-id=proideefb94b2" "Mozilla/5.0 (Linux; Android 10; K) AppleWebKit/537.36 (KHTML, like Gecko) Chrome/145.0.0.0 Mobile Safari/537.36"
113.178.44.24 - - [18/Mar/2026:20:51:51 +0700] "GET /wp-content/plugins/elementor/assets/css/conditionals/lightbox.min.css?ver=3.35.4 HTTP/2" 200 1754 "https://test2.proid.vn/?my-pro-id=proideefb94b2" "Mozilla/5.0 (Linux; Android 10; K) AppleWebKit/537.36 (KHTML, like Gecko) Chrome/145.0.0.0 Mobile Safari/537.36"
113.178.44.24 - - [18/Mar/2026:20:51:51 +0700] "GET /wp-content/plugins/elementor/assets/js/lightbox.d1799e507b570f6b0496.bundle.min.js HTTP/2" 200 8943 "https://test2.proid.vn/?my-pro-id=proideefb94b2" "Mozilla/5.0 (Linux; Android 10; K) AppleWebKit/537.36 (KHTML, like Gecko) Chrome/145.0.0.0 Mobile Safari/537.36"
113.178.44.24 - - [18/Mar/2026:20:51:51 +0700] "GET /wp-content/plugins/elementor/assets/lib/share-link/share-link.min.js?ver=3.35.4 HTTP/2" 200 1072 "https://test2.proid.vn/?my-pro-id=proideefb94b2" "Mozilla/5.0 (Linux; Android 10; K) AppleWebKit/537.36 (KHTML, like Gecko) Chrome/145.0.0.0 Mobile Safari/537.36"
113.178.44.24 - - [18/Mar/2026:20:51:51 +0700] "GET /wp-content/plugins/elementor/assets/js/shared-frontend-handlers.03caa53373b56d3bab67.bundle.min.js HTTP/2" 200 2511 "https://test2.proid.vn/?my-pro-id=proideefb94b2" "Mozilla/5.0 (Linux; Android 10; K) AppleWebKit/537.36 (KHTML, like Gecko) Chrome/145.0.0.0 Mobile Safari/537.36"
113.178.44.24 - - [18/Mar/2026:20:51:51 +0700] "GET /wp-content/plugins/elementor/assets/js/nested-tabs.a2401356d329f179475e.bundle.min.js HTTP/2" 200 3142 "https://test2.proid.vn/?my-pro-id=proideefb94b2" "Mozilla/5.0 (Linux; Android 10; K) AppleWebKit/537.36 (KHTML, like Gecko) Chrome/145.0.0.0 Mobile Safari/537.36"
113.178.44.24 - - [18/Mar/2026:20:51:51 +0700] "GET /wp-content/plugins/elementor-pro/assets/js/gallery.06be1c07b9901f53d709.bundle.min.js HTTP/2" 200 1652 "https://test2.proid.vn/?my-pro-id=proideefb94b2" "Mozilla/5.0 (Linux; Android 10; K) AppleWebKit/537.36 (KHTML, like Gecko) Chrome/145.0.0.0 Mobile Safari/537.36"
113.178.44.24 - - [18/Mar/2026:20:51:51 +0700] "GET /wp-content/plugins/elementor/assets/js/text-editor.45609661e409413f1cef.bundle.min.js HTTP/2" 200 592 "https://test2.proid.vn/?my-pro-id=proideefb94b2" "Mozilla/5.0 (Linux; Android 10; K) AppleWebKit/537.36 (KHTML, like Gecko) Chrome/145.0.0.0 Mobile Safari/537.36"
113.178.44.24 - - [18/Mar/2026:20:51:51 +0700] "GET /wp-content/plugins/elementor/assets/js/video.86d44e46e43d0807e708.bundle.min.js HTTP/2" 200 1186 "https://test2.proid.vn/?my-pro-id=proideefb94b2" "Mozilla/5.0 (Linux; Android 10; K) AppleWebKit/537.36 (KHTML, like Gecko) Chrome/145.0.0.0 Mobile Safari/537.36"
113.178.44.24 - - [18/Mar/2026:20:51:51 +0700] "GET /favicon.ico HTTP/2" 404 1251 "https://test2.proid.vn/?my-pro-id=proideefb94b2" "Mozilla/5.0 (Linux; Android 10; K) AppleWebKit/537.36 (KHTML, like Gecko) Chrome/145.0.0.0 Mobile Safari/537.36"
113.178.44.24 - - [18/Mar/2026:20:51:51 +0700] "GET /wp-content/plugins/elementor/assets/js/nested-title-keyboard-handler.2a67d3cc630e11815acc.bundle.min.js HTTP/2" 200 1381 "https://test2.proid.vn/?my-pro-id=proideefb94b2" "Mozilla/5.0 (Linux; Android 10; K) AppleWebKit/537.36 (KHTML, like Gecko) Chrome/145.0.0.0 Mobile Safari/537.36"
113.178.44.24 - - [18/Mar/2026:20:51:51 +0700] "GET /wp-includes/js/wp-emoji-release.min.js?ver=6.9.4 HTTP/2" 200 4949 "https://test2.proid.vn/?my-pro-id=proideefb94b2" "Mozilla/5.0 (Linux; Android 10; K) AppleWebKit/537.36 (KHTML, like Gecko) Chrome/145.0.0.0 Mobile Safari/537.36"
113.178.44.24 - - [18/Mar/2026:20:51:52 +0700] "GET /wp-content/uploads/jet-form-builder/0c2145219829021b086b9a2ff7fa72f0/2025/04/02.jpg HTTP/2" 200 35441 "https://test2.proid.vn/?my-pro-id=proideefb94b2" "Mozilla/5.0 (Linux; Android 10; K) AppleWebKit/537.36 (KHTML, like Gecko) Chrome/145.0.0.0 Mobile Safari/537.36"
113.178.44.24 - - [18/Mar/2026:20:51:52 +0700] "GET /wp-content/uploads/jet-form-builder/0c2145219829021b086b9a2ff7fa72f0/2025/04/03.jpg HTTP/2" 200 42111 "https://test2.proid.vn/?my-pro-id=proideefb94b2" "Mozilla/5.0 (Linux; Android 10; K) AppleWebKit/537.36 (KHTML, like Gecko) Chrome/145.0.0.0 Mobile Safari/537.36"
113.178.44.24 - - [18/Mar/2026:20:51:52 +0700] "GET /wp-content/uploads/jet-form-builder/0c2145219829021b086b9a2ff7fa72f0/2025/04/08.jpg HTTP/2" 200 45763 "https://test2.proid.vn/?my-pro-id=proideefb94b2" "Mozilla/5.0 (Linux; Android 10; K) AppleWebKit/537.36 (KHTML, like Gecko) Chrome/145.0.0.0 Mobile Safari/537.36"
113.178.44.24 - - [18/Mar/2026:20:51:52 +0700] "GET /wp-content/uploads/jet-form-builder/0c2145219829021b086b9a2ff7fa72f0/2025/04/11.jpg HTTP/2" 200 54410 "https://test2.proid.vn/?my-pro-id=proideefb94b2" "Mozilla/5.0 (Linux; Android 10; K) AppleWebKit/537.36 (KHTML, like Gecko) Chrome/145.0.0.0 Mobile Safari/537.36"
