171.251.153.55 - - [18/Mar/2026:20:11:31 +0700] "GET /wp-content/plugins/elementor-pro/assets/js/page-transitions.min.js?ver=3.35.1 HTTP/2" 304 0 "https://test2.proid.vn/?my-pro-id=proideefb94b2" "Mozilla/5.0 (Linux; Android 10; K) AppleWebKit/537.36 (KHTML, like Gecko) Chrome/146.0.0.0 Mobile Safari/537.36"
171.251.153.55 - - [18/Mar/2026:20:11:24 +0700] "GET /?my-pro-id=proideefb94b2 HTTP/2" 200 978712 "-" "Mozilla/5.0 (Linux; Android 10; K) AppleWebKit/537.36 (KHTML, like Gecko) Chrome/146.0.0.0 Mobile Safari/537.36"
171.251.153.55 - - [18/Mar/2026:20:11:31 +0700] "GET /wp-content/plugins/me-proid-admin-card-creator/assets/js/admin-card-creator.js?ver=1.0.1 HTTP/2" 304 0 "https://test2.proid.vn/?my-pro-id=proideefb94b2" "Mozilla/5.0 (Linux; Android 10; K) AppleWebKit/537.36 (KHTML, like Gecko) Chrome/146.0.0.0 Mobile Safari/537.36"
171.251.153.55 - - [18/Mar/2026:20:11:31 +0700] "GET /wp-content/plugins/me-proid-copy-login-button/assets/js/copy_login_button_js.js?ver=1.1.0 HTTP/2" 304 0 "https://test2.proid.vn/?my-pro-id=proideefb94b2" "Mozilla/5.0 (Linux; Android 10; K) AppleWebKit/537.36 (KHTML, like Gecko) Chrome/146.0.0.0 Mobile Safari/537.36"
171.251.153.55 - - [18/Mar/2026:20:11:31 +0700] "GET /wp-content/plugins/mepid-quick-checkout/assets/js/quick-checkout.js?ver=1.4.0 HTTP/2" 304 0 "https://test2.proid.vn/?my-pro-id=proideefb94b2" "Mozilla/5.0 (Linux; Android 10; K) AppleWebKit/537.36 (KHTML, like Gecko) Chrome/146.0.0.0 Mobile Safari/537.36"
171.251.153.55 - - [18/Mar/2026:20:11:31 +0700] "GET /wp-content/plugins/woocommerce/assets/js/sourcebuster/sourcebuster.min.js?ver=8.6.3 HTTP/2" 304 0 "https://test2.proid.vn/?my-pro-id=proideefb94b2" "Mozilla/5.0 (Linux; Android 10; K) AppleWebKit/537.36 (KHTML, like Gecko) Chrome/146.0.0.0 Mobile Safari/537.36"
171.251.153.55 - - [18/Mar/2026:20:11:31 +0700] "GET /wp-content/plugins/woocommerce/assets/js/frontend/order-attribution.min.js?ver=8.6.3 HTTP/2" 304 0 "https://test2.proid.vn/?my-pro-id=proideefb94b2" "Mozilla/5.0 (Linux; Android 10; K) AppleWebKit/537.36 (KHTML, like Gecko) Chrome/146.0.0.0 Mobile Safari/537.36"
171.251.153.55 - - [18/Mar/2026:20:11:31 +0700] "GET /wp-includes/js/jquery/ui/core.min.js?ver=1.13.3 HTTP/2" 304 0 "https://test2.proid.vn/?my-pro-id=proideefb94b2" "Mozilla/5.0 (Linux; Android 10; K) AppleWebKit/537.36 (KHTML, like Gecko) Chrome/146.0.0.0 Mobile Safari/537.36"
171.251.153.55 - - [18/Mar/2026:20:11:31 +0700] "GET /wp-includes/js/jquery/ui/mouse.min.js?ver=1.13.3 HTTP/2" 304 0 "https://test2.proid.vn/?my-pro-id=proideefb94b2" "Mozilla/5.0 (Linux; Android 10; K) AppleWebKit/537.36 (KHTML, like Gecko) Chrome/146.0.0.0 Mobile Safari/537.36"
171.251.153.55 - - [18/Mar/2026:20:11:31 +0700] "GET /wp-includes/js/jquery/ui/resizable.min.js?ver=1.13.3 HTTP/2" 304 0 "https://test2.proid.vn/?my-pro-id=proideefb94b2" "Mozilla/5.0 (Linux; Android 10; K) AppleWebKit/537.36 (KHTML, like Gecko) Chrome/146.0.0.0 Mobile Safari/537.36"
171.251.153.55 - - [18/Mar/2026:20:11:31 +0700] "GET /wp-includes/js/jquery/ui/draggable.min.js?ver=1.13.3 HTTP/2" 304 0 "https://test2.proid.vn/?my-pro-id=proideefb94b2" "Mozilla/5.0 (Linux; Android 10; K) AppleWebKit/537.36 (KHTML, like Gecko) Chrome/146.0.0.0 Mobile Safari/537.36"
171.251.153.55 - - [18/Mar/2026:20:11:31 +0700] "GET /wp-includes/js/jquery/ui/controlgroup.min.js?ver=1.13.3 HTTP/2" 304 0 "https://test2.proid.vn/?my-pro-id=proideefb94b2" "Mozilla/5.0 (Linux; Android 10; K) AppleWebKit/537.36 (KHTML, like Gecko) Chrome/146.0.0.0 Mobile Safari/537.36"
171.251.153.55 - - [18/Mar/2026:20:11:31 +0700] "GET /wp-includes/js/jquery/ui/checkboxradio.min.js?ver=1.13.3 HTTP/2" 304 0 "https://test2.proid.vn/?my-pro-id=proideefb94b2" "Mozilla/5.0 (Linux; Android 10; K) AppleWebKit/537.36 (KHTML, like Gecko) Chrome/146.0.0.0 Mobile Safari/537.36"
171.251.153.55 - - [18/Mar/2026:20:11:31 +0700] "GET /wp-includes/js/jquery/ui/button.min.js?ver=1.13.3 HTTP/2" 304 0 "https://test2.proid.vn/?my-pro-id=proideefb94b2" "Mozilla/5.0 (Linux; Android 10; K) AppleWebKit/537.36 (KHTML, like Gecko) Chrome/146.0.0.0 Mobile Safari/537.36"
171.251.153.55 - - [18/Mar/2026:20:11:31 +0700] "GET /wp-includes/js/jquery/ui/dialog.min.js?ver=1.13.3 HTTP/2" 304 0 "https://test2.proid.vn/?my-pro-id=proideefb94b2" "Mozilla/5.0 (Linux; Android 10; K) AppleWebKit/537.36 (KHTML, like Gecko) Chrome/146.0.0.0 Mobile Safari/537.36"
171.251.153.55 - - [18/Mar/2026:20:11:31 +0700] "GET /wp-content/themes/hello-elementor/assets/js/hello-frontend.min.js?ver=1.0.0 HTTP/2" 304 0 "https://test2.proid.vn/?my-pro-id=proideefb94b2" "Mozilla/5.0 (Linux; Android 10; K) AppleWebKit/537.36 (KHTML, like Gecko) Chrome/146.0.0.0 Mobile Safari/537.36"
171.251.153.55 - - [18/Mar/2026:20:11:31 +0700] "GET /wp-content/plugins/jetformbuilder/modules/jet-plugins/assets/build/index.js?ver=1.0.0 HTTP/2" 304 0 "https://test2.proid.vn/?my-pro-id=proideefb94b2" "Mozilla/5.0 (Linux; Android 10; K) AppleWebKit/537.36 (KHTML, like Gecko) Chrome/146.0.0.0 Mobile Safari/537.36"
171.251.153.55 - - [18/Mar/2026:20:11:31 +0700] "GET /wp-content/plugins/jet-elements/assets/js/lib/anime-js/anime.min.js?ver=2.2.0 HTTP/2" 304 0 "https://test2.proid.vn/?my-pro-id=proideefb94b2" "Mozilla/5.0 (Linux; Android 10; K) AppleWebKit/537.36 (KHTML, like Gecko) Chrome/146.0.0.0 Mobile Safari/537.36"
171.251.153.55 - - [18/Mar/2026:20:11:31 +0700] "GET /wp-content/plugins/jet-popup/assets/js/jet-popup-frontend.js?ver=2.0.12 HTTP/2" 304 0 "https://test2.proid.vn/?my-pro-id=proideefb94b2" "Mozilla/5.0 (Linux; Android 10; K) AppleWebKit/537.36 (KHTML, like Gecko) Chrome/146.0.0.0 Mobile Safari/537.36"
171.251.153.55 - - [18/Mar/2026:20:11:31 +0700] "GET /wp-content/plugins/elementor-pro/assets//lib/instant-page/instant-page.min.js?ver=3.35.1 HTTP/2" 304 0 "https://test2.proid.vn/?my-pro-id=proideefb94b2" "Mozilla/5.0 (Linux; Android 10; K) AppleWebKit/537.36 (KHTML, like Gecko) Chrome/146.0.0.0 Mobile Safari/537.36"
171.251.153.55 - - [18/Mar/2026:20:11:31 +0700] "GET /wp-content/plugins/elementor/assets/js/webpack.runtime.min.js?ver=3.35.4 HTTP/2" 304 0 "https://test2.proid.vn/?my-pro-id=proideefb94b2" "Mozilla/5.0 (Linux; Android 10; K) AppleWebKit/537.36 (KHTML, like Gecko) Chrome/146.0.0.0 Mobile Safari/537.36"
171.251.153.55 - - [18/Mar/2026:20:11:31 +0700] "GET /wp-content/plugins/elementor/assets/js/frontend-modules.min.js?ver=3.35.4 HTTP/2" 304 0 "https://test2.proid.vn/?my-pro-id=proideefb94b2" "Mozilla/5.0 (Linux; Android 10; K) AppleWebKit/537.36 (KHTML, like Gecko) Chrome/146.0.0.0 Mobile Safari/537.36"
171.251.153.55 - - [18/Mar/2026:20:11:31 +0700] "GET /wp-content/plugins/elementor/assets/js/frontend.min.js?ver=3.35.4 HTTP/2" 304 0 "https://test2.proid.vn/?my-pro-id=proideefb94b2" "Mozilla/5.0 (Linux; Android 10; K) AppleWebKit/537.36 (KHTML, like Gecko) Chrome/146.0.0.0 Mobile Safari/537.36"
171.251.153.55 - - [18/Mar/2026:20:11:31 +0700] "GET /wp-content/plugins/elementor-pro/assets/lib/smartmenus/jquery.smartmenus.min.js?ver=1.2.1 HTTP/2" 304 0 "https://test2.proid.vn/?my-pro-id=proideefb94b2" "Mozilla/5.0 (Linux; Android 10; K) AppleWebKit/537.36 (KHTML, like Gecko) Chrome/146.0.0.0 Mobile Safari/537.36"
171.251.153.55 - - [18/Mar/2026:20:11:31 +0700] "GET /wp-content/plugins/elementor/assets/lib/swiper/v8/swiper.min.js?ver=8.4.5 HTTP/2" 304 0 "https://test2.proid.vn/?my-pro-id=proideefb94b2" "Mozilla/5.0 (Linux; Android 10; K) AppleWebKit/537.36 (KHTML, like Gecko) Chrome/146.0.0.0 Mobile Safari/537.36"
171.251.153.55 - - [18/Mar/2026:20:11:31 +0700] "GET /wp-content/plugins/elementor/assets/lib/e-gallery/js/e-gallery.min.js?ver=1.2.0 HTTP/2" 304 0 "https://test2.proid.vn/?my-pro-id=proideefb94b2" "Mozilla/5.0 (Linux; Android 10; K) AppleWebKit/537.36 (KHTML, like Gecko) Chrome/146.0.0.0 Mobile Safari/537.36"
171.251.153.55 - - [18/Mar/2026:20:11:31 +0700] "GET /wp-content/plugins/jet-engine/assets/js/frontend.js?ver=3.6.6.1 HTTP/2" 304 0 "https://test2.proid.vn/?my-pro-id=proideefb94b2" "Mozilla/5.0 (Linux; Android 10; K) AppleWebKit/537.36 (KHTML, like Gecko) Chrome/146.0.0.0 Mobile Safari/537.36"
171.251.153.55 - - [18/Mar/2026:20:11:31 +0700] "GET /wp-content/plugins/elementor-pro/assets/js/webpack-pro.runtime.min.js?ver=3.35.1 HTTP/2" 304 0 "https://test2.proid.vn/?my-pro-id=proideefb94b2" "Mozilla/5.0 (Linux; Android 10; K) AppleWebKit/537.36 (KHTML, like Gecko) Chrome/146.0.0.0 Mobile Safari/537.36"
171.251.153.55 - - [18/Mar/2026:20:11:31 +0700] "GET /wp-includes/js/dist/hooks.min.js?ver=dd5603f07f9220ed27f1 HTTP/2" 304 0 "https://test2.proid.vn/?my-pro-id=proideefb94b2" "Mozilla/5.0 (Linux; Android 10; K) AppleWebKit/537.36 (KHTML, like Gecko) Chrome/146.0.0.0 Mobile Safari/537.36"
171.251.153.55 - - [18/Mar/2026:20:11:31 +0700] "GET /wp-includes/js/dist/i18n.min.js?ver=c26c3dc7bed366793375 HTTP/2" 304 0 "https://test2.proid.vn/?my-pro-id=proideefb94b2" "Mozilla/5.0 (Linux; Android 10; K) AppleWebKit/537.36 (KHTML, like Gecko) Chrome/146.0.0.0 Mobile Safari/537.36"
171.251.153.55 - - [18/Mar/2026:20:11:31 +0700] "GET /wp-content/plugins/elementor-pro/assets/js/frontend.min.js?ver=3.35.1 HTTP/2" 304 0 "https://test2.proid.vn/?my-pro-id=proideefb94b2" "Mozilla/5.0 (Linux; Android 10; K) AppleWebKit/537.36 (KHTML, like Gecko) Chrome/146.0.0.0 Mobile Safari/537.36"
171.251.153.55 - - [18/Mar/2026:20:11:31 +0700] "GET /wp-content/plugins/elementor-pro/assets/js/elements-handlers.min.js?ver=3.35.1 HTTP/2" 304 0 "https://test2.proid.vn/?my-pro-id=proideefb94b2" "Mozilla/5.0 (Linux; Android 10; K) AppleWebKit/537.36 (KHTML, like Gecko) Chrome/146.0.0.0 Mobile Safari/537.36"
171.251.153.55 - - [18/Mar/2026:20:11:31 +0700] "GET /wp-content/plugins/jet-elements/assets/js/jet-elements.min.js?ver=2.7.6 HTTP/2" 304 0 "https://test2.proid.vn/?my-pro-id=proideefb94b2" "Mozilla/5.0 (Linux; Android 10; K) AppleWebKit/537.36 (KHTML, like Gecko) Chrome/146.0.0.0 Mobile Safari/537.36"
171.251.153.55 - - [18/Mar/2026:20:11:31 +0700] "GET /wp-content/plugins/jet-popup/includes/elementor/assets/js/jet-popup-elementor-frontend.js?ver=2.0.12 HTTP/2" 304 0 "https://test2.proid.vn/?my-pro-id=proideefb94b2" "Mozilla/5.0 (Linux; Android 10; K) AppleWebKit/537.36 (KHTML, like Gecko) Chrome/146.0.0.0 Mobile Safari/537.36"
171.251.153.55 - - [18/Mar/2026:20:11:31 +0700] "GET /wp-content/plugins/woocommerce/assets/js/jquery-blockui/jquery.blockUI.min.js?ver=2.7.0-wc.8.6.3 HTTP/2" 304 0 "https://test2.proid.vn/?my-pro-id=proideefb94b2" "Mozilla/5.0 (Linux; Android 10; K) AppleWebKit/537.36 (KHTML, like Gecko) Chrome/146.0.0.0 Mobile Safari/537.36"
171.251.153.55 - - [18/Mar/2026:20:11:31 +0700] "GET /wp-content/plugins/woocommerce/assets/js/frontend/add-to-cart.min.js?ver=8.6.3 HTTP/2" 304 0 "https://test2.proid.vn/?my-pro-id=proideefb94b2" "Mozilla/5.0 (Linux; Android 10; K) AppleWebKit/537.36 (KHTML, like Gecko) Chrome/146.0.0.0 Mobile Safari/537.36"
171.251.153.55 - - [18/Mar/2026:20:11:31 +0700] "GET /wp-content/plugins/woocommerce/assets/js/js-cookie/js.cookie.min.js?ver=2.1.4-wc.8.6.3 HTTP/2" 304 0 "https://test2.proid.vn/?my-pro-id=proideefb94b2" "Mozilla/5.0 (Linux; Android 10; K) AppleWebKit/537.36 (KHTML, like Gecko) Chrome/146.0.0.0 Mobile Safari/537.36"
171.251.153.55 - - [18/Mar/2026:20:11:31 +0700] "GET /wp-content/plugins/woocommerce/assets/js/frontend/woocommerce.min.js?ver=8.6.3 HTTP/2" 304 0 "https://test2.proid.vn/?my-pro-id=proideefb94b2" "Mozilla/5.0 (Linux; Android 10; K) AppleWebKit/537.36 (KHTML, like Gecko) Chrome/146.0.0.0 Mobile Safari/537.36"
103.200.23.149 - - [18/Mar/2026:20:11:31 +0700] "POST /wp-cron.php?doing_wp_cron=1773839491.4869289398193359375000 HTTP/1.1" 200 0 "-" "WordPress/6.9.4; https://test2.proid.vn"
171.251.153.55 - - [18/Mar/2026:20:11:31 +0700] "GET /wp-content/themes/hello-elementor-child/custom.js?ver=1.0 HTTP/2" 404 37489 "https://test2.proid.vn/?my-pro-id=proideefb94b2" "Mozilla/5.0 (Linux; Android 10; K) AppleWebKit/537.36 (KHTML, like Gecko) Chrome/146.0.0.0 Mobile Safari/537.36"
171.251.153.55 - - [18/Mar/2026:20:11:31 +0700] "GET /wp-content/uploads/elementor/css/post-392180.css?ver=1748595198 HTTP/2" 404 37489 "https://test2.proid.vn/?my-pro-id=proideefb94b2" "Mozilla/5.0 (Linux; Android 10; K) AppleWebKit/537.36 (KHTML, like Gecko) Chrome/146.0.0.0 Mobile Safari/537.36"
171.251.153.55 - - [18/Mar/2026:20:11:31 +0700] "GET /wp-content/uploads/elementor/css/post-392154.css?ver=1748595138 HTTP/2" 404 37489 "https://test2.proid.vn/?my-pro-id=proideefb94b2" "Mozilla/5.0 (Linux; Android 10; K) AppleWebKit/537.36 (KHTML, like Gecko) Chrome/146.0.0.0 Mobile Safari/537.36"
171.251.153.55 - - [18/Mar/2026:20:11:31 +0700] "GET /wp-content/uploads/elementor/css/post-264624.css?ver=1750352036 HTTP/2" 404 37489 "https://test2.proid.vn/?my-pro-id=proideefb94b2" "Mozilla/5.0 (Linux; Android 10; K) AppleWebKit/537.36 (KHTML, like Gecko) Chrome/146.0.0.0 Mobile Safari/537.36"
171.251.153.55 - - [18/Mar/2026:20:11:31 +0700] "GET /wp-content/themes/hello-elementor/js/hide-tab-script.js?ver=1.0.0 HTTP/2" 404 37489 "https://test2.proid.vn/?my-pro-id=proideefb94b2" "Mozilla/5.0 (Linux; Android 10; K) AppleWebKit/537.36 (KHTML, like Gecko) Chrome/146.0.0.0 Mobile Safari/537.36"
171.251.153.55 - - [18/Mar/2026:20:11:31 +0700] "GET /wp-content/themes/hello-elementor-child/assets/js/me-proid-copy-profile.js?ver=1.0.0 HTTP/2" 404 37489 "https://test2.proid.vn/?my-pro-id=proideefb94b2" "Mozilla/5.0 (Linux; Android 10; K) AppleWebKit/537.36 (KHTML, like Gecko) Chrome/146.0.0.0 Mobile Safari/537.36"
171.251.153.55 - - [18/Mar/2026:20:11:31 +0700] "GET /wp-content/uploads/2024/02/placeholder.png HTTP/2" 404 37489 "https://test2.proid.vn/?my-pro-id=proideefb94b2" "Mozilla/5.0 (Linux; Android 10; K) AppleWebKit/537.36 (KHTML, like Gecko) Chrome/146.0.0.0 Mobile Safari/537.36"
171.251.153.55 - - [18/Mar/2026:20:11:31 +0700] "GET /wp-content/themes/hello-elementor-child/assets/js/custom-scripts.js?ver=1.0.0 HTTP/2" 404 37489 "https://test2.proid.vn/?my-pro-id=proideefb94b2" "Mozilla/5.0 (Linux; Android 10; K) AppleWebKit/537.36 (KHTML, like Gecko) Chrome/146.0.0.0 Mobile Safari/537.36"
171.251.153.55 - - [18/Mar/2026:20:11:40 +0700] "GET /wp-content/plugins/elementor/assets/js/lightbox.d1799e507b570f6b0496.bundle.min.js HTTP/2" 304 0 "https://test2.proid.vn/?my-pro-id=proideefb94b2" "Mozilla/5.0 (Linux; Android 10; K) AppleWebKit/537.36 (KHTML, like Gecko) Chrome/146.0.0.0 Mobile Safari/537.36"
171.251.153.55 - - [18/Mar/2026:20:11:40 +0700] "GET /wp-content/plugins/elementor/assets/lib/share-link/share-link.min.js?ver=3.35.4 HTTP/2" 304 0 "https://test2.proid.vn/?my-pro-id=proideefb94b2" "Mozilla/5.0 (Linux; Android 10; K) AppleWebKit/537.36 (KHTML, like Gecko) Chrome/146.0.0.0 Mobile Safari/537.36"
171.251.153.55 - - [18/Mar/2026:20:11:40 +0700] "GET /wp-content/plugins/elementor/assets/lib/dialog/dialog.min.js?ver=4.9.3 HTTP/2" 304 0 "https://test2.proid.vn/?my-pro-id=proideefb94b2" "Mozilla/5.0 (Linux; Android 10; K) AppleWebKit/537.36 (KHTML, like Gecko) Chrome/146.0.0.0 Mobile Safari/537.36"
171.251.153.55 - - [18/Mar/2026:20:11:40 +0700] "GET /wp-content/plugins/elementor/assets/js/shared-frontend-handlers.03caa53373b56d3bab67.bundle.min.js HTTP/2" 304 0 "https://test2.proid.vn/?my-pro-id=proideefb94b2" "Mozilla/5.0 (Linux; Android 10; K) AppleWebKit/537.36 (KHTML, like Gecko) Chrome/146.0.0.0 Mobile Safari/537.36"
171.251.153.55 - - [18/Mar/2026:20:11:40 +0700] "GET /wp-content/plugins/elementor/assets/js/nested-tabs.a2401356d329f179475e.bundle.min.js HTTP/2" 304 0 "https://test2.proid.vn/?my-pro-id=proideefb94b2" "Mozilla/5.0 (Linux; Android 10; K) AppleWebKit/537.36 (KHTML, like Gecko) Chrome/146.0.0.0 Mobile Safari/537.36"
171.251.153.55 - - [18/Mar/2026:20:11:40 +0700] "GET /wp-content/plugins/elementor-pro/assets/js/gallery.06be1c07b9901f53d709.bundle.min.js HTTP/2" 304 0 "https://test2.proid.vn/?my-pro-id=proideefb94b2" "Mozilla/5.0 (Linux; Android 10; K) AppleWebKit/537.36 (KHTML, like Gecko) Chrome/146.0.0.0 Mobile Safari/537.36"
171.251.153.55 - - [18/Mar/2026:20:11:40 +0700] "GET /wp-content/plugins/elementor/assets/js/text-editor.45609661e409413f1cef.bundle.min.js HTTP/2" 304 0 "https://test2.proid.vn/?my-pro-id=proideefb94b2" "Mozilla/5.0 (Linux; Android 10; K) AppleWebKit/537.36 (KHTML, like Gecko) Chrome/146.0.0.0 Mobile Safari/537.36"
171.251.153.55 - - [18/Mar/2026:20:11:40 +0700] "GET /wp-content/plugins/elementor/assets/js/video.86d44e46e43d0807e708.bundle.min.js HTTP/2" 304 0 "https://test2.proid.vn/?my-pro-id=proideefb94b2" "Mozilla/5.0 (Linux; Android 10; K) AppleWebKit/537.36 (KHTML, like Gecko) Chrome/146.0.0.0 Mobile Safari/537.36"
171.251.153.55 - - [18/Mar/2026:20:11:40 +0700] "GET /wp-content/plugins/elementor/assets/js/section-frontend-handlers.d85ab872da118940910d.bundle.min.js HTTP/2" 304 0 "https://test2.proid.vn/?my-pro-id=proideefb94b2" "Mozilla/5.0 (Linux; Android 10; K) AppleWebKit/537.36 (KHTML, like Gecko) Chrome/146.0.0.0 Mobile Safari/537.36"
171.251.153.55 - - [18/Mar/2026:20:11:40 +0700] "GET /wp-includes/js/wp-emoji-release.min.js?ver=6.9.4 HTTP/2" 304 0 "https://test2.proid.vn/?my-pro-id=proideefb94b2" "Mozilla/5.0 (Linux; Android 10; K) AppleWebKit/537.36 (KHTML, like Gecko) Chrome/146.0.0.0 Mobile Safari/537.36"
171.251.153.55 - - [18/Mar/2026:20:11:41 +0700] "GET /wp-content/plugins/elementor/assets/js/nested-title-keyboard-handler.2a67d3cc630e11815acc.bundle.min.js HTTP/2" 304 0 "https://test2.proid.vn/?my-pro-id=proideefb94b2" "Mozilla/5.0 (Linux; Android 10; K) AppleWebKit/537.36 (KHTML, like Gecko) Chrome/146.0.0.0 Mobile Safari/537.36"
113.178.44.24 - - [18/Mar/2026:20:11:59 +0700] "POST /wp-admin/admin-ajax.php HTTP/2" 200 51 "https://test2.proid.vn/wp-admin/plugins.php?plugin_status=inactive" "Mozilla/5.0 (Windows NT 10.0; Win64; x64) AppleWebKit/537.36 (KHTML, like Gecko) Chrome/146.0.0.0 Safari/537.36"
103.200.23.149 - - [18/Mar/2026:20:14:04 +0700] "POST /wp-cron.php?doing_wp_cron=1773839644.5682909488677978515625 HTTP/1.1" 200 0 "-" "WordPress/6.9.4; https://test2.proid.vn"
113.178.44.24 - - [18/Mar/2026:20:14:00 +0700] "POST /wp-admin/admin-ajax.php HTTP/2" 200 51 "https://test2.proid.vn/wp-admin/plugins.php?plugin_status=inactive" "Mozilla/5.0 (Windows NT 10.0; Win64; x64) AppleWebKit/537.36 (KHTML, like Gecko) Chrome/146.0.0.0 Safari/537.36"
103.200.23.149 - - [18/Mar/2026:20:16:04 +0700] "POST /wp-cron.php?doing_wp_cron=1773839764.7364399433135986328125 HTTP/1.1" 200 0 "-" "WordPress/6.9.4; https://test2.proid.vn"
113.178.44.24 - - [18/Mar/2026:20:16:01 +0700] "POST /wp-admin/admin-ajax.php HTTP/2" 200 51 "https://test2.proid.vn/wp-admin/plugins.php?plugin_status=inactive" "Mozilla/5.0 (Windows NT 10.0; Win64; x64) AppleWebKit/537.36 (KHTML, like Gecko) Chrome/146.0.0.0 Safari/537.36"
113.178.44.24 - - [18/Mar/2026:20:18:02 +0700] "POST /wp-admin/admin-ajax.php HTTP/2" 200 51 "https://test2.proid.vn/wp-admin/plugins.php?plugin_status=inactive" "Mozilla/5.0 (Windows NT 10.0; Win64; x64) AppleWebKit/537.36 (KHTML, like Gecko) Chrome/146.0.0.0 Safari/537.36"
103.200.23.149 - - [18/Mar/2026:20:18:05 +0700] "POST /wp-cron.php?doing_wp_cron=1773839885.4113030433654785156250 HTTP/1.1" 200 0 "-" "WordPress/6.9.4; https://test2.proid.vn"
113.178.44.24 - - [18/Mar/2026:20:23:48 +0700] "POST /wp-admin/admin-ajax.php HTTP/2" 200 51 "https://test2.proid.vn/wp-admin/plugins.php?plugin_status=inactive" "Mozilla/5.0 (Windows NT 10.0; Win64; x64) AppleWebKit/537.36 (KHTML, like Gecko) Chrome/146.0.0.0 Safari/537.36"
103.200.23.149 - - [18/Mar/2026:20:23:52 +0700] "POST /wp-cron.php?doing_wp_cron=1773840232.2306439876556396484375 HTTP/1.1" 200 0 "-" "WordPress/6.9.4; https://test2.proid.vn"
103.200.23.149 - - [18/Mar/2026:20:24:43 +0700] "POST /wp-cron.php?doing_wp_cron=1773840283.7229828834533691406250 HTTP/1.1" 200 0 "-" "WordPress/6.9.4; https://test2.proid.vn"
113.178.44.24 - - [18/Mar/2026:20:23:50 +0700] "GET /wp-admin/plugins.php?plugin_status=active HTTP/2" 200 94239 "https://test2.proid.vn/wp-admin/plugins.php?plugin_status=inactive" "Mozilla/5.0 (Windows NT 10.0; Win64; x64) AppleWebKit/537.36 (KHTML, like Gecko) Chrome/146.0.0.0 Safari/537.36"
113.178.44.24 - - [18/Mar/2026:20:24:44 +0700] "GET /wp-content/plugins/admin-menu-editor-pro/js/admin-helpers.js?ver=20160407-2 HTTP/2" 304 0 "https://test2.proid.vn/wp-admin/plugins.php?plugin_status=active" "Mozilla/5.0 (Windows NT 10.0; Win64; x64) AppleWebKit/537.36 (KHTML, like Gecko) Chrome/146.0.0.0 Safari/537.36"
113.178.44.24 - - [18/Mar/2026:20:24:44 +0700] "GET /wp-content/plugins/wordfence/js/wfi18n.1710170544.js?ver=7.11.4 HTTP/2" 304 0 "https://test2.proid.vn/wp-admin/plugins.php?plugin_status=active" "Mozilla/5.0 (Windows NT 10.0; Win64; x64) AppleWebKit/537.36 (KHTML, like Gecko) Chrome/146.0.0.0 Safari/537.36"
113.178.44.24 - - [18/Mar/2026:20:24:44 +0700] "GET /wp-content/plugins/wordfence/js/wfglobal.1710170544.js?ver=7.11.4 HTTP/2" 304 0 "https://test2.proid.vn/wp-admin/plugins.php?plugin_status=active" "Mozilla/5.0 (Windows NT 10.0; Win64; x64) AppleWebKit/537.36 (KHTML, like Gecko) Chrome/146.0.0.0 Safari/537.36"
113.178.44.24 - - [18/Mar/2026:20:24:44 +0700] "GET /wp-content/plugins/wordfence/js/jquery.colorbox-min.1710170544.js?ver=7.11.4 HTTP/2" 304 0 "https://test2.proid.vn/wp-admin/plugins.php?plugin_status=active" "Mozilla/5.0 (Windows NT 10.0; Win64; x64) AppleWebKit/537.36 (KHTML, like Gecko) Chrome/146.0.0.0 Safari/537.36"
113.178.44.24 - - [18/Mar/2026:20:24:44 +0700] "GET /wp-content/plugins/wp-all-export-pro/static/js/pmxe.js?ver=1.8.6 HTTP/2" 304 0 "https://test2.proid.vn/wp-admin/plugins.php?plugin_status=active" "Mozilla/5.0 (Windows NT 10.0; Win64; x64) AppleWebKit/537.36 (KHTML, like Gecko) Chrome/146.0.0.0 Safari/537.36"
113.178.44.24 - - [18/Mar/2026:20:24:44 +0700] "GET /wp-content/plugins/wp-all-export-pro/static/js/pmxe_notice_dismiss.js?ver=1.8.6 HTTP/2" 304 0 "https://test2.proid.vn/wp-admin/plugins.php?plugin_status=active" "Mozilla/5.0 (Windows NT 10.0; Win64; x64) AppleWebKit/537.36 (KHTML, like Gecko) Chrome/146.0.0.0 Safari/537.36"
113.178.44.24 - - [18/Mar/2026:20:24:44 +0700] "GET /wp-content/plugins/admin-menu-editor-pro/js/jquery.biscuit.js?ver=1773829591 HTTP/2" 304 0 "https://test2.proid.vn/wp-admin/plugins.php?plugin_status=active" "Mozilla/5.0 (Windows NT 10.0; Win64; x64) AppleWebKit/537.36 (KHTML, like Gecko) Chrome/146.0.0.0 Safari/537.36"
113.178.44.24 - - [18/Mar/2026:20:24:44 +0700] "GET /wp-content/plugins/admin-menu-editor-pro/extras/pro-admin-helpers.js?ver=1773829591 HTTP/2" 304 0 "https://test2.proid.vn/wp-admin/plugins.php?plugin_status=active" "Mozilla/5.0 (Windows NT 10.0; Win64; x64) AppleWebKit/537.36 (KHTML, like Gecko) Chrome/146.0.0.0 Safari/537.36"
113.178.44.24 - - [18/Mar/2026:20:24:44 +0700] "GET /wp-content/plugins/FS-License-Manager/assets/js/jsoneditor.min.js?ver=6.9.4 HTTP/2" 304 0 "https://test2.proid.vn/wp-admin/plugins.php?plugin_status=active" "Mozilla/5.0 (Windows NT 10.0; Win64; x64) AppleWebKit/537.36 (KHTML, like Gecko) Chrome/146.0.0.0 Safari/537.36"
113.178.44.24 - - [18/Mar/2026:20:24:44 +0700] "GET /wp-content/plugins/FS-License-Manager/assets/js/sortTable.js?ver=6.9.4 HTTP/2" 304 0 "https://test2.proid.vn/wp-admin/plugins.php?plugin_status=active" "Mozilla/5.0 (Windows NT 10.0; Win64; x64) AppleWebKit/537.36 (KHTML, like Gecko) Chrome/146.0.0.0 Safari/537.36"
113.178.44.24 - - [18/Mar/2026:20:24:44 +0700] "GET /wp-content/plugins/FS-License-Manager/assets/select2/js/select2.full.min.js?ver=6.9.4 HTTP/2" 304 0 "https://test2.proid.vn/wp-admin/plugins.php?plugin_status=active" "Mozilla/5.0 (Windows NT 10.0; Win64; x64) AppleWebKit/537.36 (KHTML, like Gecko) Chrome/146.0.0.0 Safari/537.36"
113.178.44.24 - - [18/Mar/2026:20:24:44 +0700] "GET /wp-content/plugins/FS-License-Manager/assets/js/main.js?ver=444 HTTP/2" 304 0 "https://test2.proid.vn/wp-admin/plugins.php?plugin_status=active" "Mozilla/5.0 (Windows NT 10.0; Win64; x64) AppleWebKit/537.36 (KHTML, like Gecko) Chrome/146.0.0.0 Safari/537.36"
113.178.44.24 - - [18/Mar/2026:20:24:44 +0700] "GET /wp-content/plugins/wp-hide-backed-notices/admin/js/wp-hide-backed-notices-admin.js?ver=1.2.3 HTTP/2" 304 0 "https://test2.proid.vn/wp-admin/plugins.php?plugin_status=active" "Mozilla/5.0 (Windows NT 10.0; Win64; x64) AppleWebKit/537.36 (KHTML, like Gecko) Chrome/146.0.0.0 Safari/537.36"
113.178.44.24 - - [18/Mar/2026:20:24:44 +0700] "GET /wp-content/plugins/wordfence/js/admin.ajaxWatcher.1710170544.js?ver=7.11.4 HTTP/2" 304 0 "https://test2.proid.vn/wp-admin/plugins.php?plugin_status=active" "Mozilla/5.0 (Windows NT 10.0; Win64; x64) AppleWebKit/537.36 (KHTML, like Gecko) Chrome/146.0.0.0 Safari/537.36"
113.178.44.24 - - [18/Mar/2026:20:24:44 +0700] "GET /wp-content/plugins/wordfence/js/wfdashboard.1710170544.js?ver=7.11.4 HTTP/2" 304 0 "https://test2.proid.vn/wp-admin/plugins.php?plugin_status=active" "Mozilla/5.0 (Windows NT 10.0; Win64; x64) AppleWebKit/537.36 (KHTML, like Gecko) Chrome/146.0.0.0 Safari/537.36"
113.178.44.24 - - [18/Mar/2026:20:24:44 +0700] "GET /wp-content/plugins/wordfence/js/wfpopover.1710170544.js?ver=7.11.4 HTTP/2" 304 0 "https://test2.proid.vn/wp-admin/plugins.php?plugin_status=active" "Mozilla/5.0 (Windows NT 10.0; Win64; x64) AppleWebKit/537.36 (KHTML, like Gecko) Chrome/146.0.0.0 Safari/537.36"
113.178.44.24 - - [18/Mar/2026:20:24:44 +0700] "GET /wp-content/plugins/loginpress-pro/js/main.js?ver=1.8.0 HTTP/2" 304 0 "https://test2.proid.vn/wp-admin/plugins.php?plugin_status=active" "Mozilla/5.0 (Windows NT 10.0; Win64; x64) AppleWebKit/537.36 (KHTML, like Gecko) Chrome/146.0.0.0 Safari/537.36"
113.178.44.24 - - [18/Mar/2026:20:24:44 +0700] "GET /wp-includes/js/wp-pointer.min.js?ver=6.9.4 HTTP/2" 304 0 "https://test2.proid.vn/wp-admin/plugins.php?plugin_status=active" "Mozilla/5.0 (Windows NT 10.0; Win64; x64) AppleWebKit/537.36 (KHTML, like Gecko) Chrome/146.0.0.0 Safari/537.36"
113.178.44.24 - - [18/Mar/2026:20:24:44 +0700] "GET /wp-content/plugins/wp-all-import-pro/static/js/wp-all-import.js?ver=4.8.5 HTTP/2" 304 0 "https://test2.proid.vn/wp-admin/plugins.php?plugin_status=active" "Mozilla/5.0 (Windows NT 10.0; Win64; x64) AppleWebKit/537.36 (KHTML, like Gecko) Chrome/146.0.0.0 Safari/537.36"
113.178.44.24 - - [18/Mar/2026:20:24:44 +0700] "GET /wp-content/plugins/admin-menu-editor-pro/js/menu-highlight-fix.js?ver=1773829591 HTTP/2" 304 0 "https://test2.proid.vn/wp-admin/plugins.php?plugin_status=active" "Mozilla/5.0 (Windows NT 10.0; Win64; x64) AppleWebKit/537.36 (KHTML, like Gecko) Chrome/146.0.0.0 Safari/537.36"
113.178.44.24 - - [18/Mar/2026:20:24:44 +0700] "GET /wp-includes/js/backbone.min.js?ver=1.6.0 HTTP/2" 304 0 "https://test2.proid.vn/wp-admin/plugins.php?plugin_status=active" "Mozilla/5.0 (Windows NT 10.0; Win64; x64) AppleWebKit/537.36 (KHTML, like Gecko) Chrome/146.0.0.0 Safari/537.36"
113.178.44.24 - - [18/Mar/2026:20:24:44 +0700] "GET /wp-content/plugins/elementor/assets/lib/backbone/backbone.marionette.min.js?ver=2.4.5.e1 HTTP/2" 304 0 "https://test2.proid.vn/wp-admin/plugins.php?plugin_status=active" "Mozilla/5.0 (Windows NT 10.0; Win64; x64) AppleWebKit/537.36 (KHTML, like Gecko) Chrome/146.0.0.0 Safari/537.36"
113.178.44.24 - - [18/Mar/2026:20:24:44 +0700] "GET /wp-content/plugins/elementor/assets/lib/backbone/backbone.radio.min.js?ver=1.0.4 HTTP/2" 304 0 "https://test2.proid.vn/wp-admin/plugins.php?plugin_status=active" "Mozilla/5.0 (Windows NT 10.0; Win64; x64) AppleWebKit/537.36 (KHTML, like Gecko) Chrome/146.0.0.0 Safari/537.36"
113.178.44.24 - - [18/Mar/2026:20:24:44 +0700] "GET /wp-content/plugins/elementor/assets/js/common-modules.min.js?ver=3.35.4 HTTP/2" 304 0 "https://test2.proid.vn/wp-admin/plugins.php?plugin_status=active" "Mozilla/5.0 (Windows NT 10.0; Win64; x64) AppleWebKit/537.36 (KHTML, like Gecko) Chrome/146.0.0.0 Safari/537.36"
113.178.44.24 - - [18/Mar/2026:20:24:44 +0700] "GET /wp-content/plugins/elementor/assets/js/web-cli.min.js?ver=3.35.4 HTTP/2" 304 0 "https://test2.proid.vn/wp-admin/plugins.php?plugin_status=active" "Mozilla/5.0 (Windows NT 10.0; Win64; x64) AppleWebKit/537.36 (KHTML, like Gecko) Chrome/146.0.0.0 Safari/537.36"
113.178.44.24 - - [18/Mar/2026:20:24:44 +0700] "GET /wp-content/plugins/elementor/assets/lib/dialog/dialog.min.js?ver=4.9.0 HTTP/2" 304 0 "https://test2.proid.vn/wp-admin/plugins.php?plugin_status=active" "Mozilla/5.0 (Windows NT 10.0; Win64; x64) AppleWebKit/537.36 (KHTML, like Gecko) Chrome/146.0.0.0 Safari/537.36"
113.178.44.24 - - [18/Mar/2026:20:24:44 +0700] "GET /wp-content/plugins/elementor/assets/js/dev-tools.min.js?ver=3.35.4 HTTP/2" 304 0 "https://test2.proid.vn/wp-admin/plugins.php?plugin_status=active" "Mozilla/5.0 (Windows NT 10.0; Win64; x64) AppleWebKit/537.36 (KHTML, like Gecko) Chrome/146.0.0.0 Safari/537.36"
113.178.44.24 - - [18/Mar/2026:20:24:44 +0700] "GET /wp-content/plugins/elementor/assets/js/common.min.js?ver=3.35.4 HTTP/2" 304 0 "https://test2.proid.vn/wp-admin/plugins.php?plugin_status=active" "Mozilla/5.0 (Windows NT 10.0; Win64; x64) AppleWebKit/537.36 (KHTML, like Gecko) Chrome/146.0.0.0 Safari/537.36"
113.178.44.24 - - [18/Mar/2026:20:24:44 +0700] "GET /wp-content/plugins/elementor/assets/js/app-loader.min.js?ver=3.35.4 HTTP/2" 304 0 "https://test2.proid.vn/wp-admin/plugins.php?plugin_status=active" "Mozilla/5.0 (Windows NT 10.0; Win64; x64) AppleWebKit/537.36 (KHTML, like Gecko) Chrome/146.0.0.0 Safari/537.36"
113.178.44.24 - - [18/Mar/2026:20:24:44 +0700] "GET /wp-content/plugins/elementor/vendor/elementor/wp-one-package/assets/build/common.js?ver=71fc09ea1a9e23155639 HTTP/2" 304 0 "https://test2.proid.vn/wp-admin/plugins.php?plugin_status=active" "Mozilla/5.0 (Windows NT 10.0; Win64; x64) AppleWebKit/537.36 (KHTML, like Gecko) Chrome/146.0.0.0 Safari/537.36"
113.178.44.24 - - [18/Mar/2026:20:24:44 +0700] "GET /wp-content/plugins/elementor/assets/js/admin-modules.min.js?ver=3.35.4 HTTP/2" 304 0 "https://test2.proid.vn/wp-admin/plugins.php?plugin_status=active" "Mozilla/5.0 (Windows NT 10.0; Win64; x64) AppleWebKit/537.36 (KHTML, like Gecko) Chrome/146.0.0.0 Safari/537.36"
113.178.44.24 - - [18/Mar/2026:20:24:44 +0700] "GET /wp-content/plugins/elementor/assets/js/admin.min.js?ver=3.35.4 HTTP/2" 304 0 "https://test2.proid.vn/wp-admin/plugins.php?plugin_status=active" "Mozilla/5.0 (Windows NT 10.0; Win64; x64) AppleWebKit/537.36 (KHTML, like Gecko) Chrome/146.0.0.0 Safari/537.36"
113.178.44.24 - - [18/Mar/2026:20:24:44 +0700] "GET /wp-content/plugins/elementor-pro/assets/js/admin.min.js?ver=3.35.1 HTTP/2" 304 0 "https://test2.proid.vn/wp-admin/plugins.php?plugin_status=active" "Mozilla/5.0 (Windows NT 10.0; Win64; x64) AppleWebKit/537.36 (KHTML, like Gecko) Chrome/146.0.0.0 Safari/537.36"
113.178.44.24 - - [18/Mar/2026:20:24:44 +0700] "GET /wp-content/plugins/elementor/assets/js/editor-one-menu.min.js?ver=3.35.4 HTTP/2" 304 0 "https://test2.proid.vn/wp-admin/plugins.php?plugin_status=active" "Mozilla/5.0 (Windows NT 10.0; Win64; x64) AppleWebKit/537.36 (KHTML, like Gecko) Chrome/146.0.0.0 Safari/537.36"
113.178.44.24 - - [18/Mar/2026:20:24:44 +0700] "GET /wp-content/plugins/elementor/assets/js/import-export-admin.min.js?ver=3.35.4 HTTP/2" 304 0 "https://test2.proid.vn/wp-admin/plugins.php?plugin_status=active" "Mozilla/5.0 (Windows NT 10.0; Win64; x64) AppleWebKit/537.36 (KHTML, like Gecko) Chrome/146.0.0.0 Safari/537.36"
113.178.44.24 - - [18/Mar/2026:20:24:44 +0700] "GET /wp-content/plugins/elementor/assets/js/import-export-customization-admin.min.js?ver=3.35.4 HTTP/2" 304 0 "https://test2.proid.vn/wp-admin/plugins.php?plugin_status=active" "Mozilla/5.0 (Windows NT 10.0; Win64; x64) AppleWebKit/537.36 (KHTML, like Gecko) Chrome/146.0.0.0 Safari/537.36"
113.178.44.24 - - [18/Mar/2026:20:24:44 +0700] "GET /wp-content/plugins/duplicator-pro/assets/js/global-admin-script.js?ver=4.5.15 HTTP/2" 304 0 "https://test2.proid.vn/wp-admin/plugins.php?plugin_status=active" "Mozilla/5.0 (Windows NT 10.0; Win64; x64) AppleWebKit/537.36 (KHTML, like Gecko) Chrome/146.0.0.0 Safari/537.36"
113.178.44.24 - - [18/Mar/2026:20:24:44 +0700] "GET /wp-content/plugins/elementor/assets/js/admin-feedback.min.js?ver=3.35.4 HTTP/2" 304 0 "https://test2.proid.vn/wp-admin/plugins.php?plugin_status=active" "Mozilla/5.0 (Windows NT 10.0; Win64; x64) AppleWebKit/537.36 (KHTML, like Gecko) Chrome/146.0.0.0 Safari/537.36"
103.200.23.149 - - [18/Mar/2026:20:25:55 +0700] "POST /wp-cron.php?doing_wp_cron=1773840355.1886219978332519531250 HTTP/1.1" 200 0 "-" "WordPress/6.9.4; https://test2.proid.vn"
113.178.44.24 - - [18/Mar/2026:20:25:44 +0700] "POST /wp-admin/admin-ajax.php HTTP/2" 200 51 "https://test2.proid.vn/wp-admin/plugins.php?plugin_status=active" "Mozilla/5.0 (Windows NT 10.0; Win64; x64) AppleWebKit/537.36 (KHTML, like Gecko) Chrome/146.0.0.0 Safari/537.36"
103.200.23.149 - - [18/Mar/2026:20:26:15 +0700] "POST /wp-cron.php?doing_wp_cron=1773840375.9077310562133789062500 HTTP/1.1" 200 0 "-" "WordPress/6.9.4; https://test2.proid.vn"
113.178.44.24 - - [18/Mar/2026:20:25:19 +0700] "POST /wp-admin/plugins.php?plugin_status=active HTTP/2" 302 0 "https://test2.proid.vn/wp-admin/plugins.php?plugin_status=active" "Mozilla/5.0 (Windows NT 10.0; Win64; x64) AppleWebKit/537.36 (KHTML, like Gecko) Chrome/146.0.0.0 Safari/537.36"
113.178.44.24 - - [18/Mar/2026:20:26:16 +0700] "GET /wp-admin/plugins.php?deactivate-multi=true&plugin_status=active&paged=1&s= HTTP/2" 200 32506 "https://test2.proid.vn/wp-admin/plugins.php?plugin_status=active" "Mozilla/5.0 (Windows NT 10.0; Win64; x64) AppleWebKit/537.36 (KHTML, like Gecko) Chrome/146.0.0.0 Safari/537.36"
113.178.44.24 - - [18/Mar/2026:20:26:22 +0700] "GET /wp-admin/load-styles.php?c=0&dir=ltr&load%5Bchunk_0%5D=dashicons,admin-bar,common,forms,admin-menu,dashboard,list-tables,edit,revisions,media,themes,about,nav-menus,wp-pointer,widgets&load%5Bchunk_1%5D=,site-icon,l10n,buttons,wp-auth-check,wp-components,wp-commands&ver=6.9.4 HTTP/2" 200 122413 "https://test2.proid.vn/wp-admin/plugins.php?deactivate-multi=true&plugin_status=active&paged=1&s=" "Mozilla/5.0 (Windows NT 10.0; Win64; x64) AppleWebKit/537.36 (KHTML, like Gecko) Chrome/146.0.0.0 Safari/537.36"
113.178.44.24 - - [18/Mar/2026:20:26:22 +0700] "GET /wp-admin/load-scripts.php?c=0&load%5Bchunk_0%5D=jquery-core,jquery-migrate,utils&ver=6.9.4 HTTP/2" 200 36120 "https://test2.proid.vn/wp-admin/plugins.php?deactivate-multi=true&plugin_status=active&paged=1&s=" "Mozilla/5.0 (Windows NT 10.0; Win64; x64) AppleWebKit/537.36 (KHTML, like Gecko) Chrome/146.0.0.0 Safari/537.36"
113.178.44.24 - - [18/Mar/2026:20:27:23 +0700] "POST /wp-admin/admin-ajax.php HTTP/2" 200 51 "https://test2.proid.vn/wp-admin/plugins.php?plugin_status=active&paged=1&s" "Mozilla/5.0 (Windows NT 10.0; Win64; x64) AppleWebKit/537.36 (KHTML, like Gecko) Chrome/146.0.0.0 Safari/537.36"
103.200.23.149 - - [18/Mar/2026:20:27:27 +0700] "POST /wp-cron.php?doing_wp_cron=1773840447.2011051177978515625000 HTTP/1.1" 200 0 "-" "WordPress/6.9.4; https://test2.proid.vn"
103.200.23.149 - - [18/Mar/2026:20:27:26 +0700] "POST /wp-admin/admin-ajax.php?action=as_async_request_queue_runner&nonce=d99f447e78 HTTP/1.1" 200 0 "-" "WordPress/6.9.4; https://test2.proid.vn"
171.251.153.55 - - [18/Mar/2026:20:28:16 +0700] "GET /?my-pro-id=proideefb94b2 HTTP/2" 200 0 "-" "Mozilla/5.0 (Linux; Android 10; K) AppleWebKit/537.36 (KHTML, like Gecko) Chrome/146.0.0.0 Mobile Safari/537.36"
103.200.23.149 - - [18/Mar/2026:20:28:22 +0700] "POST /wp-cron.php?doing_wp_cron=1773840502.8153059482574462890625 HTTP/1.1" 200 0 "-" "WordPress/6.9.4; https://test2.proid.vn"
171.251.153.55 - - [18/Mar/2026:20:28:17 +0700] "GET /?my-pro-id=proideefb94b2 HTTP/2" 302 0 "-" "Mozilla/5.0 (Linux; Android 10; K) AppleWebKit/537.36 (KHTML, like Gecko) Chrome/146.0.0.0 Mobile Safari/537.36"
171.251.153.55 - - [18/Mar/2026:20:28:23 +0700] "GET /wp-login.php HTTP/2" 200 2922 "-" "Mozilla/5.0 (Linux; Android 10; K) AppleWebKit/537.36 (KHTML, like Gecko) Chrome/146.0.0.0 Mobile Safari/537.36"
171.251.153.55 - - [18/Mar/2026:20:28:27 +0700] "GET /wp-includes/js/clipboard.min.js?ver=2.0.11 HTTP/2" 304 0 "https://test2.proid.vn/wp-login.php" "Mozilla/5.0 (Linux; Android 10; K) AppleWebKit/537.36 (KHTML, like Gecko) Chrome/146.0.0.0 Mobile Safari/537.36"
171.251.153.55 - - [18/Mar/2026:20:28:27 +0700] "GET /wp-includes/js/jquery/jquery.min.js?ver=3.7.1 HTTP/2" 304 0 "https://test2.proid.vn/wp-login.php" "Mozilla/5.0 (Linux; Android 10; K) AppleWebKit/537.36 (KHTML, like Gecko) Chrome/146.0.0.0 Mobile Safari/537.36"
171.251.153.55 - - [18/Mar/2026:20:28:27 +0700] "GET /wp-includes/js/jquery/jquery-migrate.min.js?ver=3.4.1 HTTP/2" 304 0 "https://test2.proid.vn/wp-login.php" "Mozilla/5.0 (Linux; Android 10; K) AppleWebKit/537.36 (KHTML, like Gecko) Chrome/146.0.0.0 Mobile Safari/537.36"
171.251.153.55 - - [18/Mar/2026:20:28:27 +0700] "GET /wp-includes/js/zxcvbn-async.min.js?ver=1.0 HTTP/2" 304 0 "https://test2.proid.vn/wp-login.php" "Mozilla/5.0 (Linux; Android 10; K) AppleWebKit/537.36 (KHTML, like Gecko) Chrome/146.0.0.0 Mobile Safari/537.36"
171.251.153.55 - - [18/Mar/2026:20:28:27 +0700] "GET /wp-includes/js/dist/hooks.min.js?ver=dd5603f07f9220ed27f1 HTTP/2" 304 0 "https://test2.proid.vn/wp-login.php" "Mozilla/5.0 (Linux; Android 10; K) AppleWebKit/537.36 (KHTML, like Gecko) Chrome/146.0.0.0 Mobile Safari/537.36"
171.251.153.55 - - [18/Mar/2026:20:28:27 +0700] "GET /wp-includes/js/dist/i18n.min.js?ver=c26c3dc7bed366793375 HTTP/2" 304 0 "https://test2.proid.vn/wp-login.php" "Mozilla/5.0 (Linux; Android 10; K) AppleWebKit/537.36 (KHTML, like Gecko) Chrome/146.0.0.0 Mobile Safari/537.36"
171.251.153.55 - - [18/Mar/2026:20:28:27 +0700] "GET /wp-admin/js/password-strength-meter.min.js?ver=6.9.4 HTTP/2" 304 0 "https://test2.proid.vn/wp-login.php" "Mozilla/5.0 (Linux; Android 10; K) AppleWebKit/537.36 (KHTML, like Gecko) Chrome/146.0.0.0 Mobile Safari/537.36"
171.251.153.55 - - [18/Mar/2026:20:28:27 +0700] "GET /wp-includes/js/underscore.min.js?ver=1.13.7 HTTP/2" 304 0 "https://test2.proid.vn/wp-login.php" "Mozilla/5.0 (Linux; Android 10; K) AppleWebKit/537.36 (KHTML, like Gecko) Chrome/146.0.0.0 Mobile Safari/537.36"
171.251.153.55 - - [18/Mar/2026:20:28:27 +0700] "GET /wp-includes/js/wp-util.min.js?ver=6.9.4 HTTP/2" 304 0 "https://test2.proid.vn/wp-login.php" "Mozilla/5.0 (Linux; Android 10; K) AppleWebKit/537.36 (KHTML, like Gecko) Chrome/146.0.0.0 Mobile Safari/537.36"
171.251.153.55 - - [18/Mar/2026:20:28:27 +0700] "GET /wp-includes/js/dist/dom-ready.min.js?ver=f77871ff7694fffea381 HTTP/2" 304 0 "https://test2.proid.vn/wp-login.php" "Mozilla/5.0 (Linux; Android 10; K) AppleWebKit/537.36 (KHTML, like Gecko) Chrome/146.0.0.0 Mobile Safari/537.36"
171.251.153.55 - - [18/Mar/2026:20:28:27 +0700] "GET /wp-includes/js/dist/a11y.min.js?ver=cb460b4676c94bd228ed HTTP/2" 304 0 "https://test2.proid.vn/wp-login.php" "Mozilla/5.0 (Linux; Android 10; K) AppleWebKit/537.36 (KHTML, like Gecko) Chrome/146.0.0.0 Mobile Safari/537.36"
171.251.153.55 - - [18/Mar/2026:20:28:27 +0700] "GET /wp-admin/js/user-profile.min.js?ver=6.9.4 HTTP/2" 304 0 "https://test2.proid.vn/wp-login.php" "Mozilla/5.0 (Linux; Android 10; K) AppleWebKit/537.36 (KHTML, like Gecko) Chrome/146.0.0.0 Mobile Safari/537.36"
171.251.153.55 - - [18/Mar/2026:20:28:27 +0700] "GET /wp-content/themes/hello-elementor-child/custom-login.css?ver=6.9.4 HTTP/2" 404 37027 "https://test2.proid.vn/wp-login.php" "Mozilla/5.0 (Linux; Android 10; K) AppleWebKit/537.36 (KHTML, like Gecko) Chrome/146.0.0.0 Mobile Safari/537.36"
171.251.153.55 - - [18/Mar/2026:20:28:30 +0700] "GET /wp-admin/images/wordpress-logo.svg?ver=20131107 HTTP/2" 200 759 "https://test2.proid.vn/wp-admin/css/login.min.css?ver=6.9.4" "Mozilla/5.0 (Linux; Android 10; K) AppleWebKit/537.36 (KHTML, like Gecko) Chrome/146.0.0.0 Mobile Safari/537.36"
171.251.153.55 - - [18/Mar/2026:20:28:31 +0700] "GET /wp-includes/js/zxcvbn.min.js HTTP/2" 304 0 "https://test2.proid.vn/wp-login.php" "Mozilla/5.0 (Linux; Android 10; K) AppleWebKit/537.36 (KHTML, like Gecko) Chrome/146.0.0.0 Mobile Safari/537.36"
171.251.153.55 - - [18/Mar/2026:20:28:34 +0700] "GET / HTTP/2" 302 0 "https://test2.proid.vn/wp-login.php" "Mozilla/5.0 (Linux; Android 10; K) AppleWebKit/537.36 (KHTML, like Gecko) Chrome/146.0.0.0 Mobile Safari/537.36"
171.251.153.55 - - [18/Mar/2026:20:28:37 +0700] "GET /wp-login.php HTTP/2" 200 2922 "https://test2.proid.vn/wp-login.php" "Mozilla/5.0 (Linux; Android 10; K) AppleWebKit/537.36 (KHTML, like Gecko) Chrome/146.0.0.0 Mobile Safari/537.36"
171.251.153.55 - - [18/Mar/2026:20:28:40 +0700] "GET /wp-content/themes/hello-elementor-child/custom-login.css?ver=6.9.4 HTTP/2" 404 37027 "https://test2.proid.vn/wp-login.php" "Mozilla/5.0 (Linux; Android 10; K) AppleWebKit/537.36 (KHTML, like Gecko) Chrome/146.0.0.0 Mobile Safari/537.36"
171.251.153.55 - - [18/Mar/2026:20:28:49 +0700] "GET /?my-pro-id=proideefb94b2 HTTP/2" 200 0 "-" "Mozilla/5.0 (Linux; Android 10; K) AppleWebKit/537.36 (KHTML, like Gecko) Chrome/146.0.0.0 Mobile Safari/537.36"
171.251.153.55 - - [18/Mar/2026:20:28:49 +0700] "GET /?my-pro-id=proideefb94b2 HTTP/2" 302 0 "-" "Mozilla/5.0 (Linux; Android 10; K) AppleWebKit/537.36 (KHTML, like Gecko) Chrome/146.0.0.0 Mobile Safari/537.36"
171.251.153.55 - - [18/Mar/2026:20:28:53 +0700] "GET /wp-login.php HTTP/2" 200 2922 "-" "Mozilla/5.0 (Linux; Android 10; K) AppleWebKit/537.36 (KHTML, like Gecko) Chrome/146.0.0.0 Mobile Safari/537.36"
171.251.153.55 - - [18/Mar/2026:20:28:56 +0700] "GET /wp-content/themes/hello-elementor-child/custom-login.css?ver=6.9.4 HTTP/2" 404 37027 "https://test2.proid.vn/wp-login.php" "Mozilla/5.0 (Linux; Android 10; K) AppleWebKit/537.36 (KHTML, like Gecko) Chrome/146.0.0.0 Mobile Safari/537.36"
113.178.44.24 - - [18/Mar/2026:20:29:24 +0700] "POST /wp-admin/admin-ajax.php HTTP/2" 200 51 "https://test2.proid.vn/wp-admin/plugins.php?plugin_status=active&paged=1&s" "Mozilla/5.0 (Windows NT 10.0; Win64; x64) AppleWebKit/537.36 (KHTML, like Gecko) Chrome/146.0.0.0 Safari/537.36"
103.200.23.149 - - [18/Mar/2026:20:29:27 +0700] "POST /wp-cron.php?doing_wp_cron=1773840567.8517980575561523437500 HTTP/1.1" 200 0 "-" "WordPress/6.9.4; https://test2.proid.vn"
103.200.23.149 - - [18/Mar/2026:20:29:26 +0700] "POST /wp-admin/admin-ajax.php?action=as_async_request_queue_runner&nonce=d99f447e78 HTTP/1.1" 200 0 "-" "WordPress/6.9.4; https://test2.proid.vn"
113.178.44.24 - - [18/Mar/2026:20:31:25 +0700] "POST /wp-admin/admin-ajax.php HTTP/2" 200 51 "https://test2.proid.vn/wp-admin/plugins.php?plugin_status=active&paged=1&s" "Mozilla/5.0 (Windows NT 10.0; Win64; x64) AppleWebKit/537.36 (KHTML, like Gecko) Chrome/146.0.0.0 Safari/537.36"
103.200.23.149 - - [18/Mar/2026:20:31:28 +0700] "POST /wp-cron.php?doing_wp_cron=1773840687.9424729347229003906250 HTTP/1.1" 200 0 "-" "WordPress/6.9.4; https://test2.proid.vn"
113.178.44.24 - - [18/Mar/2026:20:33:26 +0700] "POST /wp-admin/admin-ajax.php HTTP/2" 200 51 "https://test2.proid.vn/wp-admin/plugins.php?plugin_status=active&paged=1&s" "Mozilla/5.0 (Windows NT 10.0; Win64; x64) AppleWebKit/537.36 (KHTML, like Gecko) Chrome/146.0.0.0 Safari/537.36"
103.200.23.149 - - [18/Mar/2026:20:33:30 +0700] "POST /wp-cron.php?doing_wp_cron=1773840810.0632879734039306640625 HTTP/1.1" 200 0 "-" "WordPress/6.9.4; https://test2.proid.vn"
113.178.44.24 - - [18/Mar/2026:20:34:34 +0700] "POST /wp-admin/admin-ajax.php HTTP/2" 200 51 "https://test2.proid.vn/wp-admin/plugins.php?plugin_status=active&paged=1&s" "Mozilla/5.0 (Windows NT 10.0; Win64; x64) AppleWebKit/537.36 (KHTML, like Gecko) Chrome/146.0.0.0 Safari/537.36"
103.200.23.149 - - [18/Mar/2026:20:34:37 +0700] "POST /wp-cron.php?doing_wp_cron=1773840877.7507939338684082031250 HTTP/1.1" 200 0 "-" "WordPress/6.9.4; https://test2.proid.vn"
113.178.44.24 - - [18/Mar/2026:20:34:40 +0700] "GET /wp-admin/plugins.php?plugin_status=inactive HTTP/2" 200 50186 "https://test2.proid.vn/wp-admin/plugins.php?plugin_status=active&paged=1&s" "Mozilla/5.0 (Windows NT 10.0; Win64; x64) AppleWebKit/537.36 (KHTML, like Gecko) Chrome/146.0.0.0 Safari/537.36"
103.200.23.149 - - [18/Mar/2026:20:35:31 +0700] "POST /wp-cron.php?doing_wp_cron=1773840931.1692919731140136718750 HTTP/1.1" 200 0 "-" "WordPress/6.9.4; https://test2.proid.vn"
113.178.44.24 - - [18/Mar/2026:20:35:24 +0700] "POST /wp-admin/plugins.php?plugin_status=inactive HTTP/2" 302 0 "https://test2.proid.vn/wp-admin/plugins.php?plugin_status=inactive" "Mozilla/5.0 (Windows NT 10.0; Win64; x64) AppleWebKit/537.36 (KHTML, like Gecko) Chrome/146.0.0.0 Safari/537.36"
113.178.44.24 - - [18/Mar/2026:20:35:47 +0700] "POST /wp-admin/admin-ajax.php HTTP/2" 200 51 "https://test2.proid.vn/wp-admin/plugins.php?plugin_status=inactive" "Mozilla/5.0 (Windows NT 10.0; Win64; x64) AppleWebKit/537.36 (KHTML, like Gecko) Chrome/146.0.0.0 Safari/537.36"
113.178.44.24 - - [18/Mar/2026:20:35:31 +0700] "GET /wp-admin/plugins.php?activate-multi=true&plugin_status=inactive&paged=1&s= HTTP/2" 200 66154 "https://test2.proid.vn/wp-admin/plugins.php?plugin_status=inactive" "Mozilla/5.0 (Windows NT 10.0; Win64; x64) AppleWebKit/537.36 (KHTML, like Gecko) Chrome/146.0.0.0 Safari/537.36"
113.178.44.24 - - [18/Mar/2026:20:35:58 +0700] "GET /wp-content/plugins/jet-engine/framework/jet-dashboard/assets/css/wp-admin-styles.css?ver=2.1.7 HTTP/2" 200 882 "https://test2.proid.vn/wp-admin/plugins.php?activate-multi=true&plugin_status=inactive&paged=1&s=" "Mozilla/5.0 (Windows NT 10.0; Win64; x64) AppleWebKit/537.36 (KHTML, like Gecko) Chrome/146.0.0.0 Safari/537.36"
171.251.153.55 - - [18/Mar/2026:20:36:08 +0700] "GET /?my-pro-id=proideefb94b2 HTTP/2" 200 0 "-" "Mozilla/5.0 (Linux; Android 10; K) AppleWebKit/537.36 (KHTML, like Gecko) Chrome/146.0.0.0 Mobile Safari/537.36"
103.200.23.149 - - [18/Mar/2026:20:36:17 +0700] "POST /wp-cron.php?doing_wp_cron=1773840977.0276169776916503906250 HTTP/1.1" 200 0 "-" "WordPress/6.9.4; https://test2.proid.vn"
171.251.153.55 - - [18/Mar/2026:20:36:17 +0700] "GET /wp-content/plugins/elementor-pro/assets/js/page-transitions.min.js?ver=3.35.1 HTTP/2" 304 0 "https://test2.proid.vn/?my-pro-id=proideefb94b2" "Mozilla/5.0 (Linux; Android 10; K) AppleWebKit/537.36 (KHTML, like Gecko) Chrome/146.0.0.0 Mobile Safari/537.36"
171.251.153.55 - - [18/Mar/2026:20:36:17 +0700] "GET /wp-content/uploads/elementor/css/post-5.css?ver=1773840973 HTTP/2" 200 1008 "https://test2.proid.vn/?my-pro-id=proideefb94b2" "Mozilla/5.0 (Linux; Android 10; K) AppleWebKit/537.36 (KHTML, like Gecko) Chrome/146.0.0.0 Mobile Safari/537.36"
171.251.153.55 - - [18/Mar/2026:20:36:17 +0700] "GET /wp-content/uploads/elementor/css/post-438.css?ver=1773840973 HTTP/2" 200 1379 "https://test2.proid.vn/?my-pro-id=proideefb94b2" "Mozilla/5.0 (Linux; Android 10; K) AppleWebKit/537.36 (KHTML, like Gecko) Chrome/146.0.0.0 Mobile Safari/537.36"
171.251.153.55 - - [18/Mar/2026:20:36:17 +0700] "GET /wp-content/uploads/elementor/css/post-455.css?ver=1773840973 HTTP/2" 200 211 "https://test2.proid.vn/?my-pro-id=proideefb94b2" "Mozilla/5.0 (Linux; Android 10; K) AppleWebKit/537.36 (KHTML, like Gecko) Chrome/146.0.0.0 Mobile Safari/537.36"
171.251.153.55 - - [18/Mar/2026:20:36:17 +0700] "GET /wp-content/uploads/elementor/css/post-22.css?ver=1773840973 HTTP/2" 200 1839 "https://test2.proid.vn/?my-pro-id=proideefb94b2" "Mozilla/5.0 (Linux; Android 10; K) AppleWebKit/537.36 (KHTML, like Gecko) Chrome/146.0.0.0 Mobile Safari/537.36"
171.251.153.55 - - [18/Mar/2026:20:36:17 +0700] "GET /wp-content/uploads/elementor/css/post-11093.css?ver=1773840973 HTTP/2" 200 1072 "https://test2.proid.vn/?my-pro-id=proideefb94b2" "Mozilla/5.0 (Linux; Android 10; K) AppleWebKit/537.36 (KHTML, like Gecko) Chrome/146.0.0.0 Mobile Safari/537.36"
171.251.153.55 - - [18/Mar/2026:20:36:17 +0700] "GET /wp-content/uploads/elementor/css/post-392134.css?ver=1773840973 HTTP/2" 200 793 "https://test2.proid.vn/?my-pro-id=proideefb94b2" "Mozilla/5.0 (Linux; Android 10; K) AppleWebKit/537.36 (KHTML, like Gecko) Chrome/146.0.0.0 Mobile Safari/537.36"
171.251.153.55 - - [18/Mar/2026:20:36:17 +0700] "GET /wp-content/uploads/elementor/css/post-392144.css?ver=1773840973 HTTP/2" 200 790 "https://test2.proid.vn/?my-pro-id=proideefb94b2" "Mozilla/5.0 (Linux; Android 10; K) AppleWebKit/537.36 (KHTML, like Gecko) Chrome/146.0.0.0 Mobile Safari/537.36"
171.251.153.55 - - [18/Mar/2026:20:36:17 +0700] "GET /wp-content/uploads/elementor/css/post-266165.css?ver=1773840973 HTTP/2" 200 934 "https://test2.proid.vn/?my-pro-id=proideefb94b2" "Mozilla/5.0 (Linux; Android 10; K) AppleWebKit/537.36 (KHTML, like Gecko) Chrome/146.0.0.0 Mobile Safari/537.36"
171.251.153.55 - - [18/Mar/2026:20:36:09 +0700] "GET /?my-pro-id=proideefb94b2 HTTP/2" 200 970100 "-" "Mozilla/5.0 (Linux; Android 10; K) AppleWebKit/537.36 (KHTML, like Gecko) Chrome/146.0.0.0 Mobile Safari/537.36"
171.251.153.55 - - [18/Mar/2026:20:36:17 +0700] "GET /wp-content/plugins/woocommerce/assets/js/jquery-blockui/jquery.blockUI.min.js?ver=2.7.0-wc.8.6.3 HTTP/2" 304 0 "https://test2.proid.vn/?my-pro-id=proideefb94b2" "Mozilla/5.0 (Linux; Android 10; K) AppleWebKit/537.36 (KHTML, like Gecko) Chrome/146.0.0.0 Mobile Safari/537.36"
171.251.153.55 - - [18/Mar/2026:20:36:17 +0700] "GET /wp-content/plugins/woocommerce/assets/js/frontend/add-to-cart.min.js?ver=8.6.3 HTTP/2" 304 0 "https://test2.proid.vn/?my-pro-id=proideefb94b2" "Mozilla/5.0 (Linux; Android 10; K) AppleWebKit/537.36 (KHTML, like Gecko) Chrome/146.0.0.0 Mobile Safari/537.36"
171.251.153.55 - - [18/Mar/2026:20:36:17 +0700] "GET /wp-content/plugins/woocommerce/assets/js/js-cookie/js.cookie.min.js?ver=2.1.4-wc.8.6.3 HTTP/2" 304 0 "https://test2.proid.vn/?my-pro-id=proideefb94b2" "Mozilla/5.0 (Linux; Android 10; K) AppleWebKit/537.36 (KHTML, like Gecko) Chrome/146.0.0.0 Mobile Safari/537.36"
