113.178.44.24 - - [18/Mar/2026:20:51:52 +0700] "GET /wp-content/uploads/jet-form-builder/0c2145219829021b086b9a2ff7fa72f0/2025/04/12.jpg HTTP/2" 200 45476 "https://test2.proid.vn/?my-pro-id=proideefb94b2" "Mozilla/5.0 (Linux; Android 10; K) AppleWebKit/537.36 (KHTML, like Gecko) Chrome/145.0.0.0 Mobile Safari/537.36"
113.178.44.24 - - [18/Mar/2026:20:51:52 +0700] "GET /wp-content/uploads/jet-form-builder/0c2145219829021b086b9a2ff7fa72f0/2025/04/13-1.jpg HTTP/2" 200 31692 "https://test2.proid.vn/?my-pro-id=proideefb94b2" "Mozilla/5.0 (Linux; Android 10; K) AppleWebKit/537.36 (KHTML, like Gecko) Chrome/145.0.0.0 Mobile Safari/537.36"
113.178.44.24 - - [18/Mar/2026:20:51:52 +0700] "GET /wp-content/uploads/jet-form-builder/0c2145219829021b086b9a2ff7fa72f0/2025/04/16.jpg HTTP/2" 200 25713 "https://test2.proid.vn/?my-pro-id=proideefb94b2" "Mozilla/5.0 (Linux; Android 10; K) AppleWebKit/537.36 (KHTML, like Gecko) Chrome/145.0.0.0 Mobile Safari/537.36"
113.178.44.24 - - [18/Mar/2026:20:51:52 +0700] "GET /wp-content/uploads/jet-form-builder/0c2145219829021b086b9a2ff7fa72f0/2025/04/17.jpg HTTP/2" 200 25501 "https://test2.proid.vn/?my-pro-id=proideefb94b2" "Mozilla/5.0 (Linux; Android 10; K) AppleWebKit/537.36 (KHTML, like Gecko) Chrome/145.0.0.0 Mobile Safari/537.36"
113.178.44.24 - - [18/Mar/2026:20:51:52 +0700] "GET /wp-content/uploads/jet-form-builder/0c2145219829021b086b9a2ff7fa72f0/2025/04/20.jpg HTTP/2" 200 29001 "https://test2.proid.vn/?my-pro-id=proideefb94b2" "Mozilla/5.0 (Linux; Android 10; K) AppleWebKit/537.36 (KHTML, like Gecko) Chrome/145.0.0.0 Mobile Safari/537.36"
113.178.44.24 - - [18/Mar/2026:20:52:01 +0700] "GET /wp-content/uploads/jet-form-builder/289fa83c310e28e9c4ae36576806160d/2025/06/1000040535.jpg HTTP/2" 200 45144 "https://test2.proid.vn/?my-pro-id=proideefb94b2" "Mozilla/5.0 (Linux; Android 10; K) AppleWebKit/537.36 (KHTML, like Gecko) Chrome/145.0.0.0 Mobile Safari/537.36"
113.178.44.24 - - [18/Mar/2026:20:52:01 +0700] "GET /wp-content/uploads/jet-form-builder/289fa83c310e28e9c4ae36576806160d/2025/06/1000040547.jpg HTTP/2" 200 54979 "https://test2.proid.vn/?my-pro-id=proideefb94b2" "Mozilla/5.0 (Linux; Android 10; K) AppleWebKit/537.36 (KHTML, like Gecko) Chrome/145.0.0.0 Mobile Safari/537.36"
113.178.44.24 - - [18/Mar/2026:20:52:01 +0700] "GET /wp-content/uploads/jet-form-builder/289fa83c310e28e9c4ae36576806160d/2025/06/1000040545.jpg HTTP/2" 200 43057 "https://test2.proid.vn/?my-pro-id=proideefb94b2" "Mozilla/5.0 (Linux; Android 10; K) AppleWebKit/537.36 (KHTML, like Gecko) Chrome/145.0.0.0 Mobile Safari/537.36"
113.178.44.24 - - [18/Mar/2026:20:52:01 +0700] "GET /wp-content/uploads/jet-form-builder/289fa83c310e28e9c4ae36576806160d/2025/06/1000040534.jpg HTTP/2" 200 94921 "https://test2.proid.vn/?my-pro-id=proideefb94b2" "Mozilla/5.0 (Linux; Android 10; K) AppleWebKit/537.36 (KHTML, like Gecko) Chrome/145.0.0.0 Mobile Safari/537.36"
113.178.44.24 - - [18/Mar/2026:20:52:01 +0700] "GET /wp-content/uploads/jet-form-builder/289fa83c310e28e9c4ae36576806160d/2025/06/1000040558.jpg HTTP/2" 200 52614 "https://test2.proid.vn/?my-pro-id=proideefb94b2" "Mozilla/5.0 (Linux; Android 10; K) AppleWebKit/537.36 (KHTML, like Gecko) Chrome/145.0.0.0 Mobile Safari/537.36"
113.178.44.24 - - [18/Mar/2026:20:52:01 +0700] "GET /wp-content/uploads/jet-form-builder/289fa83c310e28e9c4ae36576806160d/2025/06/1000040541-1.jpg HTTP/2" 200 21668 "https://test2.proid.vn/?my-pro-id=proideefb94b2" "Mozilla/5.0 (Linux; Android 10; K) AppleWebKit/537.36 (KHTML, like Gecko) Chrome/145.0.0.0 Mobile Safari/537.36"
113.178.44.24 - - [18/Mar/2026:20:52:01 +0700] "GET /wp-content/uploads/jet-form-builder/289fa83c310e28e9c4ae36576806160d/2025/06/1000040546-1.jpg HTTP/2" 200 66764 "https://test2.proid.vn/?my-pro-id=proideefb94b2" "Mozilla/5.0 (Linux; Android 10; K) AppleWebKit/537.36 (KHTML, like Gecko) Chrome/145.0.0.0 Mobile Safari/537.36"
113.178.44.24 - - [18/Mar/2026:20:51:58 +0700] "POST /wp-admin/admin-ajax.php HTTP/2" 200 51 "https://test2.proid.vn/wp-admin/plugins.php?plugin_status=inactive&paged=1&s" "Mozilla/5.0 (Windows NT 10.0; Win64; x64) AppleWebKit/537.36 (KHTML, like Gecko) Chrome/146.0.0.0 Safari/537.36"
113.178.44.24 - - [18/Mar/2026:20:52:04 +0700] "GET /?my-pro-id=proideefb94b2 HTTP/2" 200 0 "-" "Mozilla/5.0 (Linux; Android 10; K) AppleWebKit/537.36 (KHTML, like Gecko) Chrome/145.0.0.0 Mobile Safari/537.36"
103.200.23.149 - - [18/Mar/2026:20:52:14 +0700] "POST /wp-cron.php?doing_wp_cron=1773841934.1688930988311767578125 HTTP/1.1" 200 0 "-" "WordPress/6.9.4; https://test2.proid.vn"
113.178.44.24 - - [18/Mar/2026:20:52:07 +0700] "GET /?my-pro-id=proideefb94b2 HTTP/2" 200 970171 "-" "Mozilla/5.0 (Linux; Android 10; K) AppleWebKit/537.36 (KHTML, like Gecko) Chrome/145.0.0.0 Mobile Safari/537.36"
113.178.44.24 - - [18/Mar/2026:20:52:14 +0700] "GET /wp-content/themes/hello-elementor-child/assets/js/custom-scripts.js?ver=1.0.0 HTTP/2" 404 34601 "https://test2.proid.vn/?my-pro-id=proideefb94b2" "Mozilla/5.0 (Linux; Android 10; K) AppleWebKit/537.36 (KHTML, like Gecko) Chrome/145.0.0.0 Mobile Safari/537.36"
113.178.44.24 - - [18/Mar/2026:20:52:14 +0700] "GET /wp-content/themes/hello-elementor/js/hide-tab-script.js?ver=1.0.0 HTTP/2" 404 34601 "https://test2.proid.vn/?my-pro-id=proideefb94b2" "Mozilla/5.0 (Linux; Android 10; K) AppleWebKit/537.36 (KHTML, like Gecko) Chrome/145.0.0.0 Mobile Safari/537.36"
113.178.44.24 - - [18/Mar/2026:20:52:14 +0700] "GET /wp-content/themes/hello-elementor-child/custom.js?ver=1.0 HTTP/2" 404 34601 "https://test2.proid.vn/?my-pro-id=proideefb94b2" "Mozilla/5.0 (Linux; Android 10; K) AppleWebKit/537.36 (KHTML, like Gecko) Chrome/145.0.0.0 Mobile Safari/537.36"
113.178.44.24 - - [18/Mar/2026:20:52:14 +0700] "GET /wp-content/themes/hello-elementor-child/assets/js/me-proid-copy-profile.js?ver=1.0.0 HTTP/2" 404 34601 "https://test2.proid.vn/?my-pro-id=proideefb94b2" "Mozilla/5.0 (Linux; Android 10; K) AppleWebKit/537.36 (KHTML, like Gecko) Chrome/145.0.0.0 Mobile Safari/537.36"
113.178.44.24 - - [18/Mar/2026:20:52:58 +0700] "POST /wp-admin/admin-ajax.php HTTP/2" 200 51 "https://test2.proid.vn/wp-admin/plugins.php?plugin_status=inactive&paged=1&s" "Mozilla/5.0 (Windows NT 10.0; Win64; x64) AppleWebKit/537.36 (KHTML, like Gecko) Chrome/146.0.0.0 Safari/537.36"
103.200.23.149 - - [18/Mar/2026:20:53:22 +0700] "POST /wp-cron.php?doing_wp_cron=1773842002.9652891159057617187500 HTTP/1.1" 200 0 "-" "WordPress/6.9.4; https://test2.proid.vn"
113.178.44.24 - - [18/Mar/2026:20:53:16 +0700] "GET /?my-pro-id=proideefb94b2 HTTP/2" 200 970140 "-" "Mozilla/5.0 (Linux; Android 10; K) AppleWebKit/537.36 (KHTML, like Gecko) Chrome/145.0.0.0 Mobile Safari/537.36"
113.178.44.24 - - [18/Mar/2026:20:53:23 +0700] "GET /wp-content/themes/hello-elementor-child/assets/js/me-proid-copy-profile.js?ver=1.0.0 HTTP/2" 404 34601 "https://test2.proid.vn/?my-pro-id=proideefb94b2" "Mozilla/5.0 (Linux; Android 10; K) AppleWebKit/537.36 (KHTML, like Gecko) Chrome/145.0.0.0 Mobile Safari/537.36"
113.178.44.24 - - [18/Mar/2026:20:53:23 +0700] "GET /wp-content/themes/hello-elementor/js/hide-tab-script.js?ver=1.0.0 HTTP/2" 404 34601 "https://test2.proid.vn/?my-pro-id=proideefb94b2" "Mozilla/5.0 (Linux; Android 10; K) AppleWebKit/537.36 (KHTML, like Gecko) Chrome/145.0.0.0 Mobile Safari/537.36"
113.178.44.24 - - [18/Mar/2026:20:53:23 +0700] "GET /wp-content/themes/hello-elementor-child/assets/js/custom-scripts.js?ver=1.0.0 HTTP/2" 404 34601 "https://test2.proid.vn/?my-pro-id=proideefb94b2" "Mozilla/5.0 (Linux; Android 10; K) AppleWebKit/537.36 (KHTML, like Gecko) Chrome/145.0.0.0 Mobile Safari/537.36"
113.178.44.24 - - [18/Mar/2026:20:53:23 +0700] "GET /wp-content/themes/hello-elementor-child/custom.js?ver=1.0 HTTP/2" 404 34601 "https://test2.proid.vn/?my-pro-id=proideefb94b2" "Mozilla/5.0 (Linux; Android 10; K) AppleWebKit/537.36 (KHTML, like Gecko) Chrome/145.0.0.0 Mobile Safari/537.36"
113.178.44.24 - - [18/Mar/2026:20:53:58 +0700] "POST /wp-admin/admin-ajax.php HTTP/2" 200 51 "https://test2.proid.vn/wp-admin/plugins.php?plugin_status=inactive&paged=1&s" "Mozilla/5.0 (Windows NT 10.0; Win64; x64) AppleWebKit/537.36 (KHTML, like Gecko) Chrome/146.0.0.0 Safari/537.36"
113.178.44.24 - - [18/Mar/2026:20:54:58 +0700] "POST /wp-admin/admin-ajax.php HTTP/2" 200 51 "https://test2.proid.vn/wp-admin/plugins.php?plugin_status=inactive&paged=1&s" "Mozilla/5.0 (Windows NT 10.0; Win64; x64) AppleWebKit/537.36 (KHTML, like Gecko) Chrome/146.0.0.0 Safari/537.36"
103.200.23.149 - - [18/Mar/2026:20:55:02 +0700] "POST /wp-cron.php?doing_wp_cron=1773842102.4053030014038085937500 HTTP/1.1" 200 0 "-" "WordPress/6.9.4; https://test2.proid.vn"
113.178.44.24 - - [18/Mar/2026:20:55:58 +0700] "POST /wp-admin/admin-ajax.php HTTP/2" 200 51 "https://test2.proid.vn/wp-admin/plugins.php?plugin_status=inactive&paged=1&s" "Mozilla/5.0 (Windows NT 10.0; Win64; x64) AppleWebKit/537.36 (KHTML, like Gecko) Chrome/146.0.0.0 Safari/537.36"
103.200.23.149 - - [18/Mar/2026:20:56:01 +0700] "POST /wp-cron.php?doing_wp_cron=1773842161.7710459232330322265625 HTTP/1.1" 200 0 "-" "WordPress/6.9.4; https://test2.proid.vn"
103.200.23.149 - - [18/Mar/2026:20:57:02 +0700] "POST /wp-cron.php?doing_wp_cron=1773842222.6385738849639892578125 HTTP/1.1" 200 0 "-" "WordPress/6.9.4; https://test2.proid.vn"
113.178.44.24 - - [18/Mar/2026:20:56:58 +0700] "POST /wp-admin/admin-ajax.php HTTP/2" 200 51 "https://test2.proid.vn/wp-admin/plugins.php?plugin_status=inactive&paged=1&s" "Mozilla/5.0 (Windows NT 10.0; Win64; x64) AppleWebKit/537.36 (KHTML, like Gecko) Chrome/146.0.0.0 Safari/537.36"
103.200.23.149 - - [18/Mar/2026:20:58:01 +0700] "POST /wp-cron.php?doing_wp_cron=1773842281.6015560626983642578125 HTTP/1.1" 200 0 "-" "WordPress/6.9.4; https://test2.proid.vn"
113.178.44.24 - - [18/Mar/2026:20:57:58 +0700] "POST /wp-admin/admin-ajax.php HTTP/2" 200 51 "https://test2.proid.vn/wp-admin/plugins.php?plugin_status=inactive&paged=1&s" "Mozilla/5.0 (Windows NT 10.0; Win64; x64) AppleWebKit/537.36 (KHTML, like Gecko) Chrome/146.0.0.0 Safari/537.36"
113.178.44.24 - - [18/Mar/2026:20:58:58 +0700] "POST /wp-admin/admin-ajax.php HTTP/2" 200 51 "https://test2.proid.vn/wp-admin/plugins.php?plugin_status=inactive&paged=1&s" "Mozilla/5.0 (Windows NT 10.0; Win64; x64) AppleWebKit/537.36 (KHTML, like Gecko) Chrome/146.0.0.0 Safari/537.36"
103.200.23.149 - - [18/Mar/2026:20:59:02 +0700] "POST /wp-cron.php?doing_wp_cron=1773842342.0487139225006103515625 HTTP/1.1" 200 0 "-" "WordPress/6.9.4; https://test2.proid.vn"
103.200.23.149 - - [18/Mar/2026:21:00:02 +0700] "POST /wp-cron.php?doing_wp_cron=1773842402.5443589687347412109375 HTTP/1.1" 200 0 "-" "WordPress/6.9.4; https://test2.proid.vn"
113.178.44.24 - - [18/Mar/2026:20:59:58 +0700] "POST /wp-admin/admin-ajax.php HTTP/2" 200 51 "https://test2.proid.vn/wp-admin/plugins.php?plugin_status=inactive&paged=1&s" "Mozilla/5.0 (Windows NT 10.0; Win64; x64) AppleWebKit/537.36 (KHTML, like Gecko) Chrome/146.0.0.0 Safari/537.36"
113.178.44.24 - - [18/Mar/2026:21:00:58 +0700] "POST /wp-admin/admin-ajax.php HTTP/2" 200 51 "https://test2.proid.vn/wp-admin/plugins.php?plugin_status=inactive&paged=1&s" "Mozilla/5.0 (Windows NT 10.0; Win64; x64) AppleWebKit/537.36 (KHTML, like Gecko) Chrome/146.0.0.0 Safari/537.36"
103.200.23.149 - - [18/Mar/2026:21:01:02 +0700] "POST /wp-cron.php?doing_wp_cron=1773842462.0337851047515869140625 HTTP/1.1" 200 0 "-" "WordPress/6.9.4; https://test2.proid.vn"
113.178.44.24 - - [18/Mar/2026:21:01:58 +0700] "POST /wp-admin/admin-ajax.php HTTP/2" 200 51 "https://test2.proid.vn/wp-admin/plugins.php?plugin_status=inactive&paged=1&s" "Mozilla/5.0 (Windows NT 10.0; Win64; x64) AppleWebKit/537.36 (KHTML, like Gecko) Chrome/146.0.0.0 Safari/537.36"
103.200.23.149 - - [18/Mar/2026:21:02:02 +0700] "POST /wp-cron.php?doing_wp_cron=1773842522.3114719390869140625000 HTTP/1.1" 200 0 "-" "WordPress/6.9.4; https://test2.proid.vn"
103.200.23.149 - - [18/Mar/2026:21:03:02 +0700] "POST /wp-cron.php?doing_wp_cron=1773842582.0346961021423339843750 HTTP/1.1" 200 0 "-" "WordPress/6.9.4; https://test2.proid.vn"
113.178.44.24 - - [18/Mar/2026:21:02:58 +0700] "POST /wp-admin/admin-ajax.php HTTP/2" 200 51 "https://test2.proid.vn/wp-admin/plugins.php?plugin_status=inactive&paged=1&s" "Mozilla/5.0 (Windows NT 10.0; Win64; x64) AppleWebKit/537.36 (KHTML, like Gecko) Chrome/146.0.0.0 Safari/537.36"
113.178.44.24 - - [18/Mar/2026:21:03:58 +0700] "POST /wp-admin/admin-ajax.php HTTP/2" 200 51 "https://test2.proid.vn/wp-admin/plugins.php?plugin_status=inactive&paged=1&s" "Mozilla/5.0 (Windows NT 10.0; Win64; x64) AppleWebKit/537.36 (KHTML, like Gecko) Chrome/146.0.0.0 Safari/537.36"
103.200.23.149 - - [18/Mar/2026:21:04:03 +0700] "POST /wp-cron.php?doing_wp_cron=1773842643.0921258926391601562500 HTTP/1.1" 200 0 "-" "WordPress/6.9.4; https://test2.proid.vn"
103.200.23.149 - - [18/Mar/2026:21:05:02 +0700] "POST /wp-cron.php?doing_wp_cron=1773842702.2205669879913330078125 HTTP/1.1" 200 0 "-" "WordPress/6.9.4; https://test2.proid.vn"
113.178.44.24 - - [18/Mar/2026:21:04:58 +0700] "POST /wp-admin/admin-ajax.php HTTP/2" 200 51 "https://test2.proid.vn/wp-admin/plugins.php?plugin_status=inactive&paged=1&s" "Mozilla/5.0 (Windows NT 10.0; Win64; x64) AppleWebKit/537.36 (KHTML, like Gecko) Chrome/146.0.0.0 Safari/537.36"
113.178.44.24 - - [18/Mar/2026:21:05:58 +0700] "POST /wp-admin/admin-ajax.php HTTP/2" 200 51 "https://test2.proid.vn/wp-admin/plugins.php?plugin_status=inactive&paged=1&s" "Mozilla/5.0 (Windows NT 10.0; Win64; x64) AppleWebKit/537.36 (KHTML, like Gecko) Chrome/146.0.0.0 Safari/537.36"
103.200.23.149 - - [18/Mar/2026:21:06:01 +0700] "POST /wp-cron.php?doing_wp_cron=1773842761.5051469802856445312500 HTTP/1.1" 200 0 "-" "WordPress/6.9.4; https://test2.proid.vn"
113.178.44.24 - - [18/Mar/2026:21:06:58 +0700] "POST /wp-admin/admin-ajax.php HTTP/2" 200 51 "https://test2.proid.vn/wp-admin/plugins.php?plugin_status=inactive&paged=1&s" "Mozilla/5.0 (Windows NT 10.0; Win64; x64) AppleWebKit/537.36 (KHTML, like Gecko) Chrome/146.0.0.0 Safari/537.36"
103.200.23.149 - - [18/Mar/2026:21:07:01 +0700] "POST /wp-cron.php?doing_wp_cron=1773842821.4044530391693115234375 HTTP/1.1" 200 0 "-" "WordPress/6.9.4; https://test2.proid.vn"
103.200.23.149 - - [18/Mar/2026:21:08:02 +0700] "POST /wp-cron.php?doing_wp_cron=1773842882.3759119510650634765625 HTTP/1.1" 200 0 "-" "WordPress/6.9.4; https://test2.proid.vn"
113.178.44.24 - - [18/Mar/2026:21:07:58 +0700] "POST /wp-admin/admin-ajax.php HTTP/2" 200 51 "https://test2.proid.vn/wp-admin/plugins.php?plugin_status=inactive&paged=1&s" "Mozilla/5.0 (Windows NT 10.0; Win64; x64) AppleWebKit/537.36 (KHTML, like Gecko) Chrome/146.0.0.0 Safari/537.36"
113.178.44.24 - - [18/Mar/2026:21:08:58 +0700] "POST /wp-admin/admin-ajax.php HTTP/2" 200 51 "https://test2.proid.vn/wp-admin/plugins.php?plugin_status=inactive&paged=1&s" "Mozilla/5.0 (Windows NT 10.0; Win64; x64) AppleWebKit/537.36 (KHTML, like Gecko) Chrome/146.0.0.0 Safari/537.36"
103.200.23.149 - - [18/Mar/2026:21:09:02 +0700] "POST /wp-cron.php?doing_wp_cron=1773842941.9935669898986816406250 HTTP/1.1" 200 0 "-" "WordPress/6.9.4; https://test2.proid.vn"
103.200.23.149 - - [18/Mar/2026:21:10:02 +0700] "POST /wp-cron.php?doing_wp_cron=1773843002.6005320549011230468750 HTTP/1.1" 200 0 "-" "WordPress/6.9.4; https://test2.proid.vn"
113.178.44.24 - - [18/Mar/2026:21:09:58 +0700] "POST /wp-admin/admin-ajax.php HTTP/2" 200 51 "https://test2.proid.vn/wp-admin/plugins.php?plugin_status=inactive&paged=1&s" "Mozilla/5.0 (Windows NT 10.0; Win64; x64) AppleWebKit/537.36 (KHTML, like Gecko) Chrome/146.0.0.0 Safari/537.36"
103.200.23.149 - - [18/Mar/2026:21:11:01 +0700] "POST /wp-cron.php?doing_wp_cron=1773843061.5574729442596435546875 HTTP/1.1" 200 0 "-" "WordPress/6.9.4; https://test2.proid.vn"
113.178.44.24 - - [18/Mar/2026:21:10:58 +0700] "POST /wp-admin/admin-ajax.php HTTP/2" 200 51 "https://test2.proid.vn/wp-admin/plugins.php?plugin_status=inactive&paged=1&s" "Mozilla/5.0 (Windows NT 10.0; Win64; x64) AppleWebKit/537.36 (KHTML, like Gecko) Chrome/146.0.0.0 Safari/537.36"
113.178.44.24 - - [18/Mar/2026:21:11:58 +0700] "POST /wp-admin/admin-ajax.php HTTP/2" 200 51 "https://test2.proid.vn/wp-admin/plugins.php?plugin_status=inactive&paged=1&s" "Mozilla/5.0 (Windows NT 10.0; Win64; x64) AppleWebKit/537.36 (KHTML, like Gecko) Chrome/146.0.0.0 Safari/537.36"
103.200.23.149 - - [18/Mar/2026:21:12:02 +0700] "POST /wp-cron.php?doing_wp_cron=1773843122.2265179157257080078125 HTTP/1.1" 200 0 "-" "WordPress/6.9.4; https://test2.proid.vn"
103.200.23.149 - - [18/Mar/2026:21:13:02 +0700] "POST /wp-cron.php?doing_wp_cron=1773843182.4639070034027099609375 HTTP/1.1" 200 0 "-" "WordPress/6.9.4; https://test2.proid.vn"
113.178.44.24 - - [18/Mar/2026:21:12:58 +0700] "POST /wp-admin/admin-ajax.php HTTP/2" 200 51 "https://test2.proid.vn/wp-admin/plugins.php?plugin_status=inactive&paged=1&s" "Mozilla/5.0 (Windows NT 10.0; Win64; x64) AppleWebKit/537.36 (KHTML, like Gecko) Chrome/146.0.0.0 Safari/537.36"
113.178.44.24 - - [18/Mar/2026:21:13:58 +0700] "POST /wp-admin/admin-ajax.php HTTP/2" 200 51 "https://test2.proid.vn/wp-admin/plugins.php?plugin_status=inactive&paged=1&s" "Mozilla/5.0 (Windows NT 10.0; Win64; x64) AppleWebKit/537.36 (KHTML, like Gecko) Chrome/146.0.0.0 Safari/537.36"
103.200.23.149 - - [18/Mar/2026:21:14:02 +0700] "POST /wp-cron.php?doing_wp_cron=1773843242.0079259872436523437500 HTTP/1.1" 200 0 "-" "WordPress/6.9.4; https://test2.proid.vn"
103.200.23.149 - - [18/Mar/2026:21:15:03 +0700] "POST /wp-cron.php?doing_wp_cron=1773843303.1822121143341064453125 HTTP/1.1" 200 0 "-" "WordPress/6.9.4; https://test2.proid.vn"
113.178.44.24 - - [18/Mar/2026:21:14:58 +0700] "POST /wp-admin/admin-ajax.php HTTP/2" 200 51 "https://test2.proid.vn/wp-admin/plugins.php?plugin_status=inactive&paged=1&s" "Mozilla/5.0 (Windows NT 10.0; Win64; x64) AppleWebKit/537.36 (KHTML, like Gecko) Chrome/146.0.0.0 Safari/537.36"
113.178.44.24 - - [18/Mar/2026:21:15:58 +0700] "POST /wp-admin/admin-ajax.php HTTP/2" 200 51 "https://test2.proid.vn/wp-admin/plugins.php?plugin_status=inactive&paged=1&s" "Mozilla/5.0 (Windows NT 10.0; Win64; x64) AppleWebKit/537.36 (KHTML, like Gecko) Chrome/146.0.0.0 Safari/537.36"
103.200.23.149 - - [18/Mar/2026:21:16:02 +0700] "POST /wp-cron.php?doing_wp_cron=1773843362.2868890762329101562500 HTTP/1.1" 200 0 "-" "WordPress/6.9.4; https://test2.proid.vn"
103.200.23.149 - - [18/Mar/2026:21:17:02 +0700] "POST /wp-cron.php?doing_wp_cron=1773843422.2807760238647460937500 HTTP/1.1" 200 0 "-" "WordPress/6.9.4; https://test2.proid.vn"
113.178.44.24 - - [18/Mar/2026:21:16:58 +0700] "POST /wp-admin/admin-ajax.php HTTP/2" 200 51 "https://test2.proid.vn/wp-admin/plugins.php?plugin_status=inactive&paged=1&s" "Mozilla/5.0 (Windows NT 10.0; Win64; x64) AppleWebKit/537.36 (KHTML, like Gecko) Chrome/146.0.0.0 Safari/537.36"
103.200.23.149 - - [18/Mar/2026:21:18:01 +0700] "POST /wp-cron.php?doing_wp_cron=1773843481.9295680522918701171875 HTTP/1.1" 200 0 "-" "WordPress/6.9.4; https://test2.proid.vn"
113.178.44.24 - - [18/Mar/2026:21:17:58 +0700] "POST /wp-admin/admin-ajax.php HTTP/2" 200 51 "https://test2.proid.vn/wp-admin/plugins.php?plugin_status=inactive&paged=1&s" "Mozilla/5.0 (Windows NT 10.0; Win64; x64) AppleWebKit/537.36 (KHTML, like Gecko) Chrome/146.0.0.0 Safari/537.36"
103.200.23.149 - - [18/Mar/2026:21:19:02 +0700] "POST /wp-cron.php?doing_wp_cron=1773843542.5318911075592041015625 HTTP/1.1" 200 0 "-" "WordPress/6.9.4; https://test2.proid.vn"
113.178.44.24 - - [18/Mar/2026:21:18:58 +0700] "POST /wp-admin/admin-ajax.php HTTP/2" 200 51 "https://test2.proid.vn/wp-admin/plugins.php?plugin_status=inactive&paged=1&s" "Mozilla/5.0 (Windows NT 10.0; Win64; x64) AppleWebKit/537.36 (KHTML, like Gecko) Chrome/146.0.0.0 Safari/537.36"
103.200.23.149 - - [18/Mar/2026:21:20:02 +0700] "POST /wp-cron.php?doing_wp_cron=1773843602.3373138904571533203125 HTTP/1.1" 200 0 "-" "WordPress/6.9.4; https://test2.proid.vn"
113.178.44.24 - - [18/Mar/2026:21:19:58 +0700] "POST /wp-admin/admin-ajax.php HTTP/2" 200 51 "https://test2.proid.vn/wp-admin/plugins.php?plugin_status=inactive&paged=1&s" "Mozilla/5.0 (Windows NT 10.0; Win64; x64) AppleWebKit/537.36 (KHTML, like Gecko) Chrome/146.0.0.0 Safari/537.36"
103.200.23.149 - - [18/Mar/2026:21:21:01 +0700] "POST /wp-cron.php?doing_wp_cron=1773843661.6069281101226806640625 HTTP/1.1" 200 0 "-" "WordPress/6.9.4; https://test2.proid.vn"
113.178.44.24 - - [18/Mar/2026:21:20:58 +0700] "POST /wp-admin/admin-ajax.php HTTP/2" 200 51 "https://test2.proid.vn/wp-admin/plugins.php?plugin_status=inactive&paged=1&s" "Mozilla/5.0 (Windows NT 10.0; Win64; x64) AppleWebKit/537.36 (KHTML, like Gecko) Chrome/146.0.0.0 Safari/537.36"
103.200.23.149 - - [18/Mar/2026:21:22:02 +0700] "POST /wp-cron.php?doing_wp_cron=1773843722.4055719375610351562500 HTTP/1.1" 200 0 "-" "WordPress/6.9.4; https://test2.proid.vn"
113.178.44.24 - - [18/Mar/2026:21:21:58 +0700] "POST /wp-admin/admin-ajax.php HTTP/2" 200 51 "https://test2.proid.vn/wp-admin/plugins.php?plugin_status=inactive&paged=1&s" "Mozilla/5.0 (Windows NT 10.0; Win64; x64) AppleWebKit/537.36 (KHTML, like Gecko) Chrome/146.0.0.0 Safari/537.36"
113.178.44.24 - - [18/Mar/2026:21:22:58 +0700] "POST /wp-admin/admin-ajax.php HTTP/2" 200 51 "https://test2.proid.vn/wp-admin/plugins.php?plugin_status=inactive&paged=1&s" "Mozilla/5.0 (Windows NT 10.0; Win64; x64) AppleWebKit/537.36 (KHTML, like Gecko) Chrome/146.0.0.0 Safari/537.36"
103.200.23.149 - - [18/Mar/2026:21:23:02 +0700] "POST /wp-cron.php?doing_wp_cron=1773843782.6567571163177490234375 HTTP/1.1" 200 0 "-" "WordPress/6.9.4; https://test2.proid.vn"
113.178.44.24 - - [18/Mar/2026:21:23:58 +0700] "POST /wp-admin/admin-ajax.php HTTP/2" 200 51 "https://test2.proid.vn/wp-admin/plugins.php?plugin_status=inactive&paged=1&s" "Mozilla/5.0 (Windows NT 10.0; Win64; x64) AppleWebKit/537.36 (KHTML, like Gecko) Chrome/146.0.0.0 Safari/537.36"
103.200.23.149 - - [18/Mar/2026:21:24:01 +0700] "POST /wp-cron.php?doing_wp_cron=1773843841.8023569583892822265625 HTTP/1.1" 200 0 "-" "WordPress/6.9.4; https://test2.proid.vn"
103.200.23.149 - - [18/Mar/2026:21:25:00 +0700] "POST /wp-cron.php?doing_wp_cron=1773843900.9490420818328857421875 HTTP/1.1" 200 0 "-" "WordPress/6.9.4; https://test2.proid.vn"
113.178.44.24 - - [18/Mar/2026:21:24:58 +0700] "POST /wp-admin/admin-ajax.php HTTP/2" 200 51 "https://test2.proid.vn/wp-admin/plugins.php?plugin_status=inactive&paged=1&s" "Mozilla/5.0 (Windows NT 10.0; Win64; x64) AppleWebKit/537.36 (KHTML, like Gecko) Chrome/146.0.0.0 Safari/537.36"
113.178.44.24 - - [18/Mar/2026:21:25:58 +0700] "POST /wp-admin/admin-ajax.php HTTP/2" 200 51 "https://test2.proid.vn/wp-admin/plugins.php?plugin_status=inactive&paged=1&s" "Mozilla/5.0 (Windows NT 10.0; Win64; x64) AppleWebKit/537.36 (KHTML, like Gecko) Chrome/146.0.0.0 Safari/537.36"
103.200.23.149 - - [18/Mar/2026:21:26:01 +0700] "POST /wp-cron.php?doing_wp_cron=1773843961.4899981021881103515625 HTTP/1.1" 200 0 "-" "WordPress/6.9.4; https://test2.proid.vn"
103.200.23.149 - - [18/Mar/2026:21:27:02 +0700] "POST /wp-cron.php?doing_wp_cron=1773844022.1779880523681640625000 HTTP/1.1" 200 0 "-" "WordPress/6.9.4; https://test2.proid.vn"
113.178.44.24 - - [18/Mar/2026:21:26:58 +0700] "POST /wp-admin/admin-ajax.php HTTP/2" 200 51 "https://test2.proid.vn/wp-admin/plugins.php?plugin_status=inactive&paged=1&s" "Mozilla/5.0 (Windows NT 10.0; Win64; x64) AppleWebKit/537.36 (KHTML, like Gecko) Chrome/146.0.0.0 Safari/537.36"
103.200.23.149 - - [18/Mar/2026:21:28:01 +0700] "POST /wp-cron.php?doing_wp_cron=1773844081.8858919143676757812500 HTTP/1.1" 200 0 "-" "WordPress/6.9.4; https://test2.proid.vn"
113.178.44.24 - - [18/Mar/2026:21:27:58 +0700] "POST /wp-admin/admin-ajax.php HTTP/2" 200 51 "https://test2.proid.vn/wp-admin/plugins.php?plugin_status=inactive&paged=1&s" "Mozilla/5.0 (Windows NT 10.0; Win64; x64) AppleWebKit/537.36 (KHTML, like Gecko) Chrome/146.0.0.0 Safari/537.36"
103.200.23.149 - - [18/Mar/2026:21:29:02 +0700] "POST /wp-cron.php?doing_wp_cron=1773844142.0653209686279296875000 HTTP/1.1" 200 0 "-" "WordPress/6.9.4; https://test2.proid.vn"
113.178.44.24 - - [18/Mar/2026:21:28:58 +0700] "POST /wp-admin/admin-ajax.php HTTP/2" 200 51 "https://test2.proid.vn/wp-admin/plugins.php?plugin_status=inactive&paged=1&s" "Mozilla/5.0 (Windows NT 10.0; Win64; x64) AppleWebKit/537.36 (KHTML, like Gecko) Chrome/146.0.0.0 Safari/537.36"
113.178.44.24 - - [18/Mar/2026:21:29:58 +0700] "POST /wp-admin/admin-ajax.php HTTP/2" 200 51 "https://test2.proid.vn/wp-admin/plugins.php?plugin_status=inactive&paged=1&s" "Mozilla/5.0 (Windows NT 10.0; Win64; x64) AppleWebKit/537.36 (KHTML, like Gecko) Chrome/146.0.0.0 Safari/537.36"
103.200.23.149 - - [18/Mar/2026:21:30:01 +0700] "POST /wp-cron.php?doing_wp_cron=1773844201.2472379207611083984375 HTTP/1.1" 200 0 "-" "WordPress/6.9.4; https://test2.proid.vn"
113.178.44.24 - - [18/Mar/2026:21:30:58 +0700] "POST /wp-admin/admin-ajax.php HTTP/2" 200 51 "https://test2.proid.vn/wp-admin/plugins.php?plugin_status=inactive&paged=1&s" "Mozilla/5.0 (Windows NT 10.0; Win64; x64) AppleWebKit/537.36 (KHTML, like Gecko) Chrome/146.0.0.0 Safari/537.36"
103.200.23.149 - - [18/Mar/2026:21:31:01 +0700] "POST /wp-cron.php?doing_wp_cron=1773844261.3267779350280761718750 HTTP/1.1" 200 0 "-" "WordPress/6.9.4; https://test2.proid.vn"
103.200.23.149 - - [18/Mar/2026:21:32:02 +0700] "POST /wp-cron.php?doing_wp_cron=1773844322.4005761146545410156250 HTTP/1.1" 200 0 "-" "WordPress/6.9.4; https://test2.proid.vn"
113.178.44.24 - - [18/Mar/2026:21:31:58 +0700] "POST /wp-admin/admin-ajax.php HTTP/2" 200 51 "https://test2.proid.vn/wp-admin/plugins.php?plugin_status=inactive&paged=1&s" "Mozilla/5.0 (Windows NT 10.0; Win64; x64) AppleWebKit/537.36 (KHTML, like Gecko) Chrome/146.0.0.0 Safari/537.36"
113.178.44.24 - - [18/Mar/2026:21:32:58 +0700] "POST /wp-admin/admin-ajax.php HTTP/2" 200 51 "https://test2.proid.vn/wp-admin/plugins.php?plugin_status=inactive&paged=1&s" "Mozilla/5.0 (Windows NT 10.0; Win64; x64) AppleWebKit/537.36 (KHTML, like Gecko) Chrome/146.0.0.0 Safari/537.36"
103.200.23.149 - - [18/Mar/2026:21:33:03 +0700] "POST /wp-cron.php?doing_wp_cron=1773844383.6701641082763671875000 HTTP/1.1" 200 0 "-" "WordPress/6.9.4; https://test2.proid.vn"
66.249.75.4 - - [18/Mar/2026:21:33:49 +0700] "GET /robots.txt HTTP/1.1" 200 0 "-" "Mozilla/5.0 (compatible; Googlebot/2.1; +http://www.google.com/bot.html)"
103.200.23.149 - - [18/Mar/2026:21:33:53 +0700] "POST /wp-cron.php?doing_wp_cron=1773844433.5718259811401367187500 HTTP/1.1" 200 0 "-" "WordPress/6.9.4; https://test2.proid.vn"
66.249.91.132 - - [18/Mar/2026:21:33:49 +0700] "GET /apple-app-site-association HTTP/1.1" 404 34608 "-" "Mozilla/5.0 (Linux; Android 6.0.1; Nexus 5X Build/MMB29P) AppleWebKit/537.36 (KHTML, like Gecko) Chrome/145.0.7632.159 Mobile Safari/537.36 (compatible; AdsBot-Google-Mobile; +http://www.google.com/mobile/adsbot.html)"
113.178.44.24 - - [18/Mar/2026:21:33:58 +0700] "POST /wp-admin/admin-ajax.php HTTP/2" 200 51 "https://test2.proid.vn/wp-admin/plugins.php?plugin_status=inactive&paged=1&s" "Mozilla/5.0 (Windows NT 10.0; Win64; x64) AppleWebKit/537.36 (KHTML, like Gecko) Chrome/146.0.0.0 Safari/537.36"
103.200.23.149 - - [18/Mar/2026:21:35:01 +0700] "POST /wp-cron.php?doing_wp_cron=1773844501.4507269859313964843750 HTTP/1.1" 200 0 "-" "WordPress/6.9.4; https://test2.proid.vn"
113.178.44.24 - - [18/Mar/2026:21:34:58 +0700] "POST /wp-admin/admin-ajax.php HTTP/2" 200 51 "https://test2.proid.vn/wp-admin/plugins.php?plugin_status=inactive&paged=1&s" "Mozilla/5.0 (Windows NT 10.0; Win64; x64) AppleWebKit/537.36 (KHTML, like Gecko) Chrome/146.0.0.0 Safari/537.36"
103.200.23.149 - - [18/Mar/2026:21:35:48 +0700] "POST /wp-cron.php?doing_wp_cron=1773844548.4496450424194335937500 HTTP/1.1" 200 0 "-" "WordPress/6.9.4; https://test2.proid.vn"
66.249.91.131 - - [18/Mar/2026:21:35:44 +0700] "GET /.well-known/apple-app-site-association HTTP/1.1" 404 34608 "-" "Mozilla/5.0 (Linux; Android 6.0.1; Nexus 5X Build/MMB29P) AppleWebKit/537.36 (KHTML, like Gecko) Chrome/145.0.7632.159 Mobile Safari/537.36 (compatible; AdsBot-Google-Mobile; +http://www.google.com/mobile/adsbot.html)"
113.178.44.24 - - [18/Mar/2026:21:35:58 +0700] "POST /wp-admin/admin-ajax.php HTTP/2" 200 51 "https://test2.proid.vn/wp-admin/plugins.php?plugin_status=inactive&paged=1&s" "Mozilla/5.0 (Windows NT 10.0; Win64; x64) AppleWebKit/537.36 (KHTML, like Gecko) Chrome/146.0.0.0 Safari/537.36"
103.200.23.149 - - [18/Mar/2026:21:37:02 +0700] "POST /wp-cron.php?doing_wp_cron=1773844622.3742220401763916015625 HTTP/1.1" 200 0 "-" "WordPress/6.9.4; https://test2.proid.vn"
113.178.44.24 - - [18/Mar/2026:21:36:58 +0700] "POST /wp-admin/admin-ajax.php HTTP/2" 200 51 "https://test2.proid.vn/wp-admin/plugins.php?plugin_status=inactive&paged=1&s" "Mozilla/5.0 (Windows NT 10.0; Win64; x64) AppleWebKit/537.36 (KHTML, like Gecko) Chrome/146.0.0.0 Safari/537.36"
103.200.23.149 - - [18/Mar/2026:21:38:01 +0700] "POST /wp-cron.php?doing_wp_cron=1773844681.3631660938262939453125 HTTP/1.1" 200 0 "-" "WordPress/6.9.4; https://test2.proid.vn"
113.178.44.24 - - [18/Mar/2026:21:37:58 +0700] "POST /wp-admin/admin-ajax.php HTTP/2" 200 51 "https://test2.proid.vn/wp-admin/plugins.php?plugin_status=inactive&paged=1&s" "Mozilla/5.0 (Windows NT 10.0; Win64; x64) AppleWebKit/537.36 (KHTML, like Gecko) Chrome/146.0.0.0 Safari/537.36"
113.178.44.24 - - [18/Mar/2026:21:38:58 +0700] "POST /wp-admin/admin-ajax.php HTTP/2" 200 51 "https://test2.proid.vn/wp-admin/plugins.php?plugin_status=inactive&paged=1&s" "Mozilla/5.0 (Windows NT 10.0; Win64; x64) AppleWebKit/537.36 (KHTML, like Gecko) Chrome/146.0.0.0 Safari/537.36"
103.200.23.149 - - [18/Mar/2026:21:39:02 +0700] "POST /wp-cron.php?doing_wp_cron=1773844742.0886590480804443359375 HTTP/1.1" 200 0 "-" "WordPress/6.9.4; https://test2.proid.vn"
113.178.44.24 - - [18/Mar/2026:21:39:58 +0700] "POST /wp-admin/admin-ajax.php HTTP/2" 200 51 "https://test2.proid.vn/wp-admin/plugins.php?plugin_status=inactive&paged=1&s" "Mozilla/5.0 (Windows NT 10.0; Win64; x64) AppleWebKit/537.36 (KHTML, like Gecko) Chrome/146.0.0.0 Safari/537.36"
103.200.23.149 - - [18/Mar/2026:21:40:01 +0700] "POST /wp-cron.php?doing_wp_cron=1773844801.7374730110168457031250 HTTP/1.1" 200 0 "-" "WordPress/6.9.4; https://test2.proid.vn"
103.200.23.149 - - [18/Mar/2026:21:41:02 +0700] "POST /wp-cron.php?doing_wp_cron=1773844862.0317850112915039062500 HTTP/1.1" 200 0 "-" "WordPress/6.9.4; https://test2.proid.vn"
113.178.44.24 - - [18/Mar/2026:21:40:58 +0700] "POST /wp-admin/admin-ajax.php HTTP/2" 200 51 "https://test2.proid.vn/wp-admin/plugins.php?plugin_status=inactive&paged=1&s" "Mozilla/5.0 (Windows NT 10.0; Win64; x64) AppleWebKit/537.36 (KHTML, like Gecko) Chrome/146.0.0.0 Safari/537.36"
103.200.23.149 - - [18/Mar/2026:21:42:01 +0700] "POST /wp-cron.php?doing_wp_cron=1773844921.1907680034637451171875 HTTP/1.1" 200 0 "-" "WordPress/6.9.4; https://test2.proid.vn"
113.178.44.24 - - [18/Mar/2026:21:41:58 +0700] "POST /wp-admin/admin-ajax.php HTTP/2" 200 51 "https://test2.proid.vn/wp-admin/plugins.php?plugin_status=inactive&paged=1&s" "Mozilla/5.0 (Windows NT 10.0; Win64; x64) AppleWebKit/537.36 (KHTML, like Gecko) Chrome/146.0.0.0 Safari/537.36"
113.178.44.24 - - [18/Mar/2026:21:42:58 +0700] "POST /wp-admin/admin-ajax.php HTTP/2" 200 51 "https://test2.proid.vn/wp-admin/plugins.php?plugin_status=inactive&paged=1&s" "Mozilla/5.0 (Windows NT 10.0; Win64; x64) AppleWebKit/537.36 (KHTML, like Gecko) Chrome/146.0.0.0 Safari/537.36"
103.200.23.149 - - [18/Mar/2026:21:43:02 +0700] "POST /wp-cron.php?doing_wp_cron=1773844982.6734089851379394531250 HTTP/1.1" 200 0 "-" "WordPress/6.9.4; https://test2.proid.vn"
103.200.23.149 - - [18/Mar/2026:21:44:01 +0700] "POST /wp-cron.php?doing_wp_cron=1773845041.9344289302825927734375 HTTP/1.1" 200 0 "-" "WordPress/6.9.4; https://test2.proid.vn"
113.178.44.24 - - [18/Mar/2026:21:43:58 +0700] "POST /wp-admin/admin-ajax.php HTTP/2" 200 51 "https://test2.proid.vn/wp-admin/plugins.php?plugin_status=inactive&paged=1&s" "Mozilla/5.0 (Windows NT 10.0; Win64; x64) AppleWebKit/537.36 (KHTML, like Gecko) Chrome/146.0.0.0 Safari/537.36"
103.200.23.149 - - [18/Mar/2026:21:45:01 +0700] "POST /wp-cron.php?doing_wp_cron=1773845101.9354128837585449218750 HTTP/1.1" 200 0 "-" "WordPress/6.9.4; https://test2.proid.vn"
113.178.44.24 - - [18/Mar/2026:21:44:58 +0700] "POST /wp-admin/admin-ajax.php HTTP/2" 200 51 "https://test2.proid.vn/wp-admin/plugins.php?plugin_status=inactive&paged=1&s" "Mozilla/5.0 (Windows NT 10.0; Win64; x64) AppleWebKit/537.36 (KHTML, like Gecko) Chrome/146.0.0.0 Safari/537.36"
103.200.23.149 - - [18/Mar/2026:21:46:01 +0700] "POST /wp-cron.php?doing_wp_cron=1773845161.9128170013427734375000 HTTP/1.1" 200 0 "-" "WordPress/6.9.4; https://test2.proid.vn"
113.178.44.24 - - [18/Mar/2026:21:45:58 +0700] "POST /wp-admin/admin-ajax.php HTTP/2" 200 51 "https://test2.proid.vn/wp-admin/plugins.php?plugin_status=inactive&paged=1&s" "Mozilla/5.0 (Windows NT 10.0; Win64; x64) AppleWebKit/537.36 (KHTML, like Gecko) Chrome/146.0.0.0 Safari/537.36"
103.200.23.149 - - [18/Mar/2026:21:47:02 +0700] "POST /wp-cron.php?doing_wp_cron=1773845222.1005580425262451171875 HTTP/1.1" 200 0 "-" "WordPress/6.9.4; https://test2.proid.vn"
113.178.44.24 - - [18/Mar/2026:21:46:58 +0700] "POST /wp-admin/admin-ajax.php HTTP/2" 200 51 "https://test2.proid.vn/wp-admin/plugins.php?plugin_status=inactive&paged=1&s" "Mozilla/5.0 (Windows NT 10.0; Win64; x64) AppleWebKit/537.36 (KHTML, like Gecko) Chrome/146.0.0.0 Safari/537.36"
113.178.44.24 - - [18/Mar/2026:21:47:58 +0700] "POST /wp-admin/admin-ajax.php HTTP/2" 200 51 "https://test2.proid.vn/wp-admin/plugins.php?plugin_status=inactive&paged=1&s" "Mozilla/5.0 (Windows NT 10.0; Win64; x64) AppleWebKit/537.36 (KHTML, like Gecko) Chrome/146.0.0.0 Safari/537.36"
103.200.23.149 - - [18/Mar/2026:21:48:01 +0700] "POST /wp-cron.php?doing_wp_cron=1773845281.6464340686798095703125 HTTP/1.1" 200 0 "-" "WordPress/6.9.4; https://test2.proid.vn"
103.200.23.149 - - [18/Mar/2026:21:49:02 +0700] "POST /wp-cron.php?doing_wp_cron=1773845341.9968090057373046875000 HTTP/1.1" 200 0 "-" "WordPress/6.9.4; https://test2.proid.vn"
113.178.44.24 - - [18/Mar/2026:21:48:58 +0700] "POST /wp-admin/admin-ajax.php HTTP/2" 200 51 "https://test2.proid.vn/wp-admin/plugins.php?plugin_status=inactive&paged=1&s" "Mozilla/5.0 (Windows NT 10.0; Win64; x64) AppleWebKit/537.36 (KHTML, like Gecko) Chrome/146.0.0.0 Safari/537.36"
103.200.23.149 - - [18/Mar/2026:21:50:02 +0700] "POST /wp-cron.php?doing_wp_cron=1773845402.2192549705505371093750 HTTP/1.1" 200 0 "-" "WordPress/6.9.4; https://test2.proid.vn"
113.178.44.24 - - [18/Mar/2026:21:49:58 +0700] "POST /wp-admin/admin-ajax.php HTTP/2" 200 51 "https://test2.proid.vn/wp-admin/plugins.php?plugin_status=inactive&paged=1&s" "Mozilla/5.0 (Windows NT 10.0; Win64; x64) AppleWebKit/537.36 (KHTML, like Gecko) Chrome/146.0.0.0 Safari/537.36"
113.178.44.24 - - [18/Mar/2026:21:50:58 +0700] "POST /wp-admin/admin-ajax.php HTTP/2" 200 51 "https://test2.proid.vn/wp-admin/plugins.php?plugin_status=inactive&paged=1&s" "Mozilla/5.0 (Windows NT 10.0; Win64; x64) AppleWebKit/537.36 (KHTML, like Gecko) Chrome/146.0.0.0 Safari/537.36"
103.200.23.149 - - [18/Mar/2026:21:51:02 +0700] "POST /wp-cron.php?doing_wp_cron=1773845462.5458230972290039062500 HTTP/1.1" 200 0 "-" "WordPress/6.9.4; https://test2.proid.vn"
113.178.44.24 - - [18/Mar/2026:21:51:58 +0700] "POST /wp-admin/admin-ajax.php HTTP/2" 200 51 "https://test2.proid.vn/wp-admin/plugins.php?plugin_status=inactive&paged=1&s" "Mozilla/5.0 (Windows NT 10.0; Win64; x64) AppleWebKit/537.36 (KHTML, like Gecko) Chrome/146.0.0.0 Safari/537.36"
103.200.23.149 - - [18/Mar/2026:21:52:02 +0700] "POST /wp-cron.php?doing_wp_cron=1773845522.0859251022338867187500 HTTP/1.1" 200 0 "-" "WordPress/6.9.4; https://test2.proid.vn"
113.178.44.24 - - [18/Mar/2026:21:52:58 +0700] "POST /wp-admin/admin-ajax.php HTTP/2" 200 51 "https://test2.proid.vn/wp-admin/plugins.php?plugin_status=inactive&paged=1&s" "Mozilla/5.0 (Windows NT 10.0; Win64; x64) AppleWebKit/537.36 (KHTML, like Gecko) Chrome/146.0.0.0 Safari/537.36"
103.200.23.149 - - [18/Mar/2026:21:53:02 +0700] "POST /wp-cron.php?doing_wp_cron=1773845582.2018210887908935546875 HTTP/1.1" 200 0 "-" "WordPress/6.9.4; https://test2.proid.vn"
113.178.44.24 - - [18/Mar/2026:21:53:58 +0700] "POST /wp-admin/admin-ajax.php HTTP/2" 200 51 "https://test2.proid.vn/wp-admin/plugins.php?plugin_status=inactive&paged=1&s" "Mozilla/5.0 (Windows NT 10.0; Win64; x64) AppleWebKit/537.36 (KHTML, like Gecko) Chrome/146.0.0.0 Safari/537.36"
103.200.23.149 - - [18/Mar/2026:21:54:03 +0700] "POST /wp-cron.php?doing_wp_cron=1773845643.1436219215393066406250 HTTP/1.1" 200 0 "-" "WordPress/6.9.4; https://test2.proid.vn"
103.200.23.149 - - [18/Mar/2026:21:54:23 +0700] "POST /wp-cron.php?doing_wp_cron=1773845663.6013278961181640625000 HTTP/1.1" 200 0 "-" "WordPress/6.9.4; https://test2.proid.vn"
113.178.44.24 - - [18/Mar/2026:21:54:23 +0700] "GET /wp-content/plugins/jet-engine/includes/compatibility/packages/woocommerce/inc/assets/css/admin/meta-boxes.css?ver=3.6.6.1 HTTP/2" 200 760 "https://test2.proid.vn/?my-pro-id=proideefb94b2" "Mozilla/5.0 (Windows NT 10.0; Win64; x64) AppleWebKit/537.36 (KHTML, like Gecko) Chrome/146.0.0.0 Safari/537.36"
113.178.44.24 - - [18/Mar/2026:21:54:23 +0700] "GET /wp-includes/css/dist/block-library/style.min.css?ver=6.9.4 HTTP/2" 200 14889 "https://test2.proid.vn/?my-pro-id=proideefb94b2" "Mozilla/5.0 (Windows NT 10.0; Win64; x64) AppleWebKit/537.36 (KHTML, like Gecko) Chrome/146.0.0.0 Safari/537.36"
113.178.44.24 - - [18/Mar/2026:21:54:23 +0700] "GET /wp-content/plugins/jet-engine/assets/css/frontend.css?ver=3.6.6.1 HTTP/2" 200 7334 "https://test2.proid.vn/?my-pro-id=proideefb94b2" "Mozilla/5.0 (Windows NT 10.0; Win64; x64) AppleWebKit/537.36 (KHTML, like Gecko) Chrome/146.0.0.0 Safari/537.36"
113.178.44.24 - - [18/Mar/2026:21:54:23 +0700] "GET /wp-content/plugins/woocommerce/assets/css/woocommerce-layout.css?ver=8.6.3 HTTP/2" 200 2342 "https://test2.proid.vn/?my-pro-id=proideefb94b2" "Mozilla/5.0 (Windows NT 10.0; Win64; x64) AppleWebKit/537.36 (KHTML, like Gecko) Chrome/146.0.0.0 Safari/537.36"
113.178.44.24 - - [18/Mar/2026:21:54:23 +0700] "GET /wp-content/plugins/woocommerce/assets/css/woocommerce.css?ver=8.6.3 HTTP/2" 200 8813 "https://test2.proid.vn/?my-pro-id=proideefb94b2" "Mozilla/5.0 (Windows NT 10.0; Win64; x64) AppleWebKit/537.36 (KHTML, like Gecko) Chrome/146.0.0.0 Safari/537.36"
113.178.44.24 - - [18/Mar/2026:21:54:23 +0700] "GET /wp-content/themes/hello-elementor/style.min.css?ver=2.8.1 HTTP/2" 200 1697 "https://test2.proid.vn/?my-pro-id=proideefb94b2" "Mozilla/5.0 (Windows NT 10.0; Win64; x64) AppleWebKit/537.36 (KHTML, like Gecko) Chrome/146.0.0.0 Safari/537.36"
113.178.44.24 - - [18/Mar/2026:21:54:23 +0700] "GET /wp-content/themes/hello-elementor-child/style.css?ver=6.9.4 HTTP/2" 200 4988 "https://test2.proid.vn/?my-pro-id=proideefb94b2" "Mozilla/5.0 (Windows NT 10.0; Win64; x64) AppleWebKit/537.36 (KHTML, like Gecko) Chrome/146.0.0.0 Safari/537.36"
113.178.44.24 - - [18/Mar/2026:21:54:23 +0700] "GET /wp-content/plugins/elementor/assets/lib/font-awesome/css/font-awesome.min.css?ver=4.7.0 HTTP/2" 200 6657 "https://test2.proid.vn/?my-pro-id=proideefb94b2" "Mozilla/5.0 (Windows NT 10.0; Win64; x64) AppleWebKit/537.36 (KHTML, like Gecko) Chrome/146.0.0.0 Safari/537.36"
113.178.44.24 - - [18/Mar/2026:21:54:23 +0700] "GET /wp-content/themes/hello-elementor/theme.min.css?ver=2.8.1 HTTP/2" 200 2339 "https://test2.proid.vn/?my-pro-id=proideefb94b2" "Mozilla/5.0 (Windows NT 10.0; Win64; x64) AppleWebKit/537.36 (KHTML, like Gecko) Chrome/146.0.0.0 Safari/537.36"
113.178.44.24 - - [18/Mar/2026:21:54:23 +0700] "GET /wp-content/plugins/elementor/assets/css/frontend.min.css?ver=3.35.4 HTTP/2" 200 6613 "https://test2.proid.vn/?my-pro-id=proideefb94b2" "Mozilla/5.0 (Windows NT 10.0; Win64; x64) AppleWebKit/537.36 (KHTML, like Gecko) Chrome/146.0.0.0 Safari/537.36"
113.178.44.24 - - [18/Mar/2026:21:54:23 +0700] "GET /wp-content/uploads/elementor/css/post-5.css?ver=1773840973 HTTP/2" 200 1008 "https://test2.proid.vn/?my-pro-id=proideefb94b2" "Mozilla/5.0 (Windows NT 10.0; Win64; x64) AppleWebKit/537.36 (KHTML, like Gecko) Chrome/146.0.0.0 Safari/537.36"
113.178.44.24 - - [18/Mar/2026:21:54:23 +0700] "GET /wp-content/plugins/elementor/assets/css/widget-image.min.css?ver=3.35.4 HTTP/2" 200 96 "https://test2.proid.vn/?my-pro-id=proideefb94b2" "Mozilla/5.0 (Windows NT 10.0; Win64; x64) AppleWebKit/537.36 (KHTML, like Gecko) Chrome/146.0.0.0 Safari/537.36"
113.178.44.24 - - [18/Mar/2026:21:54:23 +0700] "GET /wp-content/plugins/elementor-pro/assets/css/widget-nav-menu.min.css?ver=3.35.1 HTTP/2" 200 3243 "https://test2.proid.vn/?my-pro-id=proideefb94b2" "Mozilla/5.0 (Windows NT 10.0; Win64; x64) AppleWebKit/537.36 (KHTML, like Gecko) Chrome/146.0.0.0 Safari/537.36"
113.178.44.24 - - [18/Mar/2026:21:54:23 +0700] "GET /wp-content/plugins/elementor-pro/assets/css/widget-login.min.css?ver=3.35.1 HTTP/2" 200 142 "https://test2.proid.vn/?my-pro-id=proideefb94b2" "Mozilla/5.0 (Windows NT 10.0; Win64; x64) AppleWebKit/537.36 (KHTML, like Gecko) Chrome/146.0.0.0 Safari/537.36"
113.178.44.24 - - [18/Mar/2026:21:54:23 +0700] "GET /wp-content/plugins/elementor-pro/assets/css/widget-form.min.css?ver=3.35.1 HTTP/2" 200 1408 "https://test2.proid.vn/?my-pro-id=proideefb94b2" "Mozilla/5.0 (Windows NT 10.0; Win64; x64) AppleWebKit/537.36 (KHTML, like Gecko) Chrome/146.0.0.0 Safari/537.36"
113.178.44.24 - - [18/Mar/2026:21:54:23 +0700] "GET /wp-content/plugins/elementor/assets/css/widget-nested-tabs.min.css?ver=3.35.4 HTTP/2" 200 1718 "https://test2.proid.vn/?my-pro-id=proideefb94b2" "Mozilla/5.0 (Windows NT 10.0; Win64; x64) AppleWebKit/537.36 (KHTML, like Gecko) Chrome/146.0.0.0 Safari/537.36"
113.178.44.24 - - [18/Mar/2026:21:54:23 +0700] "GET /wp-content/plugins/elementor/assets/css/widget-heading.min.css?ver=3.35.4 HTTP/2" 200 126 "https://test2.proid.vn/?my-pro-id=proideefb94b2" "Mozilla/5.0 (Windows NT 10.0; Win64; x64) AppleWebKit/537.36 (KHTML, like Gecko) Chrome/146.0.0.0 Safari/537.36"
113.178.44.24 - - [18/Mar/2026:21:54:23 +0700] "GET /wp-content/plugins/elementor/assets/lib/animations/styles/fadeInDown.min.css?ver=3.35.4 HTTP/2" 200 137 "https://test2.proid.vn/?my-pro-id=proideefb94b2" "Mozilla/5.0 (Windows NT 10.0; Win64; x64) AppleWebKit/537.36 (KHTML, like Gecko) Chrome/146.0.0.0 Safari/537.36"
113.178.44.24 - - [18/Mar/2026:21:54:23 +0700] "GET /wp-content/plugins/elementor-pro/assets/css/conditionals/popup.min.css?ver=3.35.1 HTTP/2" 200 328 "https://test2.proid.vn/?my-pro-id=proideefb94b2" "Mozilla/5.0 (Windows NT 10.0; Win64; x64) AppleWebKit/537.36 (KHTML, like Gecko) Chrome/146.0.0.0 Safari/537.36"
113.178.44.24 - - [18/Mar/2026:21:54:23 +0700] "GET /wp-content/uploads/elementor/css/post-438.css?ver=1773840973 HTTP/2" 200 1379 "https://test2.proid.vn/?my-pro-id=proideefb94b2" "Mozilla/5.0 (Windows NT 10.0; Win64; x64) AppleWebKit/537.36 (KHTML, like Gecko) Chrome/146.0.0.0 Safari/537.36"
113.178.44.24 - - [18/Mar/2026:21:54:23 +0700] "GET /wp-content/uploads/elementor/css/post-455.css?ver=1773840973 HTTP/2" 200 211 "https://test2.proid.vn/?my-pro-id=proideefb94b2" "Mozilla/5.0 (Windows NT 10.0; Win64; x64) AppleWebKit/537.36 (KHTML, like Gecko) Chrome/146.0.0.0 Safari/537.36"
113.178.44.24 - - [18/Mar/2026:21:54:23 +0700] "GET /wp-content/uploads/elementor/css/post-22.css?ver=1773840974 HTTP/2" 200 1839 "https://test2.proid.vn/?my-pro-id=proideefb94b2" "Mozilla/5.0 (Windows NT 10.0; Win64; x64) AppleWebKit/537.36 (KHTML, like Gecko) Chrome/146.0.0.0 Safari/537.36"
113.178.44.24 - - [18/Mar/2026:21:54:23 +0700] "GET /wp-content/uploads/elementor/css/post-11093.css?ver=1773840973 HTTP/2" 200 1072 "https://test2.proid.vn/?my-pro-id=proideefb94b2" "Mozilla/5.0 (Windows NT 10.0; Win64; x64) AppleWebKit/537.36 (KHTML, like Gecko) Chrome/146.0.0.0 Safari/537.36"
113.178.44.24 - - [18/Mar/2026:21:54:23 +0700] "GET /wp-content/uploads/elementor/css/post-392134.css?ver=1773840973 HTTP/2" 200 793 "https://test2.proid.vn/?my-pro-id=proideefb94b2" "Mozilla/5.0 (Windows NT 10.0; Win64; x64) AppleWebKit/537.36 (KHTML, like Gecko) Chrome/146.0.0.0 Safari/537.36"
113.178.44.24 - - [18/Mar/2026:21:54:23 +0700] "GET /wp-content/uploads/elementor/css/post-392144.css?ver=1773840973 HTTP/2" 200 790 "https://test2.proid.vn/?my-pro-id=proideefb94b2" "Mozilla/5.0 (Windows NT 10.0; Win64; x64) AppleWebKit/537.36 (KHTML, like Gecko) Chrome/146.0.0.0 Safari/537.36"
113.178.44.24 - - [18/Mar/2026:21:54:23 +0700] "GET /wp-content/uploads/elementor/css/post-266165.css?ver=1773840974 HTTP/2" 200 934 "https://test2.proid.vn/?my-pro-id=proideefb94b2" "Mozilla/5.0 (Windows NT 10.0; Win64; x64) AppleWebKit/537.36 (KHTML, like Gecko) Chrome/146.0.0.0 Safari/537.36"
113.178.44.24 - - [18/Mar/2026:21:54:23 +0700] "GET /wp-content/themes/hello-elementor/style.css?ver=6.9.4 HTTP/2" 200 3376 "https://test2.proid.vn/?my-pro-id=proideefb94b2" "Mozilla/5.0 (Windows NT 10.0; Win64; x64) AppleWebKit/537.36 (KHTML, like Gecko) Chrome/146.0.0.0 Safari/537.36"
113.178.44.24 - - [18/Mar/2026:21:54:23 +0700] "GET /wp-content/uploads/elementor/google-fonts/css/montserrat.css?ver=1742643952 HTTP/2" 200 752 "https://test2.proid.vn/?my-pro-id=proideefb94b2" "Mozilla/5.0 (Windows NT 10.0; Win64; x64) AppleWebKit/537.36 (KHTML, like Gecko) Chrome/146.0.0.0 Safari/537.36"
113.178.44.24 - - [18/Mar/2026:21:54:16 +0700] "GET /?my-pro-id=proideefb94b2 HTTP/2" 200 970140 "-" "Mozilla/5.0 (Windows NT 10.0; Win64; x64) AppleWebKit/537.36 (KHTML, like Gecko) Chrome/146.0.0.0 Safari/537.36"
113.178.44.24 - - [18/Mar/2026:21:54:23 +0700] "GET /wp-includes/js/jquery/jquery.min.js?ver=3.7.1 HTTP/2" 200 29744 "https://test2.proid.vn/?my-pro-id=proideefb94b2" "Mozilla/5.0 (Windows NT 10.0; Win64; x64) AppleWebKit/537.36 (KHTML, like Gecko) Chrome/146.0.0.0 Safari/537.36"
113.178.44.24 - - [18/Mar/2026:21:54:23 +0700] "GET /wp-includes/js/jquery/jquery-migrate.min.js?ver=3.4.1 HTTP/2" 200 4678 "https://test2.proid.vn/?my-pro-id=proideefb94b2" "Mozilla/5.0 (Windows NT 10.0; Win64; x64) AppleWebKit/537.36 (KHTML, like Gecko) Chrome/146.0.0.0 Safari/537.36"
113.178.44.24 - - [18/Mar/2026:21:54:23 +0700] "GET /wp-content/plugins/elementor-pro/assets/js/page-transitions.min.js?ver=3.35.1 HTTP/2" 200 4137 "https://test2.proid.vn/?my-pro-id=proideefb94b2" "Mozilla/5.0 (Windows NT 10.0; Win64; x64) AppleWebKit/537.36 (KHTML, like Gecko) Chrome/146.0.0.0 Safari/537.36"
113.178.44.24 - - [18/Mar/2026:21:54:23 +0700] "GET /wp-content/uploads/jet-form-builder/0c2145219829021b086b9a2ff7fa72f0/2025/09/1000007564.png HTTP/2" 200 72590 "https://test2.proid.vn/?my-pro-id=proideefb94b2" "Mozilla/5.0 (Windows NT 10.0; Win64; x64) AppleWebKit/537.36 (KHTML, like Gecko) Chrome/146.0.0.0 Safari/537.36"
113.178.44.24 - - [18/Mar/2026:21:54:23 +0700] "GET /wp-content/uploads/jet-form-builder/0c2145219829021b086b9a2ff7fa72f0/2025/09/1000007571-scaled.png HTTP/2" 200 163448 "https://test2.proid.vn/?my-pro-id=proideefb94b2" "Mozilla/5.0 (Windows NT 10.0; Win64; x64) AppleWebKit/537.36 (KHTML, like Gecko) Chrome/146.0.0.0 Safari/537.36"
113.178.44.24 - - [18/Mar/2026:21:54:23 +0700] "GET /wp-content/uploads/jet-form-builder/289fa83c310e28e9c4ae36576806160d/2025/05/1000040543.jpg HTTP/2" 200 43617 "https://test2.proid.vn/?my-pro-id=proideefb94b2" "Mozilla/5.0 (Windows NT 10.0; Win64; x64) AppleWebKit/537.36 (KHTML, like Gecko) Chrome/146.0.0.0 Safari/537.36"
113.178.44.24 - - [18/Mar/2026:21:54:23 +0700] "GET /wp-content/uploads/elementor/css/post-52012.css?ver=1773840974 HTTP/2" 200 5825 "https://test2.proid.vn/?my-pro-id=proideefb94b2" "Mozilla/5.0 (Windows NT 10.0; Win64; x64) AppleWebKit/537.36 (KHTML, like Gecko) Chrome/146.0.0.0 Safari/537.36"
113.178.44.24 - - [18/Mar/2026:21:54:23 +0700] "GET /wp-content/plugins/elementor/assets/css/widget-spacer.min.css?ver=3.35.4 HTTP/2" 200 287 "https://test2.proid.vn/?my-pro-id=proideefb94b2" "Mozilla/5.0 (Windows NT 10.0; Win64; x64) AppleWebKit/537.36 (KHTML, like Gecko) Chrome/146.0.0.0 Safari/537.36"
113.178.44.24 - - [18/Mar/2026:21:54:23 +0700] "GET /wp-content/plugins/elementor/assets/css/widget-icon-list.min.css?ver=3.35.4 HTTP/2" 200 928 "https://test2.proid.vn/?my-pro-id=proideefb94b2" "Mozilla/5.0 (Windows NT 10.0; Win64; x64) AppleWebKit/537.36 (KHTML, like Gecko) Chrome/146.0.0.0 Safari/537.36"
113.178.44.24 - - [18/Mar/2026:21:54:23 +0700] "GET /wp-content/uploads/elementor/css/post-1295.css?ver=1773840975 HTTP/2" 200 858 "https://test2.proid.vn/?my-pro-id=proideefb94b2" "Mozilla/5.0 (Windows NT 10.0; Win64; x64) AppleWebKit/537.36 (KHTML, like Gecko) Chrome/146.0.0.0 Safari/537.36"
113.178.44.24 - - [18/Mar/2026:21:54:23 +0700] "GET /wp-content/plugins/elementor/assets/lib/swiper/v8/css/swiper.min.css?ver=8.4.5 HTTP/2" 200 4248 "https://test2.proid.vn/?my-pro-id=proideefb94b2" "Mozilla/5.0 (Windows NT 10.0; Win64; x64) AppleWebKit/537.36 (KHTML, like Gecko) Chrome/146.0.0.0 Safari/537.36"
113.178.44.24 - - [18/Mar/2026:21:54:23 +0700] "GET /wp-content/plugins/elementor/assets/css/conditionals/e-swiper.min.css?ver=3.35.4 HTTP/2" 200 699 "https://test2.proid.vn/?my-pro-id=proideefb94b2" "Mozilla/5.0 (Windows NT 10.0; Win64; x64) AppleWebKit/537.36 (KHTML, like Gecko) Chrome/146.0.0.0 Safari/537.36"
113.178.44.24 - - [18/Mar/2026:21:54:23 +0700] "GET /wp-content/plugins/elementor-pro/assets/css/widget-gallery.min.css?ver=3.35.1 HTTP/2" 200 975 "https://test2.proid.vn/?my-pro-id=proideefb94b2" "Mozilla/5.0 (Windows NT 10.0; Win64; x64) AppleWebKit/537.36 (KHTML, like Gecko) Chrome/146.0.0.0 Safari/537.36"
