113.178.44.24 - - [18/Mar/2026:19:03:30 +0700] "GET /wp-content/uploads/elementor/css/post-392180.css?ver=1748595198 HTTP/2" 404 37489 "https://test2.proid.vn/?my-pro-id=proideefb94b2" "Mozilla/5.0 (Linux; Android 10; K) AppleWebKit/537.36 (KHTML, like Gecko) Chrome/146.0.0.0 Mobile Safari/537.36"
113.178.44.24 - - [18/Mar/2026:19:03:30 +0700] "GET /wp-content/themes/hello-elementor/js/hide-tab-script.js?ver=1.0.0 HTTP/2" 404 37489 "https://test2.proid.vn/?my-pro-id=proideefb94b2" "Mozilla/5.0 (Linux; Android 10; K) AppleWebKit/537.36 (KHTML, like Gecko) Chrome/146.0.0.0 Mobile Safari/537.36"
113.178.44.24 - - [18/Mar/2026:19:03:30 +0700] "GET /wp-content/themes/hello-elementor-child/custom.js?ver=1.0 HTTP/2" 404 37489 "https://test2.proid.vn/?my-pro-id=proideefb94b2" "Mozilla/5.0 (Linux; Android 10; K) AppleWebKit/537.36 (KHTML, like Gecko) Chrome/146.0.0.0 Mobile Safari/537.36"
113.178.44.24 - - [18/Mar/2026:19:03:42 +0700] "GET /?my-pro-id=proideefb94b2 HTTP/2" 200 978712 "-" "Mozilla/5.0 (Linux; Android 10; K) AppleWebKit/537.36 (KHTML, like Gecko) Chrome/146.0.0.0 Mobile Safari/537.36"
113.178.44.24 - - [18/Mar/2026:19:03:49 +0700] "GET /wp-content/themes/hello-elementor-child/custom.js?ver=1.0 HTTP/2" 404 37489 "https://test2.proid.vn/?my-pro-id=proideefb94b2" "Mozilla/5.0 (Linux; Android 10; K) AppleWebKit/537.36 (KHTML, like Gecko) Chrome/146.0.0.0 Mobile Safari/537.36"
113.178.44.24 - - [18/Mar/2026:19:03:49 +0700] "GET /wp-content/uploads/elementor/css/post-392180.css?ver=1748595198 HTTP/2" 404 37489 "https://test2.proid.vn/?my-pro-id=proideefb94b2" "Mozilla/5.0 (Linux; Android 10; K) AppleWebKit/537.36 (KHTML, like Gecko) Chrome/146.0.0.0 Mobile Safari/537.36"
113.178.44.24 - - [18/Mar/2026:19:03:49 +0700] "GET /wp-content/uploads/2024/02/placeholder.png HTTP/2" 404 37488 "https://test2.proid.vn/?my-pro-id=proideefb94b2" "Mozilla/5.0 (Linux; Android 10; K) AppleWebKit/537.36 (KHTML, like Gecko) Chrome/146.0.0.0 Mobile Safari/537.36"
113.178.44.24 - - [18/Mar/2026:19:03:49 +0700] "GET /wp-content/uploads/elementor/css/post-392154.css?ver=1748595138 HTTP/2" 404 37489 "https://test2.proid.vn/?my-pro-id=proideefb94b2" "Mozilla/5.0 (Linux; Android 10; K) AppleWebKit/537.36 (KHTML, like Gecko) Chrome/146.0.0.0 Mobile Safari/537.36"
103.200.23.149 - - [18/Mar/2026:19:03:50 +0700] "POST /wp-cron.php?doing_wp_cron=1773835430.3943119049072265625000 HTTP/1.1" 200 0 "-" "WordPress/6.9.4; https://test2.proid.vn"
113.178.44.24 - - [18/Mar/2026:19:03:49 +0700] "GET /wp-content/uploads/elementor/css/post-264624.css?ver=1750352036 HTTP/2" 404 37488 "https://test2.proid.vn/?my-pro-id=proideefb94b2" "Mozilla/5.0 (Linux; Android 10; K) AppleWebKit/537.36 (KHTML, like Gecko) Chrome/146.0.0.0 Mobile Safari/537.36"
113.178.44.24 - - [18/Mar/2026:19:03:49 +0700] "GET /wp-content/themes/hello-elementor-child/assets/js/custom-scripts.js?ver=1.0.0 HTTP/2" 404 37489 "https://test2.proid.vn/?my-pro-id=proideefb94b2" "Mozilla/5.0 (Linux; Android 10; K) AppleWebKit/537.36 (KHTML, like Gecko) Chrome/146.0.0.0 Mobile Safari/537.36"
113.178.44.24 - - [18/Mar/2026:19:03:49 +0700] "GET /wp-content/themes/hello-elementor-child/assets/js/me-proid-copy-profile.js?ver=1.0.0 HTTP/2" 404 37489 "https://test2.proid.vn/?my-pro-id=proideefb94b2" "Mozilla/5.0 (Linux; Android 10; K) AppleWebKit/537.36 (KHTML, like Gecko) Chrome/146.0.0.0 Mobile Safari/537.36"
113.178.44.24 - - [18/Mar/2026:19:03:49 +0700] "GET /wp-content/themes/hello-elementor/js/hide-tab-script.js?ver=1.0.0 HTTP/2" 404 37489 "https://test2.proid.vn/?my-pro-id=proideefb94b2" "Mozilla/5.0 (Linux; Android 10; K) AppleWebKit/537.36 (KHTML, like Gecko) Chrome/146.0.0.0 Mobile Safari/537.36"
103.200.23.149 - - [18/Mar/2026:19:03:49 +0700] "GET /wp-admin/admin-ajax.php?action=wordfence_doScan&isFork=1&scanMode=highsensitivity&cronKey=0fc79ecc43b0bce4f5ae3f732b5b1bfe&signature=6c8d5d6be8be7c3d2a206cd7511e9de6c223634b775df27846f5a8cdf34a213c HTTP/1.1" 200 0 "-" "WordPress/6.9.4; https://test2.proid.vn"
103.200.23.149 - - [18/Mar/2026:19:04:39 +0700] "POST /wp-cron.php?doing_wp_cron=1773835479.4337270259857177734375 HTTP/1.1" 200 0 "-" "WordPress/6.9.4; https://test2.proid.vn"
103.200.23.149 - - [18/Mar/2026:19:04:38 +0700] "GET /wp-admin/admin-ajax.php?action=wordfence_doScan&isFork=1&scanMode=highsensitivity&cronKey=c5c66fa230490ebdfc9533d05e0902b7&signature=0ac953cdec65875cd688c322f989a869077eed579f3fb0b4ec148134f50761e3 HTTP/1.1" 200 0 "-" "WordPress/6.9.4; https://test2.proid.vn"
103.200.23.149 - - [18/Mar/2026:19:05:14 +0700] "POST /wp-cron.php?doing_wp_cron=1773835514.2543399333953857421875 HTTP/1.1" 200 0 "-" "WordPress/6.9.4; https://test2.proid.vn"
113.178.44.24 - - [18/Mar/2026:19:05:10 +0700] "POST /wp-admin/admin-ajax.php HTTP/2" 200 67 "https://test2.proid.vn/wp-admin/admin.php?action=installer&_wpnonce=f9d4ba3e66&page=duplicator-pro-tools&tab=diagnostics&subtab=diagnosticsdiagnostic" "Mozilla/5.0 (Windows NT 10.0; Win64; x64) AppleWebKit/537.36 (KHTML, like Gecko) Chrome/146.0.0.0 Safari/537.36"
113.178.44.24 - - [18/Mar/2026:19:05:14 +0700] "POST /wp-admin/admin-ajax.php HTTP/2" 200 31 "https://test2.proid.vn/wp-admin/admin.php?action=installer&_wpnonce=f9d4ba3e66&page=duplicator-pro-tools&tab=diagnostics&subtab=diagnosticsdiagnostic" "Mozilla/5.0 (Windows NT 10.0; Win64; x64) AppleWebKit/537.36 (KHTML, like Gecko) Chrome/146.0.0.0 Safari/537.36"
103.200.23.149 - - [18/Mar/2026:19:05:28 +0700] "POST /wp-cron.php?doing_wp_cron=1773835528.3662509918212890625000 HTTP/1.1" 200 0 "-" "WordPress/6.9.4; https://test2.proid.vn"
103.200.23.149 - - [18/Mar/2026:19:05:27 +0700] "GET /wp-admin/admin-ajax.php?action=wordfence_doScan&isFork=1&scanMode=highsensitivity&cronKey=3d0c79794b0b96adc12fb168f0026a46&signature=0408f5d0114387f4b6af4f134436ceb4d59a4aa64508c999d7373f128ce13bc7 HTTP/1.1" 200 0 "-" "WordPress/6.9.4; https://test2.proid.vn"
103.200.23.149 - - [18/Mar/2026:19:06:16 +0700] "GET /wp-admin/admin-ajax.php?action=wordfence_doScan&isFork=1&scanMode=highsensitivity&cronKey=813d0c427062565a334db88c01a63a3d&signature=947117bff7d43830cf6a166b5bede47ae4d889f77e7ef5d8736f4adc13fcdaa9 HTTP/1.1" 200 0 "-" "WordPress/6.9.4; https://test2.proid.vn"
103.200.23.149 - - [18/Mar/2026:19:07:07 +0700] "POST /wp-cron.php?doing_wp_cron=1773835627.4364058971405029296875 HTTP/1.1" 200 0 "-" "WordPress/6.9.4; https://test2.proid.vn"
113.178.44.24 - - [18/Mar/2026:19:07:11 +0700] "POST /wp-admin/admin-ajax.php HTTP/2" 200 67 "https://test2.proid.vn/wp-admin/admin.php?action=installer&_wpnonce=f9d4ba3e66&page=duplicator-pro-tools&tab=diagnostics&subtab=diagnosticsdiagnostic" "Mozilla/5.0 (Windows NT 10.0; Win64; x64) AppleWebKit/537.36 (KHTML, like Gecko) Chrome/146.0.0.0 Safari/537.36"
103.200.23.149 - - [18/Mar/2026:19:07:14 +0700] "POST /wp-cron.php?doing_wp_cron=1773835634.3407421112060546875000 HTTP/1.1" 200 0 "-" "WordPress/6.9.4; https://test2.proid.vn"
103.200.23.149 - - [18/Mar/2026:19:07:06 +0700] "GET /wp-admin/admin-ajax.php?action=wordfence_doScan&isFork=1&scanMode=highsensitivity&cronKey=6aaf00ec36e1a20f86cf5fd8b8e1c41e&signature=aa60baa9925fb7d04e1d9cf9b59e1d1a4d82039809f6fe40b2f8b735b73eb43d HTTP/1.1" 200 0 "-" "WordPress/6.9.4; https://test2.proid.vn"
113.178.44.24 - - [18/Mar/2026:19:07:14 +0700] "POST /wp-admin/admin-ajax.php HTTP/2" 200 31 "https://test2.proid.vn/wp-admin/admin.php?action=installer&_wpnonce=f9d4ba3e66&page=duplicator-pro-tools&tab=diagnostics&subtab=diagnosticsdiagnostic" "Mozilla/5.0 (Windows NT 10.0; Win64; x64) AppleWebKit/537.36 (KHTML, like Gecko) Chrome/146.0.0.0 Safari/537.36"
103.200.23.149 - - [18/Mar/2026:19:07:57 +0700] "POST /wp-cron.php?doing_wp_cron=1773835677.3865621089935302734375 HTTP/1.1" 200 0 "-" "WordPress/6.9.4; https://test2.proid.vn"
103.200.23.149 - - [18/Mar/2026:19:07:56 +0700] "GET /wp-admin/admin-ajax.php?action=wordfence_doScan&isFork=1&scanMode=highsensitivity&cronKey=d4387eed73fea3680b4b39a9fb65cd35&signature=225253e9ee7f21901b896af501e6e4587866af14fe94965bdfc9c8a20565f644 HTTP/1.1" 200 0 "-" "WordPress/6.9.4; https://test2.proid.vn"
103.200.23.149 - - [18/Mar/2026:19:08:48 +0700] "POST /wp-cron.php?doing_wp_cron=1773835728.3570370674133300781250 HTTP/1.1" 200 0 "-" "WordPress/6.9.4; https://test2.proid.vn"
103.200.23.149 - - [18/Mar/2026:19:08:47 +0700] "GET /wp-admin/admin-ajax.php?action=wordfence_doScan&isFork=1&scanMode=highsensitivity&cronKey=11231b0e875251284e547673176ec0af&signature=01712b5f743a2d339bd64b1591f85589abc313bfde40ffee726eaca7629ae481 HTTP/1.1" 200 0 "-" "WordPress/6.9.4; https://test2.proid.vn"
113.178.44.24 - - [18/Mar/2026:19:09:12 +0700] "POST /wp-admin/admin-ajax.php HTTP/2" 200 67 "https://test2.proid.vn/wp-admin/admin.php?action=installer&_wpnonce=f9d4ba3e66&page=duplicator-pro-tools&tab=diagnostics&subtab=diagnosticsdiagnostic" "Mozilla/5.0 (Windows NT 10.0; Win64; x64) AppleWebKit/537.36 (KHTML, like Gecko) Chrome/146.0.0.0 Safari/537.36"
103.200.23.149 - - [18/Mar/2026:19:09:15 +0700] "POST /wp-cron.php?doing_wp_cron=1773835755.1192579269409179687500 HTTP/1.1" 200 0 "-" "WordPress/6.9.4; https://test2.proid.vn"
113.178.44.24 - - [18/Mar/2026:19:09:15 +0700] "POST /wp-admin/admin-ajax.php HTTP/2" 200 31 "https://test2.proid.vn/wp-admin/admin.php?action=installer&_wpnonce=f9d4ba3e66&page=duplicator-pro-tools&tab=diagnostics&subtab=diagnosticsdiagnostic" "Mozilla/5.0 (Windows NT 10.0; Win64; x64) AppleWebKit/537.36 (KHTML, like Gecko) Chrome/146.0.0.0 Safari/537.36"
103.200.23.149 - - [18/Mar/2026:19:09:38 +0700] "POST /wp-cron.php?doing_wp_cron=1773835778.3598549365997314453125 HTTP/1.1" 200 0 "-" "WordPress/6.9.4; https://test2.proid.vn"
103.200.23.149 - - [18/Mar/2026:19:09:37 +0700] "GET /wp-admin/admin-ajax.php?action=wordfence_doScan&isFork=1&scanMode=highsensitivity&cronKey=07bb789e5d6de025630cba08b007f890&signature=7933d9c173cea9070735b468c8ccddbdbdaf861c8e2f8baa996822f84e91cfac HTTP/1.1" 200 0 "-" "WordPress/6.9.4; https://test2.proid.vn"
103.200.23.149 - - [18/Mar/2026:19:10:26 +0700] "GET /wp-admin/admin-ajax.php?action=wordfence_doScan&isFork=1&scanMode=highsensitivity&cronKey=ff669685f7106bc826b39bbf8bd8964a&signature=e351aa4391b6a819d378019619c6d5ea1760eb3a91e71748393e643c91750a8d HTTP/1.1" 200 0 "-" "WordPress/6.9.4; https://test2.proid.vn"
103.200.23.149 - - [18/Mar/2026:19:11:16 +0700] "POST /wp-cron.php?doing_wp_cron=1773835876.9344730377197265625000 HTTP/1.1" 200 0 "-" "WordPress/6.9.4; https://test2.proid.vn"
113.178.44.24 - - [18/Mar/2026:19:11:13 +0700] "POST /wp-admin/admin-ajax.php HTTP/2" 200 67 "https://test2.proid.vn/wp-admin/admin.php?action=installer&_wpnonce=f9d4ba3e66&page=duplicator-pro-tools&tab=diagnostics&subtab=diagnosticsdiagnostic" "Mozilla/5.0 (Windows NT 10.0; Win64; x64) AppleWebKit/537.36 (KHTML, like Gecko) Chrome/146.0.0.0 Safari/537.36"
103.200.23.149 - - [18/Mar/2026:19:11:17 +0700] "POST /wp-cron.php?doing_wp_cron=1773835877.3450679779052734375000 HTTP/1.1" 200 0 "-" "WordPress/6.9.4; https://test2.proid.vn"
113.178.44.24 - - [18/Mar/2026:19:11:17 +0700] "POST /wp-admin/admin-ajax.php HTTP/2" 200 31 "https://test2.proid.vn/wp-admin/admin.php?action=installer&_wpnonce=f9d4ba3e66&page=duplicator-pro-tools&tab=diagnostics&subtab=diagnosticsdiagnostic" "Mozilla/5.0 (Windows NT 10.0; Win64; x64) AppleWebKit/537.36 (KHTML, like Gecko) Chrome/146.0.0.0 Safari/537.36"
103.200.23.149 - - [18/Mar/2026:19:11:16 +0700] "GET /wp-admin/admin-ajax.php?action=wordfence_doScan&isFork=1&scanMode=highsensitivity&cronKey=b176663b8405613c3d49eb565c65d279&signature=fe89e5279a41192b0b1981bafd7ef4732263b349ab49df7bf15ce464148cd2b2 HTTP/1.1" 200 0 "-" "WordPress/6.9.4; https://test2.proid.vn"
103.200.23.149 - - [18/Mar/2026:19:12:06 +0700] "POST /wp-cron.php?doing_wp_cron=1773835926.3538150787353515625000 HTTP/1.1" 200 0 "-" "WordPress/6.9.4; https://test2.proid.vn"
103.200.23.149 - - [18/Mar/2026:19:12:05 +0700] "GET /wp-admin/admin-ajax.php?action=wordfence_doScan&isFork=1&scanMode=highsensitivity&cronKey=c062bd85381a443d14d63f211db46510&signature=d2a27cdf79ade49983afd45d1c662fbe16ebaaf0b2c5e70eeb0b7894c562feb3 HTTP/1.1" 200 0 "-" "WordPress/6.9.4; https://test2.proid.vn"
103.200.23.149 - - [18/Mar/2026:19:12:57 +0700] "POST /wp-cron.php?doing_wp_cron=1773835977.3447101116180419921875 HTTP/1.1" 200 0 "-" "WordPress/6.9.4; https://test2.proid.vn"
103.200.23.149 - - [18/Mar/2026:19:12:56 +0700] "GET /wp-admin/admin-ajax.php?action=wordfence_doScan&isFork=1&scanMode=highsensitivity&cronKey=94576aa0c7ab374766b9167724e3ab26&signature=8d0729431072d5f0723f3d4d98fc23ba0c40efc23d5688e59ae68b35b17e39d3 HTTP/1.1" 200 0 "-" "WordPress/6.9.4; https://test2.proid.vn"
113.178.44.24 - - [18/Mar/2026:19:13:14 +0700] "POST /wp-admin/admin-ajax.php HTTP/2" 200 67 "https://test2.proid.vn/wp-admin/admin.php?action=installer&_wpnonce=f9d4ba3e66&page=duplicator-pro-tools&tab=diagnostics&subtab=diagnosticsdiagnostic" "Mozilla/5.0 (Windows NT 10.0; Win64; x64) AppleWebKit/537.36 (KHTML, like Gecko) Chrome/146.0.0.0 Safari/537.36"
103.200.23.149 - - [18/Mar/2026:19:13:17 +0700] "POST /wp-cron.php?doing_wp_cron=1773835997.0485250949859619140625 HTTP/1.1" 200 0 "-" "WordPress/6.9.4; https://test2.proid.vn"
113.178.44.24 - - [18/Mar/2026:19:13:17 +0700] "POST /wp-admin/admin-ajax.php HTTP/2" 200 31 "https://test2.proid.vn/wp-admin/admin.php?action=installer&_wpnonce=f9d4ba3e66&page=duplicator-pro-tools&tab=diagnostics&subtab=diagnosticsdiagnostic" "Mozilla/5.0 (Windows NT 10.0; Win64; x64) AppleWebKit/537.36 (KHTML, like Gecko) Chrome/146.0.0.0 Safari/537.36"
103.200.23.149 - - [18/Mar/2026:19:13:46 +0700] "POST /wp-cron.php?doing_wp_cron=1773836026.3632729053497314453125 HTTP/1.1" 200 0 "-" "WordPress/6.9.4; https://test2.proid.vn"
103.200.23.149 - - [18/Mar/2026:19:13:45 +0700] "GET /wp-admin/admin-ajax.php?action=wordfence_doScan&isFork=1&scanMode=highsensitivity&cronKey=ae864b2b75249dccd2726e8fe4623f5f&signature=755b3c8b65517f7f50581e2599756c287fbeb0a456d24bcdb9a1d8dbc9c09c8e HTTP/1.1" 200 0 "-" "WordPress/6.9.4; https://test2.proid.vn"
103.200.23.149 - - [18/Mar/2026:19:14:35 +0700] "POST /wp-cron.php?doing_wp_cron=1773836075.3857450485229492187500 HTTP/1.1" 200 0 "-" "WordPress/6.9.4; https://test2.proid.vn"
103.200.23.149 - - [18/Mar/2026:19:14:34 +0700] "GET /wp-admin/admin-ajax.php?action=wordfence_doScan&isFork=1&scanMode=highsensitivity&cronKey=d4f48696e7d7c6ed59755d368909f973&signature=e9189c004016a4cac12a22cd8113da08bd9c0112f0b5e674f17dbd4a381682e9 HTTP/1.1" 200 0 "-" "WordPress/6.9.4; https://test2.proid.vn"
113.178.44.24 - - [18/Mar/2026:19:15:15 +0700] "POST /wp-admin/admin-ajax.php HTTP/2" 200 67 "https://test2.proid.vn/wp-admin/admin.php?action=installer&_wpnonce=f9d4ba3e66&page=duplicator-pro-tools&tab=diagnostics&subtab=diagnosticsdiagnostic" "Mozilla/5.0 (Windows NT 10.0; Win64; x64) AppleWebKit/537.36 (KHTML, like Gecko) Chrome/146.0.0.0 Safari/537.36"
103.200.23.149 - - [18/Mar/2026:19:15:18 +0700] "POST /wp-cron.php?doing_wp_cron=1773836118.7488930225372314453125 HTTP/1.1" 200 0 "-" "WordPress/6.9.4; https://test2.proid.vn"
103.200.23.149 - - [18/Mar/2026:19:15:24 +0700] "POST /wp-cron.php?doing_wp_cron=1773836124.4531428813934326171875 HTTP/1.1" 200 0 "-" "WordPress/6.9.4; https://test2.proid.vn"
113.178.44.24 - - [18/Mar/2026:19:15:18 +0700] "POST /wp-admin/admin-ajax.php HTTP/2" 200 31 "https://test2.proid.vn/wp-admin/admin.php?action=installer&_wpnonce=f9d4ba3e66&page=duplicator-pro-tools&tab=diagnostics&subtab=diagnosticsdiagnostic" "Mozilla/5.0 (Windows NT 10.0; Win64; x64) AppleWebKit/537.36 (KHTML, like Gecko) Chrome/146.0.0.0 Safari/537.36"
103.200.23.149 - - [18/Mar/2026:19:15:23 +0700] "GET /wp-admin/admin-ajax.php?action=wordfence_doScan&isFork=1&scanMode=highsensitivity&cronKey=8fd8de8ab2a3e787eaa8c56172504ab4&signature=48bf2a613b971eeb3d0a95c5d46830e6c4b17d8bfd736702f44e053cd2a6d9af HTTP/1.1" 200 0 "-" "WordPress/6.9.4; https://test2.proid.vn"
103.200.23.149 - - [18/Mar/2026:19:16:12 +0700] "GET /wp-admin/admin-ajax.php?action=wordfence_doScan&isFork=1&scanMode=highsensitivity&cronKey=549579688b2a97e8e266907f2e1c3096&signature=9a5816ce6d97f05fec355884212d9e46591355767578476835ad9fa437ebfc78 HTTP/1.1" 200 0 "-" "WordPress/6.9.4; https://test2.proid.vn"
103.200.23.149 - - [18/Mar/2026:19:17:03 +0700] "POST /wp-cron.php?doing_wp_cron=1773836223.3402490615844726562500 HTTP/1.1" 200 0 "-" "WordPress/6.9.4; https://test2.proid.vn"
103.200.23.149 - - [18/Mar/2026:19:17:02 +0700] "GET /wp-admin/admin-ajax.php?action=wordfence_doScan&isFork=1&scanMode=highsensitivity&cronKey=3ac4ee59385f1b391b1eeaeb66bdc8aa&signature=d446f925d27ef11b5128442c9b609bbf541b9b58b3e74841b9f00ee7fb34aea3 HTTP/1.1" 200 0 "-" "WordPress/6.9.4; https://test2.proid.vn"
113.178.44.24 - - [18/Mar/2026:19:17:16 +0700] "POST /wp-admin/admin-ajax.php HTTP/2" 200 67 "https://test2.proid.vn/wp-admin/admin.php?action=installer&_wpnonce=f9d4ba3e66&page=duplicator-pro-tools&tab=diagnostics&subtab=diagnosticsdiagnostic" "Mozilla/5.0 (Windows NT 10.0; Win64; x64) AppleWebKit/537.36 (KHTML, like Gecko) Chrome/146.0.0.0 Safari/537.36"
103.200.23.149 - - [18/Mar/2026:19:17:19 +0700] "POST /wp-cron.php?doing_wp_cron=1773836239.3412709236145019531250 HTTP/1.1" 200 0 "-" "WordPress/6.9.4; https://test2.proid.vn"
113.178.44.24 - - [18/Mar/2026:19:17:19 +0700] "POST /wp-admin/admin-ajax.php HTTP/2" 200 31 "https://test2.proid.vn/wp-admin/admin.php?action=installer&_wpnonce=f9d4ba3e66&page=duplicator-pro-tools&tab=diagnostics&subtab=diagnosticsdiagnostic" "Mozilla/5.0 (Windows NT 10.0; Win64; x64) AppleWebKit/537.36 (KHTML, like Gecko) Chrome/146.0.0.0 Safari/537.36"
103.200.23.149 - - [18/Mar/2026:19:17:52 +0700] "POST /wp-cron.php?doing_wp_cron=1773836272.3759570121765136718750 HTTP/1.1" 200 0 "-" "WordPress/6.9.4; https://test2.proid.vn"
103.200.23.149 - - [18/Mar/2026:19:17:51 +0700] "GET /wp-admin/admin-ajax.php?action=wordfence_doScan&isFork=1&scanMode=highsensitivity&cronKey=ea9e2579db4a272cb0e1b0ee1bb558ef&signature=9337a82b12e0d549d0064324aa1f841b0e17e33b38586dc67a8f283145516d80 HTTP/1.1" 200 0 "-" "WordPress/6.9.4; https://test2.proid.vn"
103.200.23.149 - - [18/Mar/2026:19:18:41 +0700] "POST /wp-cron.php?doing_wp_cron=1773836321.3534619808197021484375 HTTP/1.1" 200 0 "-" "WordPress/6.9.4; https://test2.proid.vn"
103.200.23.149 - - [18/Mar/2026:19:18:40 +0700] "GET /wp-admin/admin-ajax.php?action=wordfence_doScan&isFork=1&scanMode=highsensitivity&cronKey=135f4c852c73220a2f32b63b0f0d0ed7&signature=a6bf799a140fb25dae95dd78cedb7cd55cf627bde5391f47a9dfc50901f5c700 HTTP/1.1" 200 0 "-" "WordPress/6.9.4; https://test2.proid.vn"
103.200.23.149 - - [18/Mar/2026:19:19:19 +0700] "POST /wp-cron.php?doing_wp_cron=1773836359.9758241176605224609375 HTTP/1.1" 200 0 "-" "WordPress/6.9.4; https://test2.proid.vn"
113.178.44.24 - - [18/Mar/2026:19:19:17 +0700] "POST /wp-admin/admin-ajax.php HTTP/2" 200 67 "https://test2.proid.vn/wp-admin/admin.php?action=installer&_wpnonce=f9d4ba3e66&page=duplicator-pro-tools&tab=diagnostics&subtab=diagnosticsdiagnostic" "Mozilla/5.0 (Windows NT 10.0; Win64; x64) AppleWebKit/537.36 (KHTML, like Gecko) Chrome/146.0.0.0 Safari/537.36"
113.178.44.24 - - [18/Mar/2026:19:19:20 +0700] "POST /wp-admin/admin-ajax.php HTTP/2" 200 31 "https://test2.proid.vn/wp-admin/admin.php?action=installer&_wpnonce=f9d4ba3e66&page=duplicator-pro-tools&tab=diagnostics&subtab=diagnosticsdiagnostic" "Mozilla/5.0 (Windows NT 10.0; Win64; x64) AppleWebKit/537.36 (KHTML, like Gecko) Chrome/146.0.0.0 Safari/537.36"
103.200.23.149 - - [18/Mar/2026:19:19:31 +0700] "POST /wp-cron.php?doing_wp_cron=1773836371.3345589637756347656250 HTTP/1.1" 200 0 "-" "WordPress/6.9.4; https://test2.proid.vn"
103.200.23.149 - - [18/Mar/2026:19:19:30 +0700] "GET /wp-admin/admin-ajax.php?action=wordfence_doScan&isFork=1&scanMode=highsensitivity&cronKey=5f7d40e683d9da945ea5368fda8e9d76&signature=ac30dc64a3201647098f5fd461ec9a23ca70fb61b3c5a2e22e6cbb9fde018426 HTTP/1.1" 200 0 "-" "WordPress/6.9.4; https://test2.proid.vn"
103.200.23.149 - - [18/Mar/2026:19:20:19 +0700] "GET /wp-admin/admin-ajax.php?action=wordfence_doScan&isFork=1&scanMode=highsensitivity&cronKey=fb2a8cef4f6c524e8668306f5c9ad131&signature=d2996a3e0019e9ba17a8f9b99f22243007f5cb291cac8569f83cf43a19a9d242 HTTP/1.1" 200 0 "-" "WordPress/6.9.4; https://test2.proid.vn"
103.200.23.149 - - [18/Mar/2026:19:21:09 +0700] "POST /wp-cron.php?doing_wp_cron=1773836469.3621690273284912109375 HTTP/1.1" 200 0 "-" "WordPress/6.9.4; https://test2.proid.vn"
103.200.23.149 - - [18/Mar/2026:19:21:08 +0700] "GET /wp-admin/admin-ajax.php?action=wordfence_doScan&isFork=1&scanMode=highsensitivity&cronKey=4a4a3a264a80d48bbc57c753ea3d4eb9&signature=c2a96355b71ec2081e2de34f9b2e5de44be3e2c141f5ac46ed835921f7ab8128 HTTP/1.1" 200 0 "-" "WordPress/6.9.4; https://test2.proid.vn"
103.200.23.149 - - [18/Mar/2026:19:21:21 +0700] "POST /wp-cron.php?doing_wp_cron=1773836481.3718290328979492187500 HTTP/1.1" 200 0 "-" "WordPress/6.9.4; https://test2.proid.vn"
113.178.44.24 - - [18/Mar/2026:19:21:18 +0700] "POST /wp-admin/admin-ajax.php HTTP/2" 200 67 "https://test2.proid.vn/wp-admin/admin.php?action=installer&_wpnonce=f9d4ba3e66&page=duplicator-pro-tools&tab=diagnostics&subtab=diagnosticsdiagnostic" "Mozilla/5.0 (Windows NT 10.0; Win64; x64) AppleWebKit/537.36 (KHTML, like Gecko) Chrome/146.0.0.0 Safari/537.36"
113.178.44.24 - - [18/Mar/2026:19:21:21 +0700] "POST /wp-admin/admin-ajax.php HTTP/2" 200 31 "https://test2.proid.vn/wp-admin/admin.php?action=installer&_wpnonce=f9d4ba3e66&page=duplicator-pro-tools&tab=diagnostics&subtab=diagnosticsdiagnostic" "Mozilla/5.0 (Windows NT 10.0; Win64; x64) AppleWebKit/537.36 (KHTML, like Gecko) Chrome/146.0.0.0 Safari/537.36"
103.200.23.149 - - [18/Mar/2026:19:21:58 +0700] "POST /wp-cron.php?doing_wp_cron=1773836518.3840720653533935546875 HTTP/1.1" 200 0 "-" "WordPress/6.9.4; https://test2.proid.vn"
103.200.23.149 - - [18/Mar/2026:19:21:57 +0700] "GET /wp-admin/admin-ajax.php?action=wordfence_doScan&isFork=1&scanMode=highsensitivity&cronKey=a3f54c593c1a7871101d62fe9bc58391&signature=84b82c3b693a1cd9574bb49c1c0ce614fc2aaa8832d079c64210628b29fa1360 HTTP/1.1" 200 0 "-" "WordPress/6.9.4; https://test2.proid.vn"
103.200.23.149 - - [18/Mar/2026:19:22:48 +0700] "POST /wp-cron.php?doing_wp_cron=1773836568.3633561134338378906250 HTTP/1.1" 200 0 "-" "WordPress/6.9.4; https://test2.proid.vn"
103.200.23.149 - - [18/Mar/2026:19:22:47 +0700] "GET /wp-admin/admin-ajax.php?action=wordfence_doScan&isFork=1&scanMode=highsensitivity&cronKey=ba69f811c669a0d28c5dee156e4c2b00&signature=f92504294054018c0f3c0e9df0df87d67ca10f277abca026a1490fc8aa405c68 HTTP/1.1" 200 0 "-" "WordPress/6.9.4; https://test2.proid.vn"
103.200.23.149 - - [18/Mar/2026:19:23:22 +0700] "POST /wp-cron.php?doing_wp_cron=1773836602.8550329208374023437500 HTTP/1.1" 200 0 "-" "WordPress/6.9.4; https://test2.proid.vn"
113.178.44.24 - - [18/Mar/2026:19:23:19 +0700] "POST /wp-admin/admin-ajax.php HTTP/2" 200 67 "https://test2.proid.vn/wp-admin/admin.php?action=installer&_wpnonce=f9d4ba3e66&page=duplicator-pro-tools&tab=diagnostics&subtab=diagnosticsdiagnostic" "Mozilla/5.0 (Windows NT 10.0; Win64; x64) AppleWebKit/537.36 (KHTML, like Gecko) Chrome/146.0.0.0 Safari/537.36"
113.178.44.24 - - [18/Mar/2026:19:23:22 +0700] "POST /wp-admin/admin-ajax.php HTTP/2" 200 31 "https://test2.proid.vn/wp-admin/admin.php?action=installer&_wpnonce=f9d4ba3e66&page=duplicator-pro-tools&tab=diagnostics&subtab=diagnosticsdiagnostic" "Mozilla/5.0 (Windows NT 10.0; Win64; x64) AppleWebKit/537.36 (KHTML, like Gecko) Chrome/146.0.0.0 Safari/537.36"
103.200.23.149 - - [18/Mar/2026:19:23:37 +0700] "POST /wp-cron.php?doing_wp_cron=1773836617.3531439304351806640625 HTTP/1.1" 200 0 "-" "WordPress/6.9.4; https://test2.proid.vn"
103.200.23.149 - - [18/Mar/2026:19:23:36 +0700] "GET /wp-admin/admin-ajax.php?action=wordfence_doScan&isFork=1&scanMode=highsensitivity&cronKey=0c5a890c56736fc1ffae1b63fe7dc07f&signature=31db3fa4304f70a8c0d032948d6b5a6b6ab241e7f24c9ca55f3c241196df861b HTTP/1.1" 200 0 "-" "WordPress/6.9.4; https://test2.proid.vn"
103.200.23.149 - - [18/Mar/2026:19:24:26 +0700] "GET /wp-admin/admin-ajax.php?action=wordfence_doScan&isFork=1&scanMode=highsensitivity&cronKey=1db8f75a538a5e50f8212795b4f86ca3&signature=6dac869bcd3c917d0c13af55ecff58295c3e5783389d7375130c39ac34cf14fc HTTP/1.1" 200 0 "-" "WordPress/6.9.4; https://test2.proid.vn"
103.200.23.149 - - [18/Mar/2026:19:25:16 +0700] "POST /wp-cron.php?doing_wp_cron=1773836716.3919990062713623046875 HTTP/1.1" 200 0 "-" "WordPress/6.9.4; https://test2.proid.vn"
113.178.44.24 - - [18/Mar/2026:19:25:20 +0700] "POST /wp-admin/admin-ajax.php HTTP/2" 200 67 "https://test2.proid.vn/wp-admin/admin.php?action=installer&_wpnonce=f9d4ba3e66&page=duplicator-pro-tools&tab=diagnostics&subtab=diagnosticsdiagnostic" "Mozilla/5.0 (Windows NT 10.0; Win64; x64) AppleWebKit/537.36 (KHTML, like Gecko) Chrome/146.0.0.0 Safari/537.36"
103.200.23.149 - - [18/Mar/2026:19:25:15 +0700] "GET /wp-admin/admin-ajax.php?action=wordfence_doScan&isFork=1&scanMode=highsensitivity&cronKey=a970938c1eb252f496e0e2e84f1afac5&signature=100da3406e245061b6f9057c1de3593ae35d205802a2384f85259ac76f5d02e3 HTTP/1.1" 200 0 "-" "WordPress/6.9.4; https://test2.proid.vn"
113.178.44.24 - - [18/Mar/2026:19:25:23 +0700] "POST /wp-admin/admin-ajax.php HTTP/2" 200 31 "https://test2.proid.vn/wp-admin/admin.php?action=installer&_wpnonce=f9d4ba3e66&page=duplicator-pro-tools&tab=diagnostics&subtab=diagnosticsdiagnostic" "Mozilla/5.0 (Windows NT 10.0; Win64; x64) AppleWebKit/537.36 (KHTML, like Gecko) Chrome/146.0.0.0 Safari/537.36"
103.200.23.149 - - [18/Mar/2026:19:26:06 +0700] "POST /wp-cron.php?doing_wp_cron=1773836766.3842830657958984375000 HTTP/1.1" 200 0 "-" "WordPress/6.9.4; https://test2.proid.vn"
103.200.23.149 - - [18/Mar/2026:19:26:05 +0700] "GET /wp-admin/admin-ajax.php?action=wordfence_doScan&isFork=1&scanMode=highsensitivity&cronKey=9d2ea5629ff5497dc7c1a12e5191abb8&signature=577bd8746b68c848d67c28ec366b6ff40cd5f5eb63b68e97b8128466561da865 HTTP/1.1" 200 0 "-" "WordPress/6.9.4; https://test2.proid.vn"
103.200.23.149 - - [18/Mar/2026:19:26:56 +0700] "POST /wp-cron.php?doing_wp_cron=1773836816.3578488826751708984375 HTTP/1.1" 200 0 "-" "WordPress/6.9.4; https://test2.proid.vn"
103.200.23.149 - - [18/Mar/2026:19:26:55 +0700] "GET /wp-admin/admin-ajax.php?action=wordfence_doScan&isFork=1&scanMode=highsensitivity&cronKey=bdda7a2e3ddafae41a1644766e358b34&signature=b72cf680d74bb4980bd530749ae74722f08a9a97aa4a6395e7612fc6ec0fb496 HTTP/1.1" 200 0 "-" "WordPress/6.9.4; https://test2.proid.vn"
103.200.23.149 - - [18/Mar/2026:19:27:24 +0700] "POST /wp-cron.php?doing_wp_cron=1773836844.2385640144348144531250 HTTP/1.1" 200 0 "-" "WordPress/6.9.4; https://test2.proid.vn"
113.178.44.24 - - [18/Mar/2026:19:27:21 +0700] "POST /wp-admin/admin-ajax.php HTTP/2" 200 67 "https://test2.proid.vn/wp-admin/admin.php?action=installer&_wpnonce=f9d4ba3e66&page=duplicator-pro-tools&tab=diagnostics&subtab=diagnosticsdiagnostic" "Mozilla/5.0 (Windows NT 10.0; Win64; x64) AppleWebKit/537.36 (KHTML, like Gecko) Chrome/146.0.0.0 Safari/537.36"
113.178.44.24 - - [18/Mar/2026:19:27:24 +0700] "POST /wp-admin/admin-ajax.php HTTP/2" 200 31 "https://test2.proid.vn/wp-admin/admin.php?action=installer&_wpnonce=f9d4ba3e66&page=duplicator-pro-tools&tab=diagnostics&subtab=diagnosticsdiagnostic" "Mozilla/5.0 (Windows NT 10.0; Win64; x64) AppleWebKit/537.36 (KHTML, like Gecko) Chrome/146.0.0.0 Safari/537.36"
103.200.23.149 - - [18/Mar/2026:19:27:45 +0700] "POST /wp-cron.php?doing_wp_cron=1773836865.3582119941711425781250 HTTP/1.1" 200 0 "-" "WordPress/6.9.4; https://test2.proid.vn"
103.200.23.149 - - [18/Mar/2026:19:27:44 +0700] "GET /wp-admin/admin-ajax.php?action=wordfence_doScan&isFork=1&scanMode=highsensitivity&cronKey=afdb286d99ab6e45b3c3097278178a05&signature=180bff3cf3cf9fe235db57080e58ff241d4c62bcc5f306c6425f80f5cbe7c3b6 HTTP/1.1" 200 0 "-" "WordPress/6.9.4; https://test2.proid.vn"
103.200.23.149 - - [18/Mar/2026:19:28:33 +0700] "GET /wp-admin/admin-ajax.php?action=wordfence_doScan&isFork=1&scanMode=highsensitivity&cronKey=dcb0237c0665a19b32eb857fd13cf4c6&signature=8edb5d1ff89dd7ed41cefcad6ee5182e0c7bda075473254b3903969f5b64a8c4 HTTP/1.1" 200 0 "-" "WordPress/6.9.4; https://test2.proid.vn"
103.200.23.149 - - [18/Mar/2026:19:29:23 +0700] "POST /wp-cron.php?doing_wp_cron=1773836963.3908400535583496093750 HTTP/1.1" 200 0 "-" "WordPress/6.9.4; https://test2.proid.vn"
103.200.23.149 - - [18/Mar/2026:19:29:25 +0700] "POST /wp-cron.php?doing_wp_cron=1773836965.6813399791717529296875 HTTP/1.1" 200 0 "-" "WordPress/6.9.4; https://test2.proid.vn"
113.178.44.24 - - [18/Mar/2026:19:29:22 +0700] "POST /wp-admin/admin-ajax.php HTTP/2" 200 67 "https://test2.proid.vn/wp-admin/admin.php?action=installer&_wpnonce=f9d4ba3e66&page=duplicator-pro-tools&tab=diagnostics&subtab=diagnosticsdiagnostic" "Mozilla/5.0 (Windows NT 10.0; Win64; x64) AppleWebKit/537.36 (KHTML, like Gecko) Chrome/146.0.0.0 Safari/537.36"
113.178.44.24 - - [18/Mar/2026:19:29:25 +0700] "POST /wp-admin/admin-ajax.php HTTP/2" 200 31 "https://test2.proid.vn/wp-admin/admin.php?action=installer&_wpnonce=f9d4ba3e66&page=duplicator-pro-tools&tab=diagnostics&subtab=diagnosticsdiagnostic" "Mozilla/5.0 (Windows NT 10.0; Win64; x64) AppleWebKit/537.36 (KHTML, like Gecko) Chrome/146.0.0.0 Safari/537.36"
103.200.23.149 - - [18/Mar/2026:19:29:22 +0700] "GET /wp-admin/admin-ajax.php?action=wordfence_doScan&isFork=1&scanMode=highsensitivity&cronKey=d28de83ef0caea81b9e76f87d9bfd28b&signature=0d40896f4c1673bbaba75e026bca52153eccf33ca5c9efd663025a354ddfaed8 HTTP/1.1" 200 0 "-" "WordPress/6.9.4; https://test2.proid.vn"
103.200.23.149 - - [18/Mar/2026:19:30:12 +0700] "POST /wp-cron.php?doing_wp_cron=1773837012.3838078975677490234375 HTTP/1.1" 200 0 "-" "WordPress/6.9.4; https://test2.proid.vn"
103.200.23.149 - - [18/Mar/2026:19:30:11 +0700] "GET /wp-admin/admin-ajax.php?action=wordfence_doScan&isFork=1&scanMode=highsensitivity&cronKey=37fa8c9ff61921c75e5bc6450a3f398e&signature=fdfe972d69ce789907633d8f55a08d0f32bcd661dea6451d970f5f07b1321d15 HTTP/1.1" 200 0 "-" "WordPress/6.9.4; https://test2.proid.vn"
103.200.23.149 - - [18/Mar/2026:19:31:01 +0700] "POST /wp-cron.php?doing_wp_cron=1773837061.3650929927825927734375 HTTP/1.1" 200 0 "-" "WordPress/6.9.4; https://test2.proid.vn"
103.200.23.149 - - [18/Mar/2026:19:31:00 +0700] "GET /wp-admin/admin-ajax.php?action=wordfence_doScan&isFork=1&scanMode=highsensitivity&cronKey=4a0aac82e8efc81165a20dcb413c24aa&signature=7de0c823495e2ef0da92efc6fc2ffeb99bad3b70bb3d1adbc2dbbc0111237d31 HTTP/1.1" 200 0 "-" "WordPress/6.9.4; https://test2.proid.vn"
103.200.23.149 - - [18/Mar/2026:19:31:26 +0700] "POST /wp-cron.php?doing_wp_cron=1773837086.9615690708160400390625 HTTP/1.1" 200 0 "-" "WordPress/6.9.4; https://test2.proid.vn"
113.178.44.24 - - [18/Mar/2026:19:31:23 +0700] "POST /wp-admin/admin-ajax.php HTTP/2" 200 67 "https://test2.proid.vn/wp-admin/admin.php?action=installer&_wpnonce=f9d4ba3e66&page=duplicator-pro-tools&tab=diagnostics&subtab=diagnosticsdiagnostic" "Mozilla/5.0 (Windows NT 10.0; Win64; x64) AppleWebKit/537.36 (KHTML, like Gecko) Chrome/146.0.0.0 Safari/537.36"
113.178.44.24 - - [18/Mar/2026:19:31:27 +0700] "POST /wp-admin/admin-ajax.php HTTP/2" 200 31 "https://test2.proid.vn/wp-admin/admin.php?action=installer&_wpnonce=f9d4ba3e66&page=duplicator-pro-tools&tab=diagnostics&subtab=diagnosticsdiagnostic" "Mozilla/5.0 (Windows NT 10.0; Win64; x64) AppleWebKit/537.36 (KHTML, like Gecko) Chrome/146.0.0.0 Safari/537.36"
103.200.23.149 - - [18/Mar/2026:19:31:51 +0700] "POST /wp-cron.php?doing_wp_cron=1773837111.3492529392242431640625 HTTP/1.1" 200 0 "-" "WordPress/6.9.4; https://test2.proid.vn"
103.200.23.149 - - [18/Mar/2026:19:31:50 +0700] "GET /wp-admin/admin-ajax.php?action=wordfence_doScan&isFork=1&scanMode=highsensitivity&cronKey=56b3456f63556920389abe1d20175490&signature=160515a78a5d5b52e29b5a188b4d7d0ca7c6797e24a6f8e646d0f47dda88f658 HTTP/1.1" 200 0 "-" "WordPress/6.9.4; https://test2.proid.vn"
103.200.23.149 - - [18/Mar/2026:19:32:40 +0700] "POST /wp-cron.php?doing_wp_cron=1773837160.3669989109039306640625 HTTP/1.1" 200 0 "-" "WordPress/6.9.4; https://test2.proid.vn"
103.200.23.149 - - [18/Mar/2026:19:32:39 +0700] "GET /wp-admin/admin-ajax.php?action=wordfence_doScan&isFork=1&scanMode=highsensitivity&cronKey=8ff906b3f54951837b9dd8936245f103&signature=391414b8c199b27aac8dc36376a12be1f781c9b0c611f8a0fc3c37bcace60ced HTTP/1.1" 200 0 "-" "WordPress/6.9.4; https://test2.proid.vn"
113.178.44.24 - - [18/Mar/2026:19:33:24 +0700] "POST /wp-admin/admin-ajax.php HTTP/2" 200 67 "https://test2.proid.vn/wp-admin/admin.php?action=installer&_wpnonce=f9d4ba3e66&page=duplicator-pro-tools&tab=diagnostics&subtab=diagnosticsdiagnostic" "Mozilla/5.0 (Windows NT 10.0; Win64; x64) AppleWebKit/537.36 (KHTML, like Gecko) Chrome/146.0.0.0 Safari/537.36"
103.200.23.149 - - [18/Mar/2026:19:33:27 +0700] "POST /wp-cron.php?doing_wp_cron=1773837207.4545331001281738281250 HTTP/1.1" 200 0 "-" "WordPress/6.9.4; https://test2.proid.vn"
113.178.44.24 - - [18/Mar/2026:19:33:27 +0700] "POST /wp-admin/admin-ajax.php HTTP/2" 200 31 "https://test2.proid.vn/wp-admin/admin.php?action=installer&_wpnonce=f9d4ba3e66&page=duplicator-pro-tools&tab=diagnostics&subtab=diagnosticsdiagnostic" "Mozilla/5.0 (Windows NT 10.0; Win64; x64) AppleWebKit/537.36 (KHTML, like Gecko) Chrome/146.0.0.0 Safari/537.36"
103.200.23.149 - - [18/Mar/2026:19:33:28 +0700] "GET /wp-admin/admin-ajax.php?action=wordfence_doScan&isFork=1&scanMode=highsensitivity&cronKey=e2ef326948c4bb05a27071e60dc085b1&signature=a6e5377658d1568e334c61ab99e2e25cc61d10b27755ef663c64ea327c9f503b HTTP/1.1" 200 0 "-" "WordPress/6.9.4; https://test2.proid.vn"
103.200.23.149 - - [18/Mar/2026:19:34:18 +0700] "GET /wp-admin/admin-ajax.php?action=wordfence_doScan&isFork=1&scanMode=highsensitivity&cronKey=feafaf68dd9e54951efaf3b244e178d9&signature=6a4c9b34a07fc8ab9fac115a80919f0b64be4ff964cda0e9d25022d0846305cc HTTP/1.1" 200 0 "-" "WordPress/6.9.4; https://test2.proid.vn"
103.200.23.149 - - [18/Mar/2026:19:35:09 +0700] "POST /wp-cron.php?doing_wp_cron=1773837309.3597440719604492187500 HTTP/1.1" 200 0 "-" "WordPress/6.9.4; https://test2.proid.vn"
103.200.23.149 - - [18/Mar/2026:19:35:08 +0700] "GET /wp-admin/admin-ajax.php?action=wordfence_doScan&isFork=1&scanMode=highsensitivity&cronKey=254134c2d7f008ff96041e5e37789e6c&signature=50573a24046b8567e49b8818e7abdd51af84d4e530eaf057584cd2e50589fde6 HTTP/1.1" 200 0 "-" "WordPress/6.9.4; https://test2.proid.vn"
113.178.44.24 - - [18/Mar/2026:19:35:25 +0700] "POST /wp-admin/admin-ajax.php HTTP/2" 200 67 "https://test2.proid.vn/wp-admin/admin.php?action=installer&_wpnonce=f9d4ba3e66&page=duplicator-pro-tools&tab=diagnostics&subtab=diagnosticsdiagnostic" "Mozilla/5.0 (Windows NT 10.0; Win64; x64) AppleWebKit/537.36 (KHTML, like Gecko) Chrome/146.0.0.0 Safari/537.36"
103.200.23.149 - - [18/Mar/2026:19:35:28 +0700] "POST /wp-cron.php?doing_wp_cron=1773837328.6564838886260986328125 HTTP/1.1" 200 0 "-" "WordPress/6.9.4; https://test2.proid.vn"
113.178.44.24 - - [18/Mar/2026:19:35:28 +0700] "POST /wp-admin/admin-ajax.php HTTP/2" 200 31 "https://test2.proid.vn/wp-admin/admin.php?action=installer&_wpnonce=f9d4ba3e66&page=duplicator-pro-tools&tab=diagnostics&subtab=diagnosticsdiagnostic" "Mozilla/5.0 (Windows NT 10.0; Win64; x64) AppleWebKit/537.36 (KHTML, like Gecko) Chrome/146.0.0.0 Safari/537.36"
103.200.23.149 - - [18/Mar/2026:19:35:58 +0700] "POST /wp-cron.php?doing_wp_cron=1773837358.3467130661010742187500 HTTP/1.1" 200 0 "-" "WordPress/6.9.4; https://test2.proid.vn"
103.200.23.149 - - [18/Mar/2026:19:35:57 +0700] "GET /wp-admin/admin-ajax.php?action=wordfence_doScan&isFork=1&scanMode=highsensitivity&cronKey=39b67e7049b75f9d37e25fc2edce6aa3&signature=085328e3578887bc45b325279d10ca127589ac32ebc7e9843395edfa836b7818 HTTP/1.1" 200 0 "-" "WordPress/6.9.4; https://test2.proid.vn"
103.200.23.149 - - [18/Mar/2026:19:36:47 +0700] "POST /wp-cron.php?doing_wp_cron=1773837407.3426890373229980468750 HTTP/1.1" 200 0 "-" "WordPress/6.9.4; https://test2.proid.vn"
103.200.23.149 - - [18/Mar/2026:19:36:46 +0700] "GET /wp-admin/admin-ajax.php?action=wordfence_doScan&isFork=1&scanMode=highsensitivity&cronKey=10629d6c6abb8657408948aead6af9c6&signature=b495a30b40c0a28ec2dcf6be53d33624b7290cb7b65cbbbe82a525d4f5d2c666 HTTP/1.1" 200 0 "-" "WordPress/6.9.4; https://test2.proid.vn"
103.200.23.149 - - [18/Mar/2026:19:37:30 +0700] "POST /wp-cron.php?doing_wp_cron=1773837450.3114669322967529296875 HTTP/1.1" 200 0 "-" "WordPress/6.9.4; https://test2.proid.vn"
113.178.44.24 - - [18/Mar/2026:19:37:26 +0700] "POST /wp-admin/admin-ajax.php HTTP/2" 200 67 "https://test2.proid.vn/wp-admin/admin.php?action=installer&_wpnonce=f9d4ba3e66&page=duplicator-pro-tools&tab=diagnostics&subtab=diagnosticsdiagnostic" "Mozilla/5.0 (Windows NT 10.0; Win64; x64) AppleWebKit/537.36 (KHTML, like Gecko) Chrome/146.0.0.0 Safari/537.36"
113.178.44.24 - - [18/Mar/2026:19:37:30 +0700] "POST /wp-admin/admin-ajax.php HTTP/2" 200 31 "https://test2.proid.vn/wp-admin/admin.php?action=installer&_wpnonce=f9d4ba3e66&page=duplicator-pro-tools&tab=diagnostics&subtab=diagnosticsdiagnostic" "Mozilla/5.0 (Windows NT 10.0; Win64; x64) AppleWebKit/537.36 (KHTML, like Gecko) Chrome/146.0.0.0 Safari/537.36"
103.200.23.149 - - [18/Mar/2026:19:37:36 +0700] "POST /wp-cron.php?doing_wp_cron=1773837456.4847180843353271484375 HTTP/1.1" 200 0 "-" "WordPress/6.9.4; https://test2.proid.vn"
103.200.23.149 - - [18/Mar/2026:19:37:35 +0700] "GET /wp-admin/admin-ajax.php?action=wordfence_doScan&isFork=1&scanMode=highsensitivity&cronKey=1529f6319d63b733b7c9d8253698c59c&signature=06ee7c043c341ebf541643101e4234eab1a1ff7eea10b334f51c9ecad74562ee HTTP/1.1" 200 0 "-" "WordPress/6.9.4; https://test2.proid.vn"
103.200.23.149 - - [18/Mar/2026:19:38:25 +0700] "GET /wp-admin/admin-ajax.php?action=wordfence_doScan&isFork=1&scanMode=highsensitivity&cronKey=b986387d60a07658223bcd6c98f2bb16&signature=81c27f9642cdb9f7efe6c45d48bc00ee622b9e7f9acd2dd558b43db2cef5ccb0 HTTP/1.1" 200 0 "-" "WordPress/6.9.4; https://test2.proid.vn"
103.200.23.149 - - [18/Mar/2026:19:39:16 +0700] "POST /wp-cron.php?doing_wp_cron=1773837556.3498609066009521484375 HTTP/1.1" 200 0 "-" "WordPress/6.9.4; https://test2.proid.vn"
103.200.23.149 - - [18/Mar/2026:19:39:15 +0700] "GET /wp-admin/admin-ajax.php?action=wordfence_doScan&isFork=1&scanMode=highsensitivity&cronKey=1b95681d3232787d45bc46c101a7881b&signature=496ea38b0e41637aa069b39879651c713beffe1cb8175c8cafabbd74a3fd6a0e HTTP/1.1" 200 0 "-" "WordPress/6.9.4; https://test2.proid.vn"
113.178.44.24 - - [18/Mar/2026:19:39:27 +0700] "POST /wp-admin/admin-ajax.php HTTP/2" 200 67 "https://test2.proid.vn/wp-admin/admin.php?action=installer&_wpnonce=f9d4ba3e66&page=duplicator-pro-tools&tab=diagnostics&subtab=diagnosticsdiagnostic" "Mozilla/5.0 (Windows NT 10.0; Win64; x64) AppleWebKit/537.36 (KHTML, like Gecko) Chrome/146.0.0.0 Safari/537.36"
113.178.44.24 - - [18/Mar/2026:19:39:30 +0700] "POST /wp-admin/admin-ajax.php HTTP/2" 200 31 "https://test2.proid.vn/wp-admin/admin.php?action=installer&_wpnonce=f9d4ba3e66&page=duplicator-pro-tools&tab=diagnostics&subtab=diagnosticsdiagnostic" "Mozilla/5.0 (Windows NT 10.0; Win64; x64) AppleWebKit/537.36 (KHTML, like Gecko) Chrome/146.0.0.0 Safari/537.36"
103.200.23.149 - - [18/Mar/2026:19:40:06 +0700] "POST /wp-cron.php?doing_wp_cron=1773837606.3735809326171875000000 HTTP/1.1" 200 0 "-" "WordPress/6.9.4; https://test2.proid.vn"
103.200.23.149 - - [18/Mar/2026:19:40:05 +0700] "GET /wp-admin/admin-ajax.php?action=wordfence_doScan&isFork=1&scanMode=highsensitivity&cronKey=4304cbe5edc928fd0e9a45e39f3d1e48&signature=357e72a312aa25f5d9dea5932aa7d39fb7e213cbbea4ff99e7124304de9d8db1 HTTP/1.1" 200 0 "-" "WordPress/6.9.4; https://test2.proid.vn"
103.200.23.149 - - [18/Mar/2026:19:40:55 +0700] "POST /wp-cron.php?doing_wp_cron=1773837655.3504309654235839843750 HTTP/1.1" 200 0 "-" "WordPress/6.9.4; https://test2.proid.vn"
103.200.23.149 - - [18/Mar/2026:19:40:54 +0700] "GET /wp-admin/admin-ajax.php?action=wordfence_doScan&isFork=1&scanMode=highsensitivity&cronKey=39bb954efde6d0ce5e32ac17e534624e&signature=e7ae4ccffeb08731fca04c7ecdd6fdaf16d3444f2bf6d1a404ac2e2f2509d8a5 HTTP/1.1" 200 0 "-" "WordPress/6.9.4; https://test2.proid.vn"
113.178.44.24 - - [18/Mar/2026:19:41:28 +0700] "POST /wp-admin/admin-ajax.php HTTP/2" 200 67 "https://test2.proid.vn/wp-admin/admin.php?action=installer&_wpnonce=f9d4ba3e66&page=duplicator-pro-tools&tab=diagnostics&subtab=diagnosticsdiagnostic" "Mozilla/5.0 (Windows NT 10.0; Win64; x64) AppleWebKit/537.36 (KHTML, like Gecko) Chrome/146.0.0.0 Safari/537.36"
103.200.23.149 - - [18/Mar/2026:19:41:31 +0700] "POST /wp-cron.php?doing_wp_cron=1773837691.2351961135864257812500 HTTP/1.1" 200 0 "-" "WordPress/6.9.4; https://test2.proid.vn"
113.178.44.24 - - [18/Mar/2026:19:41:31 +0700] "POST /wp-admin/admin-ajax.php HTTP/2" 200 31 "https://test2.proid.vn/wp-admin/admin.php?action=installer&_wpnonce=f9d4ba3e66&page=duplicator-pro-tools&tab=diagnostics&subtab=diagnosticsdiagnostic" "Mozilla/5.0 (Windows NT 10.0; Win64; x64) AppleWebKit/537.36 (KHTML, like Gecko) Chrome/146.0.0.0 Safari/537.36"
103.200.23.149 - - [18/Mar/2026:19:41:44 +0700] "POST /wp-cron.php?doing_wp_cron=1773837704.3552100658416748046875 HTTP/1.1" 200 0 "-" "WordPress/6.9.4; https://test2.proid.vn"
103.200.23.149 - - [18/Mar/2026:19:41:43 +0700] "GET /wp-admin/admin-ajax.php?action=wordfence_doScan&isFork=1&scanMode=highsensitivity&cronKey=a2e5ea623ed036e9c9d745ff8cb18be7&signature=a15aec94ea1abe55eb19cb91158288d97894543bbce9c4f49a03020e143c6966 HTTP/1.1" 200 0 "-" "WordPress/6.9.4; https://test2.proid.vn"
103.200.23.149 - - [18/Mar/2026:19:42:32 +0700] "GET /wp-admin/admin-ajax.php?action=wordfence_doScan&isFork=1&scanMode=highsensitivity&cronKey=960b5581f2eb3566a4d81677b8279a5d&signature=5bc4dc9a3d59f8aac6e14652dbc6e7d6c390adfa06cf44d49ad0400f7a71d86f HTTP/1.1" 200 0 "-" "WordPress/6.9.4; https://test2.proid.vn"
103.200.23.149 - - [18/Mar/2026:19:43:23 +0700] "POST /wp-cron.php?doing_wp_cron=1773837803.3507409095764160156250 HTTP/1.1" 200 0 "-" "WordPress/6.9.4; https://test2.proid.vn"
113.178.44.24 - - [18/Mar/2026:19:43:29 +0700] "POST /wp-admin/admin-ajax.php HTTP/2" 200 67 "https://test2.proid.vn/wp-admin/admin.php?action=installer&_wpnonce=f9d4ba3e66&page=duplicator-pro-tools&tab=diagnostics&subtab=diagnosticsdiagnostic" "Mozilla/5.0 (Windows NT 10.0; Win64; x64) AppleWebKit/537.36 (KHTML, like Gecko) Chrome/146.0.0.0 Safari/537.36"
103.200.23.149 - - [18/Mar/2026:19:43:22 +0700] "GET /wp-admin/admin-ajax.php?action=wordfence_doScan&isFork=1&scanMode=highsensitivity&cronKey=7f49ce6b8724e557eaeaea020f91748a&signature=58040a67659a4b5b6207845715f7a22b56b10181056a0e3cec462dcb42c185c3 HTTP/1.1" 200 0 "-" "WordPress/6.9.4; https://test2.proid.vn"
113.178.44.24 - - [18/Mar/2026:19:43:32 +0700] "POST /wp-admin/admin-ajax.php HTTP/2" 200 31 "https://test2.proid.vn/wp-admin/admin.php?action=installer&_wpnonce=f9d4ba3e66&page=duplicator-pro-tools&tab=diagnostics&subtab=diagnosticsdiagnostic" "Mozilla/5.0 (Windows NT 10.0; Win64; x64) AppleWebKit/537.36 (KHTML, like Gecko) Chrome/146.0.0.0 Safari/537.36"
103.200.23.149 - - [18/Mar/2026:19:44:13 +0700] "POST /wp-cron.php?doing_wp_cron=1773837853.3666770458221435546875 HTTP/1.1" 200 0 "-" "WordPress/6.9.4; https://test2.proid.vn"
103.200.23.149 - - [18/Mar/2026:19:44:12 +0700] "GET /wp-admin/admin-ajax.php?action=wordfence_doScan&isFork=1&scanMode=highsensitivity&cronKey=2de7d37c44c710742f0a76da308d3a91&signature=b61236ef045ae6217087b2ddf011d6081ba1f9752e1c2193f4c5b57c4969f357 HTTP/1.1" 200 0 "-" "WordPress/6.9.4; https://test2.proid.vn"
103.200.23.149 - - [18/Mar/2026:19:45:03 +0700] "POST /wp-cron.php?doing_wp_cron=1773837903.3688449859619140625000 HTTP/1.1" 200 0 "-" "WordPress/6.9.4; https://test2.proid.vn"
103.200.23.149 - - [18/Mar/2026:19:45:02 +0700] "GET /wp-admin/admin-ajax.php?action=wordfence_doScan&isFork=1&scanMode=highsensitivity&cronKey=49ab2f038ef4306ffe65922776d624de&signature=2ef87afe3e7a2ae89189d32b4b7de35db2c6f9253b584e40e82ec054ef575823 HTTP/1.1" 200 0 "-" "WordPress/6.9.4; https://test2.proid.vn"
113.178.44.24 - - [18/Mar/2026:19:45:30 +0700] "POST /wp-admin/admin-ajax.php HTTP/2" 200 67 "https://test2.proid.vn/wp-admin/admin.php?action=installer&_wpnonce=f9d4ba3e66&page=duplicator-pro-tools&tab=diagnostics&subtab=diagnosticsdiagnostic" "Mozilla/5.0 (Windows NT 10.0; Win64; x64) AppleWebKit/537.36 (KHTML, like Gecko) Chrome/146.0.0.0 Safari/537.36"
103.200.23.149 - - [18/Mar/2026:19:45:33 +0700] "POST /wp-cron.php?doing_wp_cron=1773837933.8637878894805908203125 HTTP/1.1" 200 0 "-" "WordPress/6.9.4; https://test2.proid.vn"
113.178.44.24 - - [18/Mar/2026:19:45:34 +0700] "POST /wp-admin/admin-ajax.php HTTP/2" 200 31 "https://test2.proid.vn/wp-admin/admin.php?action=installer&_wpnonce=f9d4ba3e66&page=duplicator-pro-tools&tab=diagnostics&subtab=diagnosticsdiagnostic" "Mozilla/5.0 (Windows NT 10.0; Win64; x64) AppleWebKit/537.36 (KHTML, like Gecko) Chrome/146.0.0.0 Safari/537.36"
103.200.23.149 - - [18/Mar/2026:19:45:53 +0700] "POST /wp-cron.php?doing_wp_cron=1773837953.3855159282684326171875 HTTP/1.1" 200 0 "-" "WordPress/6.9.4; https://test2.proid.vn"
103.200.23.149 - - [18/Mar/2026:19:45:52 +0700] "GET /wp-admin/admin-ajax.php?action=wordfence_doScan&isFork=1&scanMode=highsensitivity&cronKey=9d474211c321a21c5b1e781e45c17051&signature=156184ead141ec76cf402d904829cf19460aa22a4a330bc8c5b731c073c31016 HTTP/1.1" 200 0 "-" "WordPress/6.9.4; https://test2.proid.vn"
103.200.23.149 - - [18/Mar/2026:19:46:42 +0700] "POST /wp-cron.php?doing_wp_cron=1773838002.4120879173278808593750 HTTP/1.1" 200 0 "-" "WordPress/6.9.4; https://test2.proid.vn"
103.200.23.149 - - [18/Mar/2026:19:46:41 +0700] "GET /wp-admin/admin-ajax.php?action=wordfence_doScan&isFork=1&scanMode=highsensitivity&cronKey=a59c2cffb9f23f57ba05a194fc4bec25&signature=d272975b05c16594f943dd1619674b1fb539b085415345de0e66dcae48f8e175 HTTP/1.1" 200 0 "-" "WordPress/6.9.4; https://test2.proid.vn"
103.200.23.149 - - [18/Mar/2026:19:47:33 +0700] "POST /wp-cron.php?doing_wp_cron=1773838053.3565599918365478515625 HTTP/1.1" 200 0 "-" "WordPress/6.9.4; https://test2.proid.vn"
113.178.44.24 - - [18/Mar/2026:19:47:31 +0700] "POST /wp-admin/admin-ajax.php HTTP/2" 200 67 "https://test2.proid.vn/wp-admin/admin.php?action=installer&_wpnonce=f9d4ba3e66&page=duplicator-pro-tools&tab=diagnostics&subtab=diagnosticsdiagnostic" "Mozilla/5.0 (Windows NT 10.0; Win64; x64) AppleWebKit/537.36 (KHTML, like Gecko) Chrome/146.0.0.0 Safari/537.36"
103.200.23.149 - - [18/Mar/2026:19:47:37 +0700] "POST /wp-cron.php?doing_wp_cron=1773838057.7895600795745849609375 HTTP/1.1" 200 0 "-" "WordPress/6.9.4; https://test2.proid.vn"
113.178.44.24 - - [18/Mar/2026:19:47:37 +0700] "POST /wp-admin/admin-ajax.php HTTP/2" 200 31 "https://test2.proid.vn/wp-admin/admin.php?action=installer&_wpnonce=f9d4ba3e66&page=duplicator-pro-tools&tab=diagnostics&subtab=diagnosticsdiagnostic" "Mozilla/5.0 (Windows NT 10.0; Win64; x64) AppleWebKit/537.36 (KHTML, like Gecko) Chrome/146.0.0.0 Safari/537.36"
103.200.23.149 - - [18/Mar/2026:19:47:32 +0700] "GET /wp-admin/admin-ajax.php?action=wordfence_doScan&isFork=1&scanMode=highsensitivity&cronKey=b55c9cf8fac8e3532fd02292dd6dad01&signature=19d161232902396bc265a31c8280dd24a37a2dfca0e39e398cebc85a601585e6 HTTP/1.1" 200 0 "-" "WordPress/6.9.4; https://test2.proid.vn"
171.251.153.55 - - [18/Mar/2026:19:48:21 +0700] "GET /wp-content/plugins/gutena-accordion/build/view.js?ver=5ee49e43fe188c4120bb HTTP/2" 304 0 "https://test2.proid.vn/?my-pro-id=proideefb94b2" "Mozilla/5.0 (Linux; Android 10; K) AppleWebKit/537.36 (KHTML, like Gecko) Chrome/146.0.0.0 Mobile Safari/537.36"
171.251.153.55 - - [18/Mar/2026:19:48:21 +0700] "GET /wp-includes/js/jquery/jquery.min.js?ver=3.7.1 HTTP/2" 304 0 "https://test2.proid.vn/?my-pro-id=proideefb94b2" "Mozilla/5.0 (Linux; Android 10; K) AppleWebKit/537.36 (KHTML, like Gecko) Chrome/146.0.0.0 Mobile Safari/537.36"
171.251.153.55 - - [18/Mar/2026:19:48:21 +0700] "GET /wp-includes/js/jquery/jquery-migrate.min.js?ver=3.4.1 HTTP/2" 304 0 "https://test2.proid.vn/?my-pro-id=proideefb94b2" "Mozilla/5.0 (Linux; Android 10; K) AppleWebKit/537.36 (KHTML, like Gecko) Chrome/146.0.0.0 Mobile Safari/537.36"
171.251.153.55 - - [18/Mar/2026:19:48:21 +0700] "GET /wp-content/plugins/elementor-pro/assets/js/page-transitions.min.js?ver=3.35.1 HTTP/2" 304 0 "https://test2.proid.vn/?my-pro-id=proideefb94b2" "Mozilla/5.0 (Linux; Android 10; K) AppleWebKit/537.36 (KHTML, like Gecko) Chrome/146.0.0.0 Mobile Safari/537.36"
171.251.153.55 - - [18/Mar/2026:19:48:14 +0700] "GET /?my-pro-id=proideefb94b2 HTTP/2" 200 979015 "-" "Mozilla/5.0 (Linux; Android 10; K) AppleWebKit/537.36 (KHTML, like Gecko) Chrome/146.0.0.0 Mobile Safari/537.36"
171.251.153.55 - - [18/Mar/2026:19:48:21 +0700] "GET /wp-content/plugins/woocommerce/assets/js/jquery-blockui/jquery.blockUI.min.js?ver=2.7.0-wc.8.6.3 HTTP/2" 304 0 "https://test2.proid.vn/?my-pro-id=proideefb94b2" "Mozilla/5.0 (Linux; Android 10; K) AppleWebKit/537.36 (KHTML, like Gecko) Chrome/146.0.0.0 Mobile Safari/537.36"
171.251.153.55 - - [18/Mar/2026:19:48:21 +0700] "GET /wp-content/plugins/woocommerce/assets/js/frontend/add-to-cart.min.js?ver=8.6.3 HTTP/2" 304 0 "https://test2.proid.vn/?my-pro-id=proideefb94b2" "Mozilla/5.0 (Linux; Android 10; K) AppleWebKit/537.36 (KHTML, like Gecko) Chrome/146.0.0.0 Mobile Safari/537.36"
171.251.153.55 - - [18/Mar/2026:19:48:22 +0700] "GET /wp-content/plugins/woocommerce/assets/js/js-cookie/js.cookie.min.js?ver=2.1.4-wc.8.6.3 HTTP/2" 304 0 "https://test2.proid.vn/?my-pro-id=proideefb94b2" "Mozilla/5.0 (Linux; Android 10; K) AppleWebKit/537.36 (KHTML, like Gecko) Chrome/146.0.0.0 Mobile Safari/537.36"
